-- Table structure for table `contatos_node_revision`
--

CREATE TABLE `contatos_node_revision` (
  `nid` int(10) unsigned NOT NULL DEFAULT '0' COMMENT 'The contatos_node this version belongs to.',
  `vid` int(10) unsigned NOT NULL AUTO_INCREMENT COMMENT 'The primary identifier for this version.',
  `uid` int(11) NOT NULL DEFAULT '0' COMMENT 'The contatos_users.uid that created this version.',
  `title` varchar(255) NOT NULL DEFAULT '' COMMENT 'The title of this version.',
  `log` longtext NOT NULL COMMENT 'The log entry explaining the changes in this version.',
  `timestamp` int(11) NOT NULL DEFAULT '0' COMMENT 'A Unix timestamp indicating when this version was created.',
  `status` int(11) NOT NULL DEFAULT '1' COMMENT 'Boolean indicating whether the node (at the time of this revision) is published (visible to non-administrators).',
  `comment` int(11) NOT NULL DEFAULT '0' COMMENT 'Whether comments are allowed on this node (at the time of this revision): 0 = no, 1 = closed (read only), 2 = open (read/write).',
  `promote` int(11) NOT NULL DEFAULT '0' COMMENT 'Boolean indicating whether the node (at the time of this revision) should be displayed on the front page.',
  `sticky` int(11) NOT NULL DEFAULT '0' COMMENT 'Boolean indicating whether the node (at the time of this revision) should be displayed at the top of lists in which it appears.',
  PRIMARY KEY (`vid`),
  KEY `nid` (`nid`),
  KEY `uid` (`uid`)
) ENGINE=InnoDB AUTO_INCREMENT=220 DEFAULT CHARSET=utf8 COMMENT='Stores information about each saved version of a contatos...';

--
-- Dumping data for table `contatos_node_revision`
--

INSERT INTO `contatos_node_revision` VALUES (1,1,1,'Diretoria','',1386352371,1,1,0,0),(2,2,1,'Coordenador','',1386352881,1,1,0,0),(3,3,1,'Estagiário','',1386352897,1,1,0,0),(4,4,1,'Trainee','',1386352933,1,1,0,0),(5,5,1,'Coordenadores','',1386353078,1,1,0,0),(6,6,1,'Mídias Sociais','',1386353105,1,1,0,0),(7,7,1,'Observatório da Web','',1386353125,1,1,0,0),(8,8,1,'Estagiários do Jornalismo','',1386353201,1,1,0,0),(9,9,1,'Estagiários da Produção','',1386353225,1,1,0,0),(10,10,1,'Estagiários da Programação Musical','',1386353273,1,1,0,0),(11,11,1,'Estagiário Publicidade e Propaganda','',1386353300,1,1,0,0),(12,12,1,'Estagiários da Engenharia','',1386353323,1,1,0,0),(13,13,1,'Ilha de Edição','',1386353343,1,1,0,0),(14,14,1,'Cinegrafistas e Equipe de Estúdio','',1386353421,1,1,0,0),(15,15,1,'Projeto Transmídia: Espaços cívicos virtuais','',1386353538,1,1,0,0),(16,16,1,'Projeto Imagens do Conhecimento','',1386353655,1,1,0,0),(17,17,1,'Projeto Repositório de Comunicação \"Acervo Fotográfico\"','',1386353712,1,1,0,0),(18,18,1,'Projeto Pílulas de Ciências II','',1386353740,1,1,0,0),(19,19,1,'Projeto Ciência para Ler e Ouvir','',1386353798,1,1,0,0),(20,20,1,'Programa Ritmos da Ciência','',1386353827,1,1,0,0),(21,21,1,'Projeto \"Gastronomia\"','',1386353851,1,1,0,0),(22,22,1,'Programa de Rádio \"Canta Cantos\"','',1386353873,1,1,0,0),(23,23,1,'Projeto Ponto Ciência','',1386353899,1,1,0,0),(24,24,1,'Programa de Rádio \"Decantando a República\"','',1386353919,1,1,0,0),(25,25,1,'Programas \"Fala Bichos\" e \"De Olho nos Bichos\"','',1386353944,1,1,0,0),(26,26,1,'Projeto Universidade das Crianças','',1386353964,1,1,0,0),(28,28,1,'Secretaria','',1386357006,1,1,0,0),(29,29,1,'Planejamento','',1386593656,1,1,0,0),(30,30,1,'Comunicação Interna','',1386357128,1,1,0,0),(31,31,1,'Assessoria de Imprensa','',1386357163,1,1,0,0),(32,32,1,'Agência de Notícias','',1386357273,1,1,0,0),(33,33,1,'Diretoria Web','',1393247917,1,1,0,0),(34,34,1,'Rádio UFMG Educativa','',1386357400,1,1,0,0),(35,35,1,'TV UFMG','',1386358331,1,1,0,0),(36,36,1,'Coordenadoria de Comunicação Científica','',1386358375,1,1,0,0),(37,37,1,'Núcleo de Comunicação e Acessibilidades','',1386358478,1,1,0,0),(38,38,1,'Núcleo de Divulgação Científica','',1386358529,1,1,0,0),(39,39,1,'Valéria de Fátima Raimundo','',1386592297,1,1,0,0),(40,40,1,'Diretoria','',1386591551,1,1,0,0),(41,41,1,'Tacyana Arce','',1408366837,1,1,0,0),(42,42,1,'Kiko Ferreira','',1391440850,1,1,0,0),(43,43,1,'Ana Maria Vieira','',1408366524,1,1,0,0),(44,44,1,'Adriana Lemos','',1387398988,1,1,0,0),(45,45,1,'Ana Paula D. Vieira','',1387399290,1,1,0,0),(46,46,1,'Bia Starling','',1387399274,1,1,0,0),(47,47,1,'Cristiana Klimsa','',1387399259,1,1,0,0),(48,48,1,'Elias Santos','',1387399208,1,1,0,0),(49,49,1,'Flávio Almeida','',1387399192,1,1,0,0),(50,50,1,'Foca Lisboa','',1406226020,1,1,0,0),(52,52,1,'Juliana Botelho','',1387399130,1,1,0,0),(53,53,1,'Marcelo Lustosa','',1387399037,1,1,0,0),(54,54,1,'Criação Gráfica','',1386593635,1,1,0,0),(55,55,1,'Melissa Cardoso Soares','',1387399019,1,1,0,0),(56,56,1,'Patrícia Dutra','',1387399107,1,1,0,0),(57,57,1,'Sandra Patrícia A. Cruz','',1387399083,1,1,0,0),(58,58,1,'Adilson Ferreira Miranda ','',1386594618,1,1,0,0),(59,59,1,'Funcionário','',1386594190,1,1,0,0),(60,60,1,'Blima Carvalho Otte','',1386594714,1,1,0,0),(61,61,1,'Elza de Fátima','',1386594778,1,1,0,0),(62,62,1,'Jacqueline Conceição Rosa ','',1386594863,1,1,0,0),(63,63,1,'José Daniel Pereira','',1386594934,1,1,0,0),(64,64,1,'Maria Suely Meireles','',1386595013,1,1,0,0),(65,65,1,'Edina de carvalho','',1386595087,1,1,0,0),(66,66,1,'Ludmila Serra','',1386595237,1,1,0,0),(67,67,1,'Matheus Ramos','',1386595300,1,1,0,0),(68,68,1,'Geraldo Magella Perpétuo ','',1386595535,1,1,0,0),(69,69,1,'Gina de Souza Nogueira','',1386595620,1,1,0,0),(70,70,1,'Romero Harlem Morais','',1386595695,1,1,0,0),(71,71,1,'Luciano Baeta','',1386595764,1,1,0,0),(72,72,1,'Leonardo Ruas','',1386595830,1,1,0,0),(73,73,1,'Juliana Fernandes','',1386595959,1,1,0,0),(74,74,1,'Daniel De Carvalho','',1386596010,1,1,0,0),(75,75,1,'Victória Cheberle','',1400265378,1,1,0,0),(76,76,1,'Anny Lima','',1386596219,1,1,0,0),(77,77,1,'Ana Luisa Macedo','',1386596316,1,1,0,0),(78,78,1,'Home','',1388439458,1,1,1,0),(79,79,1,'Endereço','',1388668590,1,1,0,0),(80,80,1,'Tatiana Palhares de Souza','',1388757850,1,1,0,0),(81,81,1,'Teresa Pricila Sanches','',1388758092,1,1,0,0),(82,82,1,'Carlos Eduardo Maia','',1388758196,1,1,0,0),(83,83,1,'Mariana Oliveira','',1388758327,1,1,0,0),(84,84,1,'Isabela Cardoso','',1388758411,1,1,0,0),(85,85,1,'Ana Rita Araújo Silva','',1388759314,1,1,0,0),(86,86,1,'Itamar Rigueira Júnior','',1388759407,1,1,0,0),(87,87,1,'Ewerton Ribeiro Martins','',1388759488,1,1,0,0),(88,88,1,'Luana Macieira','',1388759789,1,1,0,0),(89,89,1,'Matheus Espíndola','',1388759878,1,1,0,0),(90,90,1,'Bárbara Pansardi','',1388760821,1,1,0,0),(91,91,1,'Luana E. M. Santos','',1388760913,1,1,0,0),(92,92,1,'Paulo Henrique M. Santos','',1388761053,1,1,0,0),(93,93,1,'Sarah Dutra','',1406226140,1,1,0,0),(94,94,1,'Helton Santos','',1388767049,1,1,0,0),(95,95,1,'Lucas Braga','',1388767133,1,1,0,0),(96,96,1,'Isabel Cristina de Oliveira','',1388767299,1,1,0,0),(97,97,1,'Artur Ap. Silva','',1388767383,1,1,0,0),(98,98,1,'Marcos Cerqueira Melo','',1388767465,1,1,0,0),(99,99,1,'Pedro Nogueira','',1388767566,1,1,0,0),(100,100,1,'Luiza Nathália de Carvalho','',1388767731,1,1,0,0),(101,101,1,'Fernando Eustáquio Guedes','',1388767992,1,1,0,0),(102,102,1,'Christianne Albuquerque','',1388768159,1,1,0,0),(103,103,1,'Pedro Zampier','',1388768376,1,1,0,0),(104,104,1,'Thiago Zacheu','',1401920507,1,1,0,0),(105,105,1,'Cláudio Zazá','',1388768740,1,1,0,0),(106,106,1,'Cleiber Pacífico','',1388769130,1,1,0,0),(107,107,1,'Felipe Assumpção','',1388769218,1,1,0,0),(108,108,1,'Gilberto Correa','',1388769340,1,1,0,0),(109,109,1,'Filipe Sartoreto','',1388769418,1,1,0,0),(110,110,1,'Judson Porto','',1388769526,1,1,0,0),(111,111,1,'Paulo Cesar Ribas','',1388769617,1,1,0,0),(112,112,1,'Paula Alkmim','',1388769734,1,1,0,0),(113,113,1,'Luiza Glória','',1388769800,1,1,0,0),(114,114,1,'Rosaly Senra','',1388769921,1,1,0,0),(115,115,1,'Samuel Rosa Tou','',1388770029,1,1,0,0),(116,116,1,'Soraya Fideles','',1388770137,1,1,0,0),(117,117,1,'Tiago França','',1388770211,1,1,0,0),(118,118,1,'Vinicius Luiz','',1388770301,1,1,0,0),(119,119,1,'Daniel Leite','',1388770392,1,1,0,0),(120,120,1,'Vanessa Bugre','',1388770560,1,1,0,0),(121,121,1,'Rodrigo Mantini','',1388770643,1,1,0,0),(122,122,1,'Jéssika Viveiros','',1388770723,1,1,0,0),(123,123,1,'Lucas Pavanelli','',1388770808,1,1,0,0),(124,124,1,'Laura Marques de Oliveira','',1388770951,1,1,0,0),(125,125,1,'Luana Assis','',1388771104,1,1,0,0),(126,126,1,'Gabriela Terenzi','',1388771198,1,1,0,0),(127,127,1,'Letícia Fontes','',1388771348,1,1,0,0),(128,128,1,'Raquel Miranda','',1388771527,1,1,0,0),(129,129,1,'Saulo Gargiulo Gonçalves','',1388771607,1,1,0,0),(130,130,1,'Thaiane Carvalho','',1388771698,1,1,0,0),(131,131,1,'Luciano Costa Vieira','',1388771802,1,1,0,0),(132,132,1,'Larissa Flores','',1388771906,1,1,0,0),(133,133,1,'Luiz Felipe Nunes','',1388771965,1,1,0,0),(134,134,1,'Rafael Miguel Silva','',1388772134,1,1,0,0),(135,135,1,'Yolanda Assunção','',1388772257,1,1,0,0),(136,136,1,'Ana Carolina Gomes','',1388772317,1,1,0,0),(137,137,1,'Rafael Andrade','',1388772380,1,1,0,0),(138,138,1,'Maíra Souto','',1388772441,1,1,0,0),(139,139,1,'Ana Paula Fagundes Mattos','',1388772509,1,1,0,0),(140,140,1,'Maria Luiza Gonçalves','',1388772588,1,1,0,0),(141,141,1,'Sandra Leão','',1388772691,1,1,0,0),(142,142,1,'Nina Goulart','',1388772781,1,1,0,0),(143,143,1,'Daniel Arcanjo Santana','',1388772918,1,1,0,0),(144,144,1,'José Perigolo','',1388773012,1,1,0,0),(145,145,1,'Ana Luiza Fatorelli','',1388773211,1,1,0,0),(146,146,1,'Ariane Gervásio','',1388773386,1,1,0,0),(147,147,1,'Flávia Lovisi','',1388773514,1,1,0,0),(148,148,1,'Maitê Rugel','',1388773828,1,1,0,0),(149,149,1,'Olívia Resende','',1388773923,1,1,0,0),(150,150,1,'Ian Lara','',1388774035,1,1,0,0),(151,151,1,'Janaina Coelho Elias (jornalista)','',1388774346,1,1,0,0),(152,152,1,'Márcio Sá (maquiador)','',1388774281,1,1,0,0),(153,153,1,'Flávia Moraes (coordenadora de produção)','',1388774425,1,1,0,0),(154,154,1,'Osger Machado (responsável técnico)','',1388774505,1,1,0,0),(155,155,1,'Renata Valentim Gomes (Editora de texto)','',1388774585,1,1,0,0),(156,156,1,'Ruleandson do Carmo (editor Circuito)','',1388774665,1,1,0,0),(157,157,1,'Bruno Lobo Leite Michel (editor de imagens)','',1388774764,1,1,0,0),(158,158,1,'Elton Lizardo (editor de TV)','',1388774862,1,1,0,0),(159,159,1,'Higor Tadeu','',1388775110,1,1,0,0),(160,160,1,'Gustavo Guimarães Pio','',1388775179,1,1,0,0),(161,161,1,'Igor Antunes','',1388775272,1,1,0,0),(162,162,1,'Luiz Henrique Vieira','',1388775343,1,1,0,0),(163,163,1,'Wagner Bretas','',1388775405,1,1,0,0),(164,164,1,'David Duarte (edição)','',1388775478,1,1,0,0),(165,165,1,'Antônio Geraldo Soares (cinegrafista)','',1388775622,1,1,0,0),(166,166,1,'Gustavo Henrique (cinegrafista de estúdio)','',1388775735,1,1,0,0),(167,167,1,'Tatiane Coura','',1388775793,1,1,0,0),(168,168,1,'Mário Quinaud (Magro) – (luz e fotografia)','',1388775910,1,1,0,0),(169,169,1,'Márcia Milagre (direção de imagem)','',1388776008,1,1,0,0),(170,170,1,'Ravik Gomes','',1388776132,1,1,0,0),(171,171,1,'Samuel Vale (cinegrafista)','',1388776215,1,1,0,0),(172,172,1,'Peter Abram','',1388776287,1,1,0,0),(173,173,1,'Matheus Arvelos','',1388776449,1,1,0,0),(174,174,1,'Franco Malheiro','',1388776524,1,1,0,0),(175,175,1,'Leandro Lourenço','',1388776702,1,1,0,0),(176,176,1,'Bremmer Guimarães','',1388776774,1,1,0,0),(177,177,1,'Victor Azevedo Lambertucci','',1388776869,1,1,0,0),(178,178,1,'Luiz Mota','',1388776972,1,1,0,0),(179,179,1,'Bruno Camargos','',1388777048,1,1,0,0),(180,180,1,'Gabriel Ortiz','',1388777114,1,1,0,0),(181,181,1,'Jéssica Saliba','',1388777190,1,1,0,0),(182,182,1,'Lígia Oliveira','',1388777798,1,1,0,0),(183,183,1,'Leonardo Vieira','',1388777877,1,1,0,0),(184,184,1,'Melissa Gomes','',1388777927,1,1,0,0),(185,185,1,'Luana Arcuri','',1388777987,1,1,0,0),(186,186,1,'Jennifer Gonçalves','',1388778100,1,1,0,0),(187,187,1,'Ernani Couto','',1388778156,1,1,0,0),(188,188,1,'Carolina Moura','',1388778214,1,1,0,0),(189,189,1,'Agatha de Souza Azevedo','',1388778266,1,1,0,0),(190,190,1,'Isabella Melano','',1388778315,1,1,0,0),(191,191,1,'Isabela Fernanda','',1388778368,1,1,0,0),(192,192,1,'Glaucia Faria (Produtora)','',1388778645,1,1,0,0),(193,193,1,'Fernanda Neiva (Bolsista)','',1388778732,1,1,0,0),(194,194,1,'Leonardo Chalub (Produtor)','',1388778831,1,1,0,0),(195,195,1,'Sônia Carvalho (Idealizadora)','',1388778924,1,1,0,0),(196,196,1,'Alexandre Leão (Professor Orientador)','',1388779013,1,1,0,0),(197,197,1,'Clara Vasconcellos (bolsista)','',1388779093,1,1,0,0),(198,198,1,'Ana Cláudia Maiolini (bolsista)','',1388779239,1,1,0,0),(199,199,1,'Cinthia Procópio (Bolsista)','',1388779427,1,1,0,0),(200,200,1,'Josué Benvindo (Bolsista)','',1388779966,1,1,0,0),(201,201,1,'Isabela Meireles','',1388780064,1,1,0,0),(202,202,1,'Juliana Diniz (Bolsista)','',1388780197,1,1,0,0),(203,203,1,'Thiago de Oliveira (Bolsista)','',1388780275,1,1,0,0),(204,204,1,'Adlane Vilas Boas (Profª. ICB / Na Onda da Vida)','',1388780386,1,1,0,0),(205,205,1,'Mariana Muchon','',1388780487,1,1,0,0),(206,206,1,'João Pedro Campana (Bolsista)','',1388780559,1,1,0,0),(207,207,1,'Sara Meynard Begname (Bolsista)','',1388780637,1,1,0,0),(208,208,1,'Diretoria de Comunicação Integrada','',1391440599,1,1,0,0),(209,209,1,'Diretoria Multimídia','',1391440796,1,1,0,0),(210,210,1,'Davi Figueiredo Sousa','',1401919582,1,1,0,0),(211,211,1,'Débora Goulart da Silva Duque','',1401919764,1,1,0,0),(212,212,1,'Gabriela Lopes Macedo','',1401919870,1,1,0,0),(213,213,1,'Izabelly Alexandre dos Passos','',1401919929,1,1,0,0),(214,214,1,'Larissa Diniz Peixoto Góes','',1401920029,1,1,0,0),(215,215,1,'Lívia Gomes Laudares','',1401920103,1,1,0,0),(216,216,1,'Lucas Taidson de Freitas Severino','',1401920190,1,1,0,0),(217,217,1,'Stephanie Joyce Correa Cunha','',1401920359,1,1,0,0),(218,218,1,'Fotógrafo','',1406226310,1,1,0,0),(219,219,1,'Estagiário fotografia','',1406225930,1,1,0,0);

--
-- Table structure for table `contatos_node_type`
--

CREATE TABLE `contatos_node_type` (
  `type` varchar(32) NOT NULL COMMENT 'The machine-readable name of this type.',
  `name` varchar(255) NOT NULL DEFAULT '' COMMENT 'The human-readable name of this type.',
  `base` varchar(255) NOT NULL COMMENT 'The base string used to construct callbacks corresponding to this node type.',
  `module` varchar(255) NOT NULL COMMENT 'The module defining this node type.',
  `description` mediumtext NOT NULL COMMENT 'A brief description of this type.',
  `help` mediumtext NOT NULL COMMENT 'Help information shown to the user when creating a contatos_node of this type.',
  `has_title` tinyint(3) unsigned NOT NULL COMMENT 'Boolean indicating whether this type uses the contatos_node.title field.',
  `title_label` varchar(255) NOT NULL DEFAULT '' COMMENT 'The label displayed for the title field on the edit form.',
  `custom` tinyint(4) NOT NULL DEFAULT '0' COMMENT 'A boolean indicating whether this type is defined by a module (FALSE) or by a user via Add content type (TRUE).',
  `modified` tinyint(4) NOT NULL DEFAULT '0' COMMENT 'A boolean indicating whether this type has been modified by an administrator; currently not used in any way.',
  `locked` tinyint(4) NOT NULL DEFAULT '0' COMMENT 'A boolean indicating whether the administrator can change the machine name of this type.',
  `disabled` tinyint(4) NOT NULL DEFAULT '0' COMMENT 'A boolean indicating whether the node type is disabled.',
  `orig_type` varchar(255) NOT NULL DEFAULT '' COMMENT 'The original machine-readable name of this node type. This may be different from the current type name if the locked field is 0.',
  PRIMARY KEY (`type`)
) ENGINE=InnoDB DEFAULT CHARSET=utf8 COMMENT='Stores information about all defined contatos_node types.';

--
-- Dumping data for table `contatos_node_type`
--

INSERT INTO `contatos_node_type` VALUES ('article','Article','node_content','node','Use <em>articles</em> for time-sensitive content like news, press releases or blog posts.','',1,'Title',1,1,0,0,'article'),('cargo_projeto','Cargo/Projeto','node_content','node','','',1,'Title',1,1,0,0,'cargo'),('page','Basic page','node_content','node','Use <em>basic pages</em> for your static content, such as an \'About us\' page.','',1,'Title',1,1,0,0,'page'),('pessoa','Pessoa','node_content','node','Pessoas que trabalham no Cedecom','',1,'Nome',1,1,0,0,'pessoa'),('setor','Setor','node_content','node','','',1,'Title',1,1,0,0,'setor');

--
-- Table structure for table `contatos_queue`
--

CREATE TABLE `contatos_queue` (
  `item_id` int(10) unsigned NOT NULL AUTO_INCREMENT COMMENT 'Primary Key: Unique item ID.',
  `name` varchar(255) NOT NULL DEFAULT '' COMMENT 'The queue name.',
  `data` longblob COMMENT 'The arbitrary data for the item.',
  `expire` int(11) NOT NULL DEFAULT '0' COMMENT 'Timestamp when the claim lease expires on the item.',
  `created` int(11) NOT NULL DEFAULT '0' COMMENT 'Timestamp when the item was created.',
  PRIMARY KEY (`item_id`),
  KEY `name_created` (`name`,`created`),
  KEY `expire` (`expire`)
) ENGINE=InnoDB AUTO_INCREMENT=49 DEFAULT CHARSET=utf8 COMMENT='Stores items in queues.';

--
-- Dumping data for table `contatos_queue`
--

INSERT INTO `contatos_queue` VALUES (47,'update_fetch_tasks','a:8:{s:4:\"name\";s:10:\"references\";s:4:\"info\";a:6:{s:4:\"name\";s:14:\"Node Reference\";s:7:\"package\";s:6:\"Fields\";s:7:\"version\";s:7:\"7.x-2.1\";s:7:\"project\";s:10:\"references\";s:9:\"datestamp\";s:10:\"1360265821\";s:16:\"_info_file_ctime\";i:1431257216;}s:9:\"datestamp\";s:10:\"1360265821\";s:8:\"includes\";a:3:{s:14:\"node_reference\";s:14:\"Node Reference\";s:10:\"references\";s:10:\"References\";s:14:\"user_reference\";s:14:\"User Reference\";}s:12:\"project_type\";s:6:\"module\";s:14:\"project_status\";b:1;s:10:\"sub_themes\";a:0:{}s:11:\"base_themes\";a:0:{}}',0,1461189064),(48,'update_fetch_tasks','a:8:{s:4:\"name\";s:5:\"views\";s:4:\"info\";a:6:{s:4:\"name\";s:5:\"Views\";s:7:\"package\";s:5:\"Views\";s:7:\"version\";s:7:\"7.x-3.8\";s:7:\"project\";s:5:\"views\";s:9:\"datestamp\";s:10:\"1400618928\";s:16:\"_info_file_ctime\";i:1431257217;}s:9:\"datestamp\";s:10:\"1400618928\";s:8:\"includes\";a:2:{s:5:\"views\";s:5:\"Views\";s:8:\"views_ui\";s:8:\"Views UI\";}s:12:\"project_type\";s:6:\"module\";s:14:\"project_status\";b:1;s:10:\"sub_themes\";a:0:{}s:11:\"base_themes\";a:0:{}}',0,1461189064);

--
-- Table structure for table `contatos_rdf_mapping`
--

CREATE TABLE `contatos_rdf_mapping` (
  `type` varchar(128) NOT NULL COMMENT 'The name of the entity type a mapping applies to (node, user, comment, etc.).',
  `bundle` varchar(128) NOT NULL COMMENT 'The name of the bundle a mapping applies to.',
  `mapping` longblob COMMENT 'The serialized mapping of the bundle type and fields to RDF terms.',
  PRIMARY KEY (`type`,`bundle`)
) ENGINE=InnoDB DEFAULT CHARSET=utf8 COMMENT='Stores custom RDF mappings for user defined content types...';

--
-- Dumping data for table `contatos_rdf_mapping`
--

INSERT INTO `contatos_rdf_mapping` VALUES ('node','article','a:11:{s:11:\"field_image\";a:2:{s:10:\"predicates\";a:2:{i:0;s:8:\"og:image\";i:1;s:12:\"rdfs:seeAlso\";}s:4:\"type\";s:3:\"rel\";}s:10:\"field_tags\";a:2:{s:10:\"predicates\";a:1:{i:0;s:10:\"dc:subject\";}s:4:\"type\";s:3:\"rel\";}s:7:\"rdftype\";a:2:{i:0;s:9:\"sioc:Item\";i:1;s:13:\"foaf:Document\";}s:5:\"title\";a:1:{s:10:\"predicates\";a:1:{i:0;s:8:\"dc:title\";}}s:7:\"created\";a:3:{s:10:\"predicates\";a:2:{i:0;s:7:\"dc:date\";i:1;s:10:\"dc:created\";}s:8:\"datatype\";s:12:\"xsd:dateTime\";s:8:\"callback\";s:12:\"date_iso8601\";}s:7:\"changed\";a:3:{s:10:\"predicates\";a:1:{i:0;s:11:\"dc:modified\";}s:8:\"datatype\";s:12:\"xsd:dateTime\";s:8:\"callback\";s:12:\"date_iso8601\";}s:4:\"body\";a:1:{s:10:\"predicates\";a:1:{i:0;s:15:\"content:encoded\";}}s:3:\"uid\";a:2:{s:10:\"predicates\";a:1:{i:0;s:16:\"sioc:has_creator\";}s:4:\"type\";s:3:\"rel\";}s:4:\"name\";a:1:{s:10:\"predicates\";a:1:{i:0;s:9:\"foaf:name\";}}s:13:\"comment_count\";a:2:{s:10:\"predicates\";a:1:{i:0;s:16:\"sioc:num_replies\";}s:8:\"datatype\";s:11:\"xsd:integer\";}s:13:\"last_activity\";a:3:{s:10:\"predicates\";a:1:{i:0;s:23:\"sioc:last_activity_date\";}s:8:\"datatype\";s:12:\"xsd:dateTime\";s:8:\"callback\";s:12:\"date_iso8601\";}}'),('node','page','a:9:{s:7:\"rdftype\";a:1:{i:0;s:13:\"foaf:Document\";}s:5:\"title\";a:1:{s:10:\"predicates\";a:1:{i:0;s:8:\"dc:title\";}}s:7:\"created\";a:3:{s:10:\"predicates\";a:2:{i:0;s:7:\"dc:date\";i:1;s:10:\"dc:created\";}s:8:\"datatype\";s:12:\"xsd:dateTime\";s:8:\"callback\";s:12:\"date_iso8601\";}s:7:\"changed\";a:3:{s:10:\"predicates\";a:1:{i:0;s:11:\"dc:modified\";}s:8:\"datatype\";s:12:\"xsd:dateTime\";s:8:\"callback\";s:12:\"date_iso8601\";}s:4:\"body\";a:1:{s:10:\"predicates\";a:1:{i:0;s:15:\"content:encoded\";}}s:3:\"uid\";a:2:{s:10:\"predicates\";a:1:{i:0;s:16:\"sioc:has_creator\";}s:4:\"type\";s:3:\"rel\";}s:4:\"name\";a:1:{s:10:\"predicates\";a:1:{i:0;s:9:\"foaf:name\";}}s:13:\"comment_count\";a:2:{s:10:\"predicates\";a:1:{i:0;s:16:\"sioc:num_replies\";}s:8:\"datatype\";s:11:\"xsd:integer\";}s:13:\"last_activity\";a:3:{s:10:\"predicates\";a:1:{i:0;s:23:\"sioc:last_activity_date\";}s:8:\"datatype\";s:12:\"xsd:dateTime\";s:8:\"callback\";s:12:\"date_iso8601\";}}');

--
-- Table structure for table `contatos_registry`
--

CREATE TABLE `contatos_registry` (
  `name` varchar(255) NOT NULL DEFAULT '' COMMENT 'The name of the function, class, or interface.',
  `type` varchar(9) NOT NULL DEFAULT '' COMMENT 'Either function or class or interface.',
  `filename` varchar(255) NOT NULL COMMENT 'Name of the file.',
  `module` varchar(255) NOT NULL DEFAULT '' COMMENT 'Name of the module the file belongs to.',
  `weight` int(11) NOT NULL DEFAULT '0' COMMENT 'The order in which this module’s hooks should be invoked relative to other modules. Equal-weighted modules are ordered by name.',
  PRIMARY KEY (`name`,`type`),
  KEY `hook` (`type`,`weight`,`module`)
) ENGINE=InnoDB DEFAULT CHARSET=utf8 COMMENT='Each record is a function, class, or interface name and...';

--
-- Dumping data for table `contatos_registry`
--

INSERT INTO `contatos_registry` VALUES ('AccessDeniedTestCase','class','modules/system/system.test','system',0),('AdminMenuCustomizedTestCase','class','sites/all/modules/admin_menu/tests/admin_menu.test','admin_menu',0),('AdminMenuDynamicLinksTestCase','class','sites/all/modules/admin_menu/tests/admin_menu.test','admin_menu',0),('AdminMenuLinkTypesTestCase','class','sites/all/modules/admin_menu/tests/admin_menu.test','admin_menu',0),('AdminMenuPermissionsTestCase','class','sites/all/modules/admin_menu/tests/admin_menu.test','admin_menu',0),('AdminMenuWebTestCase','class','sites/all/modules/admin_menu/tests/admin_menu.test','admin_menu',0),('AdminMetaTagTestCase','class','modules/system/system.test','system',0),('ArchiverInterface','interface','includes/archiver.inc','',0),('ArchiverTar','class','modules/system/system.archiver.inc','system',0),('ArchiverZip','class','modules/system/system.archiver.inc','system',0),('Archive_Tar','class','modules/system/system.tar.inc','system',0),('BatchMemoryQueue','class','includes/batch.queue.inc','',0),('BatchQueue','class','includes/batch.queue.inc','',0),('BlockAdminThemeTestCase','class','modules/block/block.test','block',-5),('BlockCacheTestCase','class','modules/block/block.test','block',-5),('BlockHashTestCase','class','modules/block/block.test','block',-5),('BlockHiddenRegionTestCase','class','modules/block/block.test','block',-5),('BlockHTMLIdTestCase','class','modules/block/block.test','block',-5),('BlockInvalidRegionTestCase','class','modules/block/block.test','block',-5),('BlockTemplateSuggestionsUnitTest','class','modules/block/block.test','block',-5),('BlockTestCase','class','modules/block/block.test','block',-5),('BlockViewModuleDeltaAlterWebTest','class','modules/block/block.test','block',-5),('ColorTestCase','class','modules/color/color.test','color',0),('CommentActionsTestCase','class','modules/comment/comment.test','comment',0),('CommentAnonymous','class','modules/comment/comment.test','comment',0),('CommentApprovalTest','class','modules/comment/comment.test','comment',0),('CommentBlockFunctionalTest','class','modules/comment/comment.test','comment',0),('CommentContentRebuild','class','modules/comment/comment.test','comment',0),('CommentController','class','modules/comment/comment.module','comment',0),('CommentFieldsTest','class','modules/comment/comment.test','comment',0),('CommentHelperCase','class','modules/comment/comment.test','comment',0),('CommentInterfaceTest','class','modules/comment/comment.test','comment',0),('CommentNodeAccessTest','class','modules/comment/comment.test','comment',0),('CommentNodeChangesTestCase','class','modules/comment/comment.test','comment',0),('CommentPagerTest','class','modules/comment/comment.test','comment',0),('CommentPreviewTest','class','modules/comment/comment.test','comment',0),('CommentRSSUnitTest','class','modules/comment/comment.test','comment',0),('CommentThreadingTestCase','class','modules/comment/comment.test','comment',0),('CommentTokenReplaceTestCase','class','modules/comment/comment.test','comment',0),('ContextualDynamicContextTestCase','class','modules/contextual/contextual.test','contextual',0),('CronRunTestCase','class','modules/system/system.test','system',0),('ctools_context','class','sites/all/modules/ctools/includes/context.inc','ctools',0),('ctools_context_optional','class','sites/all/modules/ctools/includes/context.inc','ctools',0),('ctools_context_required','class','sites/all/modules/ctools/includes/context.inc','ctools',0),('ctools_export_ui','class','sites/all/modules/ctools/plugins/export_ui/ctools_export_ui.class.php','ctools',0),('ctools_math_expr','class','sites/all/modules/ctools/includes/math-expr.inc','ctools',0),('ctools_math_expr_stack','class','sites/all/modules/ctools/includes/math-expr.inc','ctools',0),('ctools_stylizer_image_processor','class','sites/all/modules/ctools/includes/stylizer.inc','ctools',0),('DashboardBlocksTestCase','class','modules/dashboard/dashboard.test','dashboard',0),('Database','class','includes/database/database.inc','',0),('DatabaseCondition','class','includes/database/query.inc','',0),('DatabaseConnection','class','includes/database/database.inc','',0),('DatabaseConnectionNotDefinedException','class','includes/database/database.inc','',0),('DatabaseConnection_mysql','class','includes/database/mysql/database.inc','',0),('DatabaseConnection_pgsql','class','includes/database/pgsql/database.inc','',0),('DatabaseConnection_sqlite','class','includes/database/sqlite/database.inc','',0),('DatabaseDriverNotSpecifiedException','class','includes/database/database.inc','',0),('DatabaseLog','class','includes/database/log.inc','',0),('DatabaseSchema','class','includes/database/schema.inc','',0),('DatabaseSchemaObjectDoesNotExistException','class','includes/database/schema.inc','',0),('DatabaseSchemaObjectExistsException','class','includes/database/schema.inc','',0),('DatabaseSchema_mysql','class','includes/database/mysql/schema.inc','',0),('DatabaseSchema_pgsql','class','includes/database/pgsql/schema.inc','',0),('DatabaseSchema_sqlite','class','includes/database/sqlite/schema.inc','',0),('DatabaseStatementBase','class','includes/database/database.inc','',0),('DatabaseStatementEmpty','class','includes/database/database.inc','',0),('DatabaseStatementInterface','interface','includes/database/database.inc','',0),('DatabaseStatementPrefetch','class','includes/database/prefetch.inc','',0),('DatabaseStatement_sqlite','class','includes/database/sqlite/database.inc','',0),('DatabaseTaskException','class','includes/install.inc','',0),('DatabaseTasks','class','includes/install.inc','',0),('DatabaseTasks_mysql','class','includes/database/mysql/install.inc','',0),('DatabaseTasks_pgsql','class','includes/database/pgsql/install.inc','',0),('DatabaseTasks_sqlite','class','includes/database/sqlite/install.inc','',0),('DatabaseTransaction','class','includes/database/database.inc','',0),('DatabaseTransactionCommitFailedException','class','includes/database/database.inc','',0),('DatabaseTransactionExplicitCommitNotAllowedException','class','includes/database/database.inc','',0),('DatabaseTransactionNameNonUniqueException','class','includes/database/database.inc','',0),('DatabaseTransactionNoActiveException','class','includes/database/database.inc','',0),('DatabaseTransactionOutOfOrderException','class','includes/database/database.inc','',0),('DateAPITestCase','class','sites/all/modules/date/tests/date_api.test','date',0),('DateFieldBasic','class','sites/all/modules/date/tests/date_field.test','date',0),('DateFieldTestCase','class','sites/all/modules/date/tests/date_field.test','date',0),('DateMigrateExampleUnitTest','class','sites/all/modules/date/tests/date_migrate.test','date',0),('DateMigrateFieldHandler','class','sites/all/modules/date/date.migrate.inc','date',0),('DateObject','class','sites/all/modules/date/date_api/date_api.module','date_api',0),('DateTimeFunctionalTest','class','modules/system/system.test','system',0),('DateTimezoneTestCase','class','sites/all/modules/date/tests/date_timezone.test','date',0),('DateUITestCase','class','sites/all/modules/date/tests/date.test','date',0),('DateValidationTestCase','class','sites/all/modules/date/tests/date_validation.test','date',0),('date_sql_handler','class','sites/all/modules/date/date_api/date_api_sql.inc','date_api',0),('date_views_argument_handler','class','sites/all/modules/date/date_views/includes/date_views_argument_handler.inc','date_views',0),('date_views_argument_handler_simple','class','sites/all/modules/date/date_views/includes/date_views_argument_handler_simple.inc','date_views',0),('date_views_filter_handler','class','sites/all/modules/date/date_views/includes/date_views_filter_handler.inc','date_views',0),('date_views_filter_handler_simple','class','sites/all/modules/date/date_views/includes/date_views_filter_handler_simple.inc','date_views',0),('date_views_plugin_pager','class','sites/all/modules/date/date_views/includes/date_views_plugin_pager.inc','date_views',0),('DBLogTestCase','class','modules/dblog/dblog.test','dblog',0),('DefaultMailSystem','class','modules/system/system.mail.inc','system',0),('DeleteQuery','class','includes/database/query.inc','',0),('DeleteQuery_sqlite','class','includes/database/sqlite/query.inc','',0),('DrupalCacheArray','class','includes/bootstrap.inc','',0),('DrupalCacheInterface','interface','includes/cache.inc','',0),('DrupalDatabaseCache','class','includes/cache.inc','',0),('DrupalDefaultEntityController','class','includes/entity.inc','',0),('DrupalEntityControllerInterface','interface','includes/entity.inc','',0),('DrupalFakeCache','class','includes/cache-install.inc','',0),('DrupalLocalStreamWrapper','class','includes/stream_wrappers.inc','',0),('DrupalPrivateStreamWrapper','class','includes/stream_wrappers.inc','',0),('DrupalPublicStreamWrapper','class','includes/stream_wrappers.inc','',0),('DrupalQueue','class','modules/system/system.queue.inc','system',0),('DrupalQueueInterface','interface','modules/system/system.queue.inc','system',0),('DrupalReliableQueueInterface','interface','modules/system/system.queue.inc','system',0),('DrupalStreamWrapperInterface','interface','includes/stream_wrappers.inc','',0),('DrupalTemporaryStreamWrapper','class','includes/stream_wrappers.inc','',0),('DrupalUpdateException','class','includes/update.inc','',0),('DrupalUpdaterInterface','interface','includes/updater.inc','',0),('EckInlineEntityFormController','class','sites/all/modules/eck/includes/eck.inline_entity_form.inc','eck',0),('eck_views_handler_field_link','class','sites/all/modules/eck/views/handlers/eck_views_handler_field_link.inc','eck',0),('eck_views_handler_field_link_delete','class','sites/all/modules/eck/views/handlers/eck_views_handler_field_link_delete.inc','eck',0),('eck_views_handler_field_link_edit','class','sites/all/modules/eck/views/handlers/eck_views_handler_field_link_edit.inc','eck',0),('EnableDisableTestCase','class','modules/system/system.test','system',0),('Entity','class','sites/all/modules/entity/includes/entity.inc','entity',0),('EntityAPICommentNodeAccessTestCase','class','sites/all/modules/entity/entity.test','entity',0),('EntityAPIController','class','sites/all/modules/entity/includes/entity.controller.inc','entity',0),('EntityAPIControllerExportable','class','sites/all/modules/entity/includes/entity.controller.inc','entity',0),('EntityAPIControllerInterface','interface','sites/all/modules/entity/includes/entity.controller.inc','entity',0),('EntityAPIControllerRevisionableInterface','interface','sites/all/modules/entity/includes/entity.controller.inc','entity',0),('EntityAPIi18nItegrationTestCase','class','sites/all/modules/entity/entity.test','entity',0),('EntityAPIRulesIntegrationTestCase','class','sites/all/modules/entity/entity.test','entity',0),('EntityAPITestCase','class','sites/all/modules/entity/entity.test','entity',0),('EntityBundleableUIController','class','sites/all/modules/entity/includes/entity.ui.inc','entity',0),('EntityContentUIController','class','sites/all/modules/entity/includes/entity.ui.inc','entity',0),('EntityDB','class','sites/all/modules/entity/includes/entity.inc','entity',0),('EntityDBExtendable','class','sites/all/modules/entity/includes/entity.inc','entity',0),('EntityDefaultExtraFieldsController','class','sites/all/modules/entity/entity.info.inc','entity',0),('EntityDefaultFeaturesController','class','sites/all/modules/entity/entity.features.inc','entity',0),('EntityDefaultI18nStringController','class','sites/all/modules/entity/entity.i18n.inc','entity',0),('EntityDefaultMetadataController','class','sites/all/modules/entity/entity.info.inc','entity',0),('EntityDefaultRulesController','class','sites/all/modules/entity/entity.rules.inc','entity',0),('EntityDefaultUIController','class','sites/all/modules/entity/includes/entity.ui.inc','entity',0),('EntityDefaultViewsController','class','sites/all/modules/entity/views/entity.views.inc','entity',0),('EntityDrupalWrapper','class','sites/all/modules/entity/includes/entity.wrapper.inc','entity',0),('EntityExtendable','class','sites/all/modules/entity/includes/entity.inc','entity',0),('EntityExtraFieldsControllerInterface','interface','sites/all/modules/entity/entity.info.inc','entity',0),('EntityFieldHandlerHelper','class','sites/all/modules/entity/views/handlers/entity_views_field_handler_helper.inc','entity',0),('EntityFieldQuery','class','includes/entity.inc','',0),('EntityFieldQueryException','class','includes/entity.inc','',0),('EntityListWrapper','class','sites/all/modules/entity/includes/entity.wrapper.inc','entity',0),('EntityMalformedException','class','includes/entity.inc','',0),('EntityMetadataArrayObject','class','sites/all/modules/entity/includes/entity.wrapper.inc','entity',0),('EntityMetadataIntegrationTestCase','class','sites/all/modules/entity/entity.test','entity',0),('EntityMetadataNodeAccessTestCase','class','sites/all/modules/entity/entity.test','entity',0),('EntityMetadataNodeCreateAccessTestCase','class','sites/all/modules/entity/entity.test','entity',0),('EntityMetadataNodeRevisionAccessTestCase','class','sites/all/modules/entity/entity.test','entity',0),('EntityMetadataTestCase','class','sites/all/modules/entity/entity.test','entity',0),('EntityMetadataWrapper','class','sites/all/modules/entity/includes/entity.wrapper.inc','entity',0),('EntityMetadataWrapperException','class','sites/all/modules/entity/includes/entity.wrapper.inc','entity',0),('EntityMetadataWrapperIterator','class','sites/all/modules/entity/includes/entity.wrapper.inc','entity',0),('EntityPropertiesTestCase','class','modules/field/tests/field.test','field',0),('EntityReferenceAdminTestCase','class','sites/all/modules/entityreference/tests/entityreference.admin.test','entityreference',0),('EntityReferenceBehavior_TaxonomyIndex','class','sites/all/modules/entityreference/plugins/behavior/EntityReferenceBehavior_TaxonomyIndex.class.php','entityreference',0),('EntityReferenceBehavior_ViewsFilterSelect','class','sites/all/modules/entityreference/plugins/behavior/EntityReferenceBehavior_ViewsFilterSelect.class.php','entityreference',0),('EntityReferenceHandlersTestCase','class','sites/all/modules/entityreference/tests/entityreference.handlers.test','entityreference',0),('EntityReferenceTaxonomyTestCase','class','sites/all/modules/entityreference/tests/entityreference.taxonomy.test','entityreference',0),('EntityReference_BehaviorHandler','interface','sites/all/modules/entityreference/plugins/behavior/abstract.inc','entityreference',0),('EntityReference_BehaviorHandler_Abstract','class','sites/all/modules/entityreference/plugins/behavior/abstract.inc','entityreference',0),('EntityReference_BehaviorHandler_Broken','class','sites/all/modules/entityreference/plugins/behavior/abstract.inc','entityreference',0),('entityreference_plugin_display','class','sites/all/modules/entityreference/views/entityreference_plugin_display.inc','entityreference',0),('entityreference_plugin_row_fields','class','sites/all/modules/entityreference/views/entityreference_plugin_row_fields.inc','entityreference',0),('entityreference_plugin_style','class','sites/all/modules/entityreference/views/entityreference_plugin_style.inc','entityreference',0),('EntityReference_SelectionHandler','interface','sites/all/modules/entityreference/plugins/selection/abstract.inc','entityreference',0),('EntityReference_SelectionHandler_Broken','class','sites/all/modules/entityreference/plugins/selection/abstract.inc','entityreference',0),('EntityReference_SelectionHandler_Generic','class','sites/all/modules/entityreference/plugins/selection/EntityReference_SelectionHandler_Generic.class.php','entityreference',0),('EntityReference_SelectionHandler_Generic_comment','class','sites/all/modules/entityreference/plugins/selection/EntityReference_SelectionHandler_Generic.class.php','entityreference',0),('EntityReference_SelectionHandler_Generic_file','class','sites/all/modules/entityreference/plugins/selection/EntityReference_SelectionHandler_Generic.class.php','entityreference',0),('EntityReference_SelectionHandler_Generic_node','class','sites/all/modules/entityreference/plugins/selection/EntityReference_SelectionHandler_Generic.class.php','entityreference',0),('EntityReference_SelectionHandler_Generic_taxonomy_term','class','sites/all/modules/entityreference/plugins/selection/EntityReference_SelectionHandler_Generic.class.php','entityreference',0),('EntityReference_SelectionHandler_Generic_user','class','sites/all/modules/entityreference/plugins/selection/EntityReference_SelectionHandler_Generic.class.php','entityreference',0),('EntityReference_SelectionHandler_Views','class','sites/all/modules/entityreference/plugins/selection/EntityReference_SelectionHandler_Views.class.php','entityreference',0),('EntityStructureWrapper','class','sites/all/modules/entity/includes/entity.wrapper.inc','entity',0),('EntityTokenTestCase','class','sites/all/modules/entity/entity.test','entity',0),('EntityValueWrapper','class','sites/all/modules/entity/includes/entity.wrapper.inc','entity',0),('EntityWebTestCase','class','sites/all/modules/entity/entity.test','entity',0),('entity_views_handler_area_entity','class','sites/all/modules/entity/views/handlers/entity_views_handler_area_entity.inc','entity',0),('entity_views_handler_field_boolean','class','sites/all/modules/entity/views/handlers/entity_views_handler_field_boolean.inc','entity',0),('entity_views_handler_field_date','class','sites/all/modules/entity/views/handlers/entity_views_handler_field_date.inc','entity',0),('entity_views_handler_field_duration','class','sites/all/modules/entity/views/handlers/entity_views_handler_field_duration.inc','entity',0),('entity_views_handler_field_entity','class','sites/all/modules/entity/views/handlers/entity_views_handler_field_entity.inc','entity',0),('entity_views_handler_field_field','class','sites/all/modules/entity/views/handlers/entity_views_handler_field_field.inc','entity',0),('entity_views_handler_field_numeric','class','sites/all/modules/entity/views/handlers/entity_views_handler_field_numeric.inc','entity',0),('entity_views_handler_field_options','class','sites/all/modules/entity/views/handlers/entity_views_handler_field_options.inc','entity',0),('entity_views_handler_field_text','class','sites/all/modules/entity/views/handlers/entity_views_handler_field_text.inc','entity',0),('entity_views_handler_field_uri','class','sites/all/modules/entity/views/handlers/entity_views_handler_field_uri.inc','entity',0),('entity_views_handler_relationship','class','sites/all/modules/entity/views/handlers/entity_views_handler_relationship.inc','entity',0),('entity_views_handler_relationship_by_bundle','class','sites/all/modules/entity/views/handlers/entity_views_handler_relationship_by_bundle.inc','entity',0),('entity_views_plugin_row_entity_view','class','sites/all/modules/entity/views/plugins/entity_views_plugin_row_entity_view.inc','entity',0),('FeedsMapperFieldTestCase','class','sites/all/modules/entityreference/tests/entityreference.feeds.test','entityreference',0),('FieldAttachOtherTestCase','class','modules/field/tests/field.test','field',0),('FieldAttachStorageTestCase','class','modules/field/tests/field.test','field',0),('FieldAttachTestCase','class','modules/field/tests/field.test','field',0),('FieldBulkDeleteTestCase','class','modules/field/tests/field.test','field',0),('FieldCrudTestCase','class','modules/field/tests/field.test','field',0),('FieldDisplayAPITestCase','class','modules/field/tests/field.test','field',0),('FieldException','class','modules/field/field.module','field',0),('FieldFormTestCase','class','modules/field/tests/field.test','field',0),('FieldInfo','class','modules/field/field.info.class.inc','field',0),('FieldInfoTestCase','class','modules/field/tests/field.test','field',0),('FieldInstanceCrudTestCase','class','modules/field/tests/field.test','field',0),('FieldsOverlapException','class','includes/database/database.inc','',0),('FieldSqlStorageTestCase','class','modules/field/modules/field_sql_storage/field_sql_storage.test','field_sql_storage',0),('FieldTestCase','class','modules/field/tests/field.test','field',0),('FieldTranslationsTestCase','class','modules/field/tests/field.test','field',0),('FieldUIAlterTestCase','class','modules/field_ui/field_ui.test','field_ui',0),('FieldUIManageDisplayTestCase','class','modules/field_ui/field_ui.test','field_ui',0),('FieldUIManageFieldsTestCase','class','modules/field_ui/field_ui.test','field_ui',0),('FieldUITestCase','class','modules/field_ui/field_ui.test','field_ui',0),('FieldUpdateForbiddenException','class','modules/field/field.module','field',0),('FieldValidationException','class','modules/field/field.attach.inc','field',0),('FileFieldDisplayTestCase','class','modules/file/tests/file.test','file',0),('FileFieldPathTestCase','class','modules/file/tests/file.test','file',0),('FileFieldRevisionTestCase','class','modules/file/tests/file.test','file',0),('FileFieldTestCase','class','modules/file/tests/file.test','file',0),('FileFieldValidateTestCase','class','modules/file/tests/file.test','file',0),('FileFieldWidgetTestCase','class','modules/file/tests/file.test','file',0),('FileManagedFileElementTestCase','class','modules/file/tests/file.test','file',0),('FilePrivateTestCase','class','modules/file/tests/file.test','file',0),('FileTokenReplaceTestCase','class','modules/file/tests/file.test','file',0),('FileTransfer','class','includes/filetransfer/filetransfer.inc','',0),('FileTransferChmodInterface','interface','includes/filetransfer/filetransfer.inc','',0),('FileTransferException','class','includes/filetransfer/filetransfer.inc','',0),('FileTransferFTP','class','includes/filetransfer/ftp.inc','',0),('FileTransferFTPExtension','class','includes/filetransfer/ftp.inc','',0),('FileTransferLocal','class','includes/filetransfer/local.inc','',0),('FileTransferSSH','class','includes/filetransfer/ssh.inc','',0),('FilterAdminTestCase','class','modules/filter/filter.test','filter',0),('FilterCRUDTestCase','class','modules/filter/filter.test','filter',0),('FilterDefaultFormatTestCase','class','modules/filter/filter.test','filter',0),('FilterFormatAccessTestCase','class','modules/filter/filter.test','filter',0),('FilterHooksTestCase','class','modules/filter/filter.test','filter',0),('FilterNoFormatTestCase','class','modules/filter/filter.test','filter',0),('FilterSecurityTestCase','class','modules/filter/filter.test','filter',0),('FilterSettingsTestCase','class','modules/filter/filter.test','filter',0),('FilterUnitTestCase','class','modules/filter/filter.test','filter',0),('FloodFunctionalTest','class','modules/system/system.test','system',0),('FrontPageTestCase','class','modules/system/system.test','system',0),('HelpTestCase','class','modules/help/help.test','help',0),('HookRequirementsTestCase','class','modules/system/system.test','system',0),('ImageAdminStylesUnitTest','class','modules/image/image.test','image',0),('ImageDimensionsScaleTestCase','class','modules/image/image.test','image',0),('ImageDimensionsTestCase','class','modules/image/image.test','image',0),('ImageEffectsUnitTest','class','modules/image/image.test','image',0),('ImageFieldDefaultImagesTestCase','class','modules/image/image.test','image',0),('ImageFieldDisplayTestCase','class','modules/image/image.test','image',0),('ImageFieldTestCase','class','modules/image/image.test','image',0),('ImageFieldValidateTestCase','class','modules/image/image.test','image',0),('ImageStyleFlushTest','class','modules/image/image.test','image',0),('ImageStylesPathAndUrlTestCase','class','modules/image/image.test','image',0),('ImageThemeFunctionWebTestCase','class','modules/image/image.test','image',0),('InfoFileParserTestCase','class','modules/system/system.test','system',0),('InsertQuery','class','includes/database/query.inc','',0),('InsertQuery_mysql','class','includes/database/mysql/query.inc','',0),('InsertQuery_pgsql','class','includes/database/pgsql/query.inc','',0),('InsertQuery_sqlite','class','includes/database/sqlite/query.inc','',0),('InvalidMergeQueryException','class','includes/database/database.inc','',0),('IPAddressBlockingTestCase','class','modules/system/system.test','system',0),('ListDynamicValuesTestCase','class','modules/field/modules/list/tests/list.test','list',0),('ListDynamicValuesValidationTestCase','class','modules/field/modules/list/tests/list.test','list',0),('ListFieldTestCase','class','modules/field/modules/list/tests/list.test','list',0),('ListFieldUITestCase','class','modules/field/modules/list/tests/list.test','list',0),('LocaleBrowserDetectionTest','class','modules/locale/locale.test','locale',0),('LocaleCommentLanguageFunctionalTest','class','modules/locale/locale.test','locale',0),('LocaleConfigurationTest','class','modules/locale/locale.test','locale',0),('LocaleContentFunctionalTest','class','modules/locale/locale.test','locale',0),('LocaleCSSAlterTest','class','modules/locale/locale.test','locale',0),('LocaleDateFormatsFunctionalTest','class','modules/locale/locale.test','locale',0),('LocaleExportFunctionalTest','class','modules/locale/locale.test','locale',0),('LocaleImportFunctionalTest','class','modules/locale/locale.test','locale',0),('LocaleInstallTest','class','modules/locale/locale.test','locale',0),('LocaleJavascriptTranslationTest','class','modules/locale/locale.test','locale',0),('LocaleLanguageNegotiationInfoFunctionalTest','class','modules/locale/locale.test','locale',0),('LocaleLanguageSwitchingFunctionalTest','class','modules/locale/locale.test','locale',0),('LocaleLibraryInfoAlterTest','class','modules/locale/locale.test','locale',0),('LocaleMultilingualFieldsFunctionalTest','class','modules/locale/locale.test','locale',0),('LocalePathFunctionalTest','class','modules/locale/locale.test','locale',0),('LocalePluralFormatTest','class','modules/locale/locale.test','locale',0),('LocaleTranslationFunctionalTest','class','modules/locale/locale.test','locale',0),('LocaleUILanguageNegotiationTest','class','modules/locale/locale.test','locale',0),('LocaleUninstallFrenchFunctionalTest','class','modules/locale/locale.test','locale',0),('LocaleUninstallFunctionalTest','class','modules/locale/locale.test','locale',0),('LocaleUrlRewritingTest','class','modules/locale/locale.test','locale',0),('LocaleUserCreationTest','class','modules/locale/locale.test','locale',0),('LocaleUserLanguageFunctionalTest','class','modules/locale/locale.test','locale',0),('MailSystemInterface','interface','includes/mail.inc','',0),('MemoryQueue','class','modules/system/system.queue.inc','system',0),('MergeQuery','class','includes/database/query.inc','',0),('MigrateEntityReferenceFieldHandler','class','sites/all/modules/entityreference/entityreference.migrate.inc','entityreference',0),('ModuleDependencyTestCase','class','modules/system/system.test','system',0),('ModuleRequiredTestCase','class','modules/system/system.test','system',0),('ModuleTestCase','class','modules/system/system.test','system',0),('ModuleUpdater','class','modules/system/system.updater.inc','system',0),('ModuleVersionTestCase','class','modules/system/system.test','system',0),('MultiStepNodeFormBasicOptionsTest','class','modules/node/node.test','node',0),('NewDefaultThemeBlocks','class','modules/block/block.test','block',-5),('NodeAccessBaseTableTestCase','class','modules/node/node.test','node',0),('NodeAccessFieldTestCase','class','modules/node/node.test','node',0),('NodeAccessPagerTestCase','class','modules/node/node.test','node',0),('NodeAccessRebuildTestCase','class','modules/node/node.test','node',0),('NodeAccessRecordsTestCase','class','modules/node/node.test','node',0),('NodeAccessTestCase','class','modules/node/node.test','node',0),('NodeAdminTestCase','class','modules/node/node.test','node',0),('NodeBlockFunctionalTest','class','modules/node/node.test','node',0),('NodeBlockTestCase','class','modules/node/node.test','node',0),('NodeBuildContent','class','modules/node/node.test','node',0),('NodeController','class','modules/node/node.module','node',0),('NodeCreationTestCase','class','modules/node/node.test','node',0),('NodeEntityFieldQueryAlter','class','modules/node/node.test','node',0),('NodeEntityViewModeAlterTest','class','modules/node/node.test','node',0),('NodeFeedTestCase','class','modules/node/node.test','node',0),('NodeLoadHooksTestCase','class','modules/node/node.test','node',0),('NodeLoadMultipleTestCase','class','modules/node/node.test','node',0),('NodePageCacheTest','class','modules/node/node.test','node',0),('NodePostSettingsTestCase','class','modules/node/node.test','node',0),('NodeQueryAlter','class','modules/node/node.test','node',0),('NodeReferenceFormTest','class','sites/all/modules/references/node_reference/node_reference.test','node_reference',0),('NodeRevisionPermissionsTestCase','class','modules/node/node.test','node',0),('NodeRevisionsTestCase','class','modules/node/node.test','node',0),('NodeRSSContentTestCase','class','modules/node/node.test','node',0),('NodeSaveTestCase','class','modules/node/node.test','node',0),('NodeTitleTestCase','class','modules/node/node.test','node',0),('NodeTitleXSSTestCase','class','modules/node/node.test','node',0),('NodeTokenReplaceTestCase','class','modules/node/node.test','node',0),('NodeTypePersistenceTestCase','class','modules/node/node.test','node',0),('NodeTypeTestCase','class','modules/node/node.test','node',0),('NodeWebTestCase','class','modules/node/node.test','node',0),('NoFieldsException','class','includes/database/database.inc','',0),('NoHelpTestCase','class','modules/help/help.test','help',0),('NonDefaultBlockAdmin','class','modules/block/block.test','block',-5),('NumberFieldTestCase','class','modules/field/modules/number/number.test','number',0),('OptionsSelectDynamicValuesTestCase','class','modules/field/modules/options/options.test','options',0),('OptionsWidgetsTestCase','class','modules/field/modules/options/options.test','options',0),('PageEditTestCase','class','modules/node/node.test','node',0),('PageNotFoundTestCase','class','modules/system/system.test','system',0),('PagePreviewTestCase','class','modules/node/node.test','node',0),('PagerDefault','class','includes/pager.inc','',0),('PageTitleFiltering','class','modules/system/system.test','system',0),('PageViewTestCase','class','modules/node/node.test','node',0),('PathLanguageTestCase','class','modules/path/path.test','path',0),('PathLanguageUITestCase','class','modules/path/path.test','path',0),('PathMonolingualTestCase','class','modules/path/path.test','path',0),('PathTaxonomyTermTestCase','class','modules/path/path.test','path',0),('PathTestCase','class','modules/path/path.test','path',0),('Query','class','includes/database/query.inc','',0),('QueryAlterableInterface','interface','includes/database/query.inc','',0),('QueryConditionInterface','interface','includes/database/query.inc','',0),('QueryExtendableInterface','interface','includes/database/select.inc','',0),('QueryPlaceholderInterface','interface','includes/database/query.inc','',0),('QueueTestCase','class','modules/system/system.test','system',0),('RdfCommentAttributesTestCase','class','modules/rdf/rdf.test','rdf',0),('RdfCrudTestCase','class','modules/rdf/rdf.test','rdf',0),('RdfGetRdfNamespacesTestCase','class','modules/rdf/rdf.test','rdf',0),('RdfMappingDefinitionTestCase','class','modules/rdf/rdf.test','rdf',0),('RdfMappingHookTestCase','class','modules/rdf/rdf.test','rdf',0),('RdfRdfaMarkupTestCase','class','modules/rdf/rdf.test','rdf',0),('RdfTrackerAttributesTestCase','class','modules/rdf/rdf.test','rdf',0),('references_handler_argument','class','sites/all/modules/references/views/references_handler_argument.inc','references',0),('references_handler_relationship','class','sites/all/modules/references/views/references_handler_relationship.inc','references',0),('references_plugin_display','class','sites/all/modules/references/views/references_plugin_display.inc','references',0),('references_plugin_row_fields','class','sites/all/modules/references/views/references_plugin_row_fields.inc','references',0),('references_plugin_style','class','sites/all/modules/references/views/references_plugin_style.inc','references',0),('RetrieveFileTestCase','class','modules/system/system.test','system',0),('SchemaCache','class','includes/bootstrap.inc','',0),('SearchAdvancedSearchForm','class','modules/search/search.test','search',0),('SearchBlockTestCase','class','modules/search/search.test','search',0),('SearchCommentCountToggleTestCase','class','modules/search/search.test','search',0),('SearchCommentTestCase','class','modules/search/search.test','search',0),('SearchConfigSettingsForm','class','modules/search/search.test','search',0),('SearchEmbedForm','class','modules/search/search.test','search',0),('SearchExactTestCase','class','modules/search/search.test','search',0),('SearchExcerptTestCase','class','modules/search/search.test','search',0),('SearchExpressionInsertExtractTestCase','class','modules/search/search.test','search',0),('SearchKeywordsConditions','class','modules/search/search.test','search',0),('SearchLanguageTestCase','class','modules/search/search.test','search',0),('SearchMatchTestCase','class','modules/search/search.test','search',0),('SearchNodeAccessTest','class','modules/search/search.test','search',0),('SearchNumberMatchingTestCase','class','modules/search/search.test','search',0),('SearchNumbersTestCase','class','modules/search/search.test','search',0),('SearchPageOverride','class','modules/search/search.test','search',0),('SearchPageText','class','modules/search/search.test','search',0),('SearchQuery','class','modules/search/search.extender.inc','search',0),('SearchRankingTestCase','class','modules/search/search.test','search',0),('SearchSetLocaleTest','class','modules/search/search.test','search',0),('SearchSimplifyTestCase','class','modules/search/search.test','search',0),('SearchTokenizerTestCase','class','modules/search/search.test','search',0),('SelectQuery','class','includes/database/select.inc','',0),('SelectQueryExtender','class','includes/database/select.inc','',0),('SelectQueryInterface','interface','includes/database/select.inc','',0),('SelectQuery_pgsql','class','includes/database/pgsql/select.inc','',0),('SelectQuery_sqlite','class','includes/database/sqlite/select.inc','',0),('ShortcutLinksTestCase','class','modules/shortcut/shortcut.test','shortcut',0),('ShortcutSetsTestCase','class','modules/shortcut/shortcut.test','shortcut',0),('ShortcutTestCase','class','modules/shortcut/shortcut.test','shortcut',0),('ShutdownFunctionsTest','class','modules/system/system.test','system',0),('SiteMaintenanceTestCase','class','modules/system/system.test','system',0),('SkipDotsRecursiveDirectoryIterator','class','includes/filetransfer/filetransfer.inc','',0),('StreamWrapperInterface','interface','includes/stream_wrappers.inc','',0),('SummaryLengthTestCase','class','modules/node/node.test','node',0),('SystemAdminTestCase','class','modules/system/system.test','system',0),('SystemAuthorizeCase','class','modules/system/system.test','system',0),('SystemBlockTestCase','class','modules/system/system.test','system',0),('SystemIndexPhpTest','class','modules/system/system.test','system',0),('SystemInfoAlterTestCase','class','modules/system/system.test','system',0),('SystemMainContentFallback','class','modules/system/system.test','system',0),('SystemQueue','class','modules/system/system.queue.inc','system',0),('SystemThemeFunctionalTest','class','modules/system/system.test','system',0),('SystemValidTokenTest','class','modules/system/system.test','system',0),('TableSort','class','includes/tablesort.inc','',0),('TaxonomyEFQTestCase','class','modules/taxonomy/taxonomy.test','taxonomy',0),('TaxonomyHooksTestCase','class','modules/taxonomy/taxonomy.test','taxonomy',0),('TaxonomyLegacyTestCase','class','modules/taxonomy/taxonomy.test','taxonomy',0),('TaxonomyLoadMultipleTestCase','class','modules/taxonomy/taxonomy.test','taxonomy',0),('TaxonomyRSSTestCase','class','modules/taxonomy/taxonomy.test','taxonomy',0),('TaxonomyTermController','class','modules/taxonomy/taxonomy.module','taxonomy',0),('TaxonomyTermFieldMultipleVocabularyTestCase','class','modules/taxonomy/taxonomy.test','taxonomy',0),('TaxonomyTermFieldTestCase','class','modules/taxonomy/taxonomy.test','taxonomy',0),('TaxonomyTermFunctionTestCase','class','modules/taxonomy/taxonomy.test','taxonomy',0),('TaxonomyTermIndexTestCase','class','modules/taxonomy/taxonomy.test','taxonomy',0),('TaxonomyTermTestCase','class','modules/taxonomy/taxonomy.test','taxonomy',0),('TaxonomyThemeTestCase','class','modules/taxonomy/taxonomy.test','taxonomy',0),('TaxonomyTokenReplaceTestCase','class','modules/taxonomy/taxonomy.test','taxonomy',0),('TaxonomyVocabularyController','class','modules/taxonomy/taxonomy.module','taxonomy',0),('TaxonomyVocabularyFunctionalTest','class','modules/taxonomy/taxonomy.test','taxonomy',0),('TaxonomyVocabularyTestCase','class','modules/taxonomy/taxonomy.test','taxonomy',0),('TaxonomyWebTestCase','class','modules/taxonomy/taxonomy.test','taxonomy',0),('TestingMailSystem','class','modules/system/system.mail.inc','system',0),('TextFieldTestCase','class','modules/field/modules/text/text.test','text',0),('TextSummaryTestCase','class','modules/field/modules/text/text.test','text',0),('TextTranslationTestCase','class','modules/field/modules/text/text.test','text',0),('ThemeRegistry','class','includes/theme.inc','',0),('ThemeUpdater','class','modules/system/system.updater.inc','system',0),('TokenReplaceTestCase','class','modules/system/system.test','system',0),('TokenScanTest','class','modules/system/system.test','system',0),('TruncateQuery','class','includes/database/query.inc','',0),('TruncateQuery_mysql','class','includes/database/mysql/query.inc','',0),('TruncateQuery_sqlite','class','includes/database/sqlite/query.inc','',0),('UpdateCoreTestCase','class','modules/update/update.test','update',0),('UpdateCoreUnitTestCase','class','modules/update/update.test','update',0),('UpdateQuery','class','includes/database/query.inc','',0),('UpdateQuery_pgsql','class','includes/database/pgsql/query.inc','',0),('UpdateQuery_sqlite','class','includes/database/sqlite/query.inc','',0),('Updater','class','includes/updater.inc','',0),('UpdaterException','class','includes/updater.inc','',0),('UpdaterFileTransferException','class','includes/updater.inc','',0),('UpdateScriptFunctionalTest','class','modules/system/system.test','system',0),('UpdateTestContribCase','class','modules/update/update.test','update',0),('UpdateTestHelper','class','modules/update/update.test','update',0),('UpdateTestUploadCase','class','modules/update/update.test','update',0),('UserAccountLinksUnitTests','class','modules/user/user.test','user',0),('UserAdminTestCase','class','modules/user/user.test','user',0),('UserAuthmapAssignmentTestCase','class','modules/user/user.test','user',0),('UserAutocompleteTestCase','class','modules/user/user.test','user',0),('UserBlocksUnitTests','class','modules/user/user.test','user',0),('UserCancelTestCase','class','modules/user/user.test','user',0),('UserController','class','modules/user/user.module','user',0),('UserCreateTestCase','class','modules/user/user.test','user',0),('UserEditedOwnAccountTestCase','class','modules/user/user.test','user',0),('UserEditTestCase','class','modules/user/user.test','user',0),('UserLoginTestCase','class','modules/user/user.test','user',0),('UserPasswordResetTestCase','class','modules/user/user.test','user',0),('UserPermissionsTestCase','class','modules/user/user.test','user',0),('UserPictureTestCase','class','modules/user/user.test','user',0),('UserRegistrationTestCase','class','modules/user/user.test','user',0),('UserRoleAdminTestCase','class','modules/user/user.test','user',0),('UserRolesAssignmentTestCase','class','modules/user/user.test','user',0),('UserSaveTestCase','class','modules/user/user.test','user',0),('UserSignatureTestCase','class','modules/user/user.test','user',0),('UserTimeZoneFunctionalTest','class','modules/user/user.test','user',0),('UserTokenReplaceTestCase','class','modules/user/user.test','user',0),('UserUserSearchTestCase','class','modules/user/user.test','user',0),('UserValidateCurrentPassCustomForm','class','modules/user/user.test','user',0),('UserValidationTestCase','class','modules/user/user.test','user',0),('view','class','sites/all/modules/views/includes/view.inc','views',10),('ViewsAccessTest','class','sites/all/modules/views/tests/views_access.test','views',0),('ViewsAnalyzeTest','class','sites/all/modules/views/tests/views_analyze.test','views',0),('ViewsArgumentDefaultTest','class','sites/all/modules/views/tests/views_argument_default.test','views',0),('ViewsArgumentValidatorTest','class','sites/all/modules/views/tests/views_argument_validator.test','views',0),('ViewsBasicTest','class','sites/all/modules/views/tests/views_basic.test','views',0),('ViewsCacheTest','class','sites/all/modules/views/tests/views_cache.test','views',10),('ViewsExposedFormTest','class','sites/all/modules/views/tests/views_exposed_form.test','views',0),('viewsFieldApiDataTest','class','sites/all/modules/views/tests/field/views_fieldapi.test','views',0),('ViewsFieldApiTestHelper','class','sites/all/modules/views/tests/field/views_fieldapi.test','views',0),('ViewsGlossaryTestCase','class','sites/all/modules/views/tests/views_glossary.test','views',0),('ViewsHandlerAreaTextTest','class','sites/all/modules/views/tests/handlers/views_handler_area_text.test','views',0),('viewsHandlerArgumentCommentUserUidTest','class','sites/all/modules/views/tests/comment/views_handler_argument_comment_user_uid.test','views',0),('ViewsHandlerArgumentNullTest','class','sites/all/modules/views/tests/handlers/views_handler_argument_null.test','views',0),('ViewsHandlerArgumentStringTest','class','sites/all/modules/views/tests/handlers/views_handler_argument_string.test','views',0),('ViewsHandlerFieldBooleanTest','class','sites/all/modules/views/tests/handlers/views_handler_field_boolean.test','views',0),('ViewsHandlerFieldCustomTest','class','sites/all/modules/views/tests/handlers/views_handler_field_custom.test','views',0),('ViewsHandlerFieldDateTest','class','sites/all/modules/views/tests/handlers/views_handler_field_date.test','views',10),('viewsHandlerFieldFieldTest','class','sites/all/modules/views/tests/field/views_fieldapi.test','views',0),('ViewsHandlerFieldMath','class','sites/all/modules/views/tests/handlers/views_handler_field_math.test','views',0),('ViewsHandlerFieldTest','class','sites/all/modules/views/tests/handlers/views_handler_field.test','views',0),('ViewsHandlerFieldUrlTest','class','sites/all/modules/views/tests/handlers/views_handler_field_url.test','views',0),('viewsHandlerFieldUserNameTest','class','sites/all/modules/views/tests/user/views_handler_field_user_name.test','views',0),('ViewsHandlerFileExtensionTest','class','sites/all/modules/views/tests/handlers/views_handler_field_file_extension.test','views',10),('ViewsHandlerFilterCombineTest','class','sites/all/modules/views/tests/handlers/views_handler_filter_combine.test','views',0),('viewsHandlerFilterCommentUserUidTest','class','sites/all/modules/views/tests/comment/views_handler_filter_comment_user_uid.test','views',0),('ViewsHandlerFilterCounterTest','class','sites/all/modules/views/tests/handlers/views_handler_field_counter.test','views',0),('ViewsHandlerFilterDateTest','class','sites/all/modules/views/tests/handlers/views_handler_filter_date.test','views',0),('ViewsHandlerFilterEqualityTest','class','sites/all/modules/views/tests/handlers/views_handler_filter_equality.test','views',0),('ViewsHandlerFilterInOperator','class','sites/all/modules/views/tests/handlers/views_handler_filter_in_operator.test','views',0),('ViewsHandlerFilterNumericTest','class','sites/all/modules/views/tests/handlers/views_handler_filter_numeric.test','views',0),('ViewsHandlerFilterStringTest','class','sites/all/modules/views/tests/handlers/views_handler_filter_string.test','views',0),('ViewsHandlerRelationshipNodeTermDataTest','class','sites/all/modules/views/tests/taxonomy/views_handler_relationship_node_term_data.test','views',0),('ViewsHandlerSortDateTest','class','sites/all/modules/views/tests/handlers/views_handler_sort_date.test','views',0),('ViewsHandlerSortRandomTest','class','sites/all/modules/views/tests/handlers/views_handler_sort_random.test','views',0),('ViewsHandlerSortTest','class','sites/all/modules/views/tests/handlers/views_handler_sort.test','views',0),('ViewsHandlersTest','class','sites/all/modules/views/tests/views_handlers.test','views',0),('ViewsHandlerTest','class','sites/all/modules/views/tests/handlers/views_handlers.test','views',10),('ViewsHandlerTestFileSize','class','sites/all/modules/views/tests/handlers/views_handler_field_file_size.test','views',0),('ViewsHandlerTestXss','class','sites/all/modules/views/tests/handlers/views_handler_field_xss.test','views',0),('ViewsModuleTest','class','sites/all/modules/views/tests/views_module.test','views',10),('ViewsNodeRevisionRelationsTestCase','class','sites/all/modules/views/tests/node/views_node_revision_relations.test','views',0),('ViewsPagerTest','class','sites/all/modules/views/tests/views_pager.test','views',0),('ViewsPluginDisplayTestCase','class','sites/all/modules/views/tests/plugins/views_plugin_display.test','views',0),('viewsPluginStyleJumpMenuTest','class','sites/all/modules/views/tests/styles/views_plugin_style_jump_menu.test','views',0),('ViewsPluginStyleMappingTest','class','sites/all/modules/views/tests/styles/views_plugin_style_mapping.test','views',0),('ViewsPluginStyleTestBase','class','sites/all/modules/views/tests/styles/views_plugin_style_base.test','views',0),('ViewsPluginStyleTestCase','class','sites/all/modules/views/tests/styles/views_plugin_style.test','views',0),('ViewsPluginStyleUnformattedTestCase','class','sites/all/modules/views/tests/styles/views_plugin_style_unformatted.test','views',0),('ViewsQueryGroupByTest','class','sites/all/modules/views/tests/views_groupby.test','views',0),('viewsSearchQuery','class','sites/all/modules/views/modules/search/views_handler_filter_search.inc','views',10),('ViewsSqlTest','class','sites/all/modules/views/tests/views_query.test','views',0),('ViewsTestCase','class','sites/all/modules/views/tests/views_query.test','views',0),('ViewsTranslatableTest','class','sites/all/modules/views/tests/views_translatable.test','views',0),('ViewsUiBaseViewsWizard','class','sites/all/modules/views/plugins/views_wizard/views_ui_base_views_wizard.class.php','views_ui',0),('ViewsUiCommentViewsWizard','class','sites/all/modules/views/plugins/views_wizard/views_ui_comment_views_wizard.class.php','views_ui',0),('ViewsUiFileManagedViewsWizard','class','sites/all/modules/views/plugins/views_wizard/views_ui_file_managed_views_wizard.class.php','views_ui',0),('viewsUiGroupbyTestCase','class','sites/all/modules/views/tests/views_groupby.test','views',0),('ViewsUiNodeRevisionViewsWizard','class','sites/all/modules/views/plugins/views_wizard/views_ui_node_revision_views_wizard.class.php','views_ui',0),('ViewsUiNodeViewsWizard','class','sites/all/modules/views/plugins/views_wizard/views_ui_node_views_wizard.class.php','views_ui',0),('ViewsUiTaxonomyTermViewsWizard','class','sites/all/modules/views/plugins/views_wizard/views_ui_taxonomy_term_views_wizard.class.php','views_ui',0),('ViewsUiUsersViewsWizard','class','sites/all/modules/views/plugins/views_wizard/views_ui_users_views_wizard.class.php','views_ui',0),('ViewsUIWizardBasicTestCase','class','sites/all/modules/views/tests/views_ui.test','views',0),('ViewsUIWizardDefaultViewsTestCase','class','sites/all/modules/views/tests/views_ui.test','views',0),('ViewsUIWizardHelper','class','sites/all/modules/views/tests/views_ui.test','views',0),('ViewsUIWizardItemsPerPageTestCase','class','sites/all/modules/views/tests/views_ui.test','views',0),('ViewsUIWizardJumpMenuTestCase','class','sites/all/modules/views/tests/views_ui.test','views',0),('ViewsUIWizardMenuTestCase','class','sites/all/modules/views/tests/views_ui.test','views',0),('ViewsUIWizardOverrideDisplaysTestCase','class','sites/all/modules/views/tests/views_ui.test','views',0),('ViewsUIWizardSortingTestCase','class','sites/all/modules/views/tests/views_ui.test','views',0),('ViewsUIWizardTaggedWithTestCase','class','sites/all/modules/views/tests/views_ui.test','views',0),('ViewsUpgradeTestCase','class','sites/all/modules/views/tests/views_upgrade.test','views',0),('ViewsUserArgumentDefault','class','sites/all/modules/views/tests/user/views_user_argument_default.test','views',0),('ViewsUserArgumentValidate','class','sites/all/modules/views/tests/user/views_user_argument_validate.test','views',0),('ViewsUserTestCase','class','sites/all/modules/views/tests/user/views_user.test','views',0),('ViewsViewTest','class','sites/all/modules/views/tests/views_view.test','views',0),('ViewsWizardException','class','sites/all/modules/views/plugins/views_wizard/views_ui_base_views_wizard.class.php','views_ui',0),('ViewsWizardInterface','interface','sites/all/modules/views/plugins/views_wizard/views_ui_base_views_wizard.class.php','views_ui',0),('views_content_plugin_display_ctools_context','class','sites/all/modules/ctools/views_content/plugins/views/views_content_plugin_display_ctools_context.inc','views_content',0),('views_content_plugin_display_panel_pane','class','sites/all/modules/ctools/views_content/plugins/views/views_content_plugin_display_panel_pane.inc','views_content',0),('views_content_plugin_style_ctools_context','class','sites/all/modules/ctools/views_content/plugins/views/views_content_plugin_style_ctools_context.inc','views_content',0),('views_db_object','class','sites/all/modules/views/includes/view.inc','views',10),('views_display','class','sites/all/modules/views/includes/view.inc','views',10),('views_handler','class','sites/all/modules/views/includes/handlers.inc','views',10),('views_handler_area','class','sites/all/modules/views/handlers/views_handler_area.inc','views',10),('views_handler_area_broken','class','sites/all/modules/views/handlers/views_handler_area.inc','views',10),('views_handler_area_messages','class','sites/all/modules/views/handlers/views_handler_area_messages.inc','views',10),('views_handler_area_result','class','sites/all/modules/views/handlers/views_handler_area_result.inc','views',10),('views_handler_area_text','class','sites/all/modules/views/handlers/views_handler_area_text.inc','views',10),('views_handler_area_text_custom','class','sites/all/modules/views/handlers/views_handler_area_text_custom.inc','views',10),('views_handler_area_view','class','sites/all/modules/views/handlers/views_handler_area_view.inc','views',10),('views_handler_argument','class','sites/all/modules/views/handlers/views_handler_argument.inc','views',10),('views_handler_argument_aggregator_category_cid','class','sites/all/modules/views/modules/aggregator/views_handler_argument_aggregator_category_cid.inc','views',10),('views_handler_argument_aggregator_fid','class','sites/all/modules/views/modules/aggregator/views_handler_argument_aggregator_fid.inc','views',10),('views_handler_argument_aggregator_iid','class','sites/all/modules/views/modules/aggregator/views_handler_argument_aggregator_iid.inc','views',10),('views_handler_argument_broken','class','sites/all/modules/views/handlers/views_handler_argument.inc','views',10),('views_handler_argument_comment_user_uid','class','sites/all/modules/views/modules/comment/views_handler_argument_comment_user_uid.inc','views',10),('views_handler_argument_date','class','sites/all/modules/views/handlers/views_handler_argument_date.inc','views',10),('views_handler_argument_field_list','class','sites/all/modules/views/modules/field/views_handler_argument_field_list.inc','views',10),('views_handler_argument_field_list_string','class','sites/all/modules/views/modules/field/views_handler_argument_field_list_string.inc','views',10),('views_handler_argument_file_fid','class','sites/all/modules/views/modules/system/views_handler_argument_file_fid.inc','views',10),('views_handler_argument_formula','class','sites/all/modules/views/handlers/views_handler_argument_formula.inc','views',10),('views_handler_argument_group_by_numeric','class','sites/all/modules/views/handlers/views_handler_argument_group_by_numeric.inc','views',10),('views_handler_argument_locale_group','class','sites/all/modules/views/modules/locale/views_handler_argument_locale_group.inc','views',10),('views_handler_argument_locale_language','class','sites/all/modules/views/modules/locale/views_handler_argument_locale_language.inc','views',10),('views_handler_argument_many_to_one','class','sites/all/modules/views/handlers/views_handler_argument_many_to_one.inc','views',10),('views_handler_argument_node_created_day','class','sites/all/modules/views/modules/node/views_handler_argument_dates_various.inc','views',10),('views_handler_argument_node_created_fulldate','class','sites/all/modules/views/modules/node/views_handler_argument_dates_various.inc','views',10),('views_handler_argument_node_created_month','class','sites/all/modules/views/modules/node/views_handler_argument_dates_various.inc','views',10),('views_handler_argument_node_created_week','class','sites/all/modules/views/modules/node/views_handler_argument_dates_various.inc','views',10),('views_handler_argument_node_created_year','class','sites/all/modules/views/modules/node/views_handler_argument_dates_various.inc','views',10),('views_handler_argument_node_created_year_month','class','sites/all/modules/views/modules/node/views_handler_argument_dates_various.inc','views',10),('views_handler_argument_node_language','class','sites/all/modules/views/modules/node/views_handler_argument_node_language.inc','views',10),('views_handler_argument_node_nid','class','sites/all/modules/views/modules/node/views_handler_argument_node_nid.inc','views',10),('views_handler_argument_node_tnid','class','sites/all/modules/views/modules/translation/views_handler_argument_node_tnid.inc','views',10),('views_handler_argument_node_type','class','sites/all/modules/views/modules/node/views_handler_argument_node_type.inc','views',10),('views_handler_argument_node_uid_revision','class','sites/all/modules/views/modules/node/views_handler_argument_node_uid_revision.inc','views',10),('views_handler_argument_node_vid','class','sites/all/modules/views/modules/node/views_handler_argument_node_vid.inc','views',10),('views_handler_argument_null','class','sites/all/modules/views/handlers/views_handler_argument_null.inc','views',10),('views_handler_argument_numeric','class','sites/all/modules/views/handlers/views_handler_argument_numeric.inc','views',10),('views_handler_argument_search','class','sites/all/modules/views/modules/search/views_handler_argument_search.inc','views',10),('views_handler_argument_string','class','sites/all/modules/views/handlers/views_handler_argument_string.inc','views',10),('views_handler_argument_taxonomy','class','sites/all/modules/views/modules/taxonomy/views_handler_argument_taxonomy.inc','views',10),('views_handler_argument_term_node_tid','class','sites/all/modules/views/modules/taxonomy/views_handler_argument_term_node_tid.inc','views',10),('views_handler_argument_term_node_tid_depth','class','sites/all/modules/views/modules/taxonomy/views_handler_argument_term_node_tid_depth.inc','views',10),('views_handler_argument_term_node_tid_depth_modifier','class','sites/all/modules/views/modules/taxonomy/views_handler_argument_term_node_tid_depth_modifier.inc','views',10),('views_handler_argument_tracker_comment_user_uid','class','sites/all/modules/views/modules/tracker/views_handler_argument_tracker_comment_user_uid.inc','views',10),('views_handler_argument_users_roles_rid','class','sites/all/modules/views/modules/user/views_handler_argument_users_roles_rid.inc','views',10),('views_handler_argument_user_uid','class','sites/all/modules/views/modules/user/views_handler_argument_user_uid.inc','views',10),('views_handler_argument_vocabulary_machine_name','class','sites/all/modules/views/modules/taxonomy/views_handler_argument_vocabulary_machine_name.inc','views',10),('views_handler_argument_vocabulary_vid','class','sites/all/modules/views/modules/taxonomy/views_handler_argument_vocabulary_vid.inc','views',10),('views_handler_field','class','sites/all/modules/views/handlers/views_handler_field.inc','views',10),('views_handler_field_accesslog_path','class','sites/all/modules/views/modules/statistics/views_handler_field_accesslog_path.inc','views',10),('views_handler_field_aggregator_category','class','sites/all/modules/views/modules/aggregator/views_handler_field_aggregator_category.inc','views',10),('views_handler_field_aggregator_title_link','class','sites/all/modules/views/modules/aggregator/views_handler_field_aggregator_title_link.inc','views',10),('views_handler_field_aggregator_xss','class','sites/all/modules/views/modules/aggregator/views_handler_field_aggregator_xss.inc','views',10),('views_handler_field_boolean','class','sites/all/modules/views/handlers/views_handler_field_boolean.inc','views',10),('views_handler_field_broken','class','sites/all/modules/views/handlers/views_handler_field.inc','views',10),('views_handler_field_comment','class','sites/all/modules/views/modules/comment/views_handler_field_comment.inc','views',10),('views_handler_field_comment_depth','class','sites/all/modules/views/modules/comment/views_handler_field_comment_depth.inc','views',10),('views_handler_field_comment_link','class','sites/all/modules/views/modules/comment/views_handler_field_comment_link.inc','views',10),('views_handler_field_comment_link_approve','class','sites/all/modules/views/modules/comment/views_handler_field_comment_link_approve.inc','views',10),('views_handler_field_comment_link_delete','class','sites/all/modules/views/modules/comment/views_handler_field_comment_link_delete.inc','views',10),('views_handler_field_comment_link_edit','class','sites/all/modules/views/modules/comment/views_handler_field_comment_link_edit.inc','views',10),('views_handler_field_comment_link_reply','class','sites/all/modules/views/modules/comment/views_handler_field_comment_link_reply.inc','views',10),('views_handler_field_comment_node_link','class','sites/all/modules/views/modules/comment/views_handler_field_comment_node_link.inc','views',10),('views_handler_field_comment_username','class','sites/all/modules/views/modules/comment/views_handler_field_comment_username.inc','views',10),('views_handler_field_contact_link','class','sites/all/modules/views/modules/contact/views_handler_field_contact_link.inc','views',10),('views_handler_field_contextual_links','class','sites/all/modules/views/handlers/views_handler_field_contextual_links.inc','views',10),('views_handler_field_counter','class','sites/all/modules/views/handlers/views_handler_field_counter.inc','views',10),('views_handler_field_custom','class','sites/all/modules/views/handlers/views_handler_field_custom.inc','views',10),('views_handler_field_date','class','sites/all/modules/views/handlers/views_handler_field_date.inc','views',10),('views_handler_field_entity','class','sites/all/modules/views/handlers/views_handler_field_entity.inc','views',10),('views_handler_field_field','class','sites/all/modules/views/modules/field/views_handler_field_field.inc','views',10),('views_handler_field_file','class','sites/all/modules/views/modules/system/views_handler_field_file.inc','views',10),('views_handler_field_file_extension','class','sites/all/modules/views/modules/system/views_handler_field_file_extension.inc','views',10),('views_handler_field_file_filemime','class','sites/all/modules/views/modules/system/views_handler_field_file_filemime.inc','views',10),('views_handler_field_file_size','class','sites/all/modules/views/handlers/views_handler_field.inc','views',10),('views_handler_field_file_status','class','sites/all/modules/views/modules/system/views_handler_field_file_status.inc','views',10),('views_handler_field_file_uri','class','sites/all/modules/views/modules/system/views_handler_field_file_uri.inc','views',10),('views_handler_field_filter_format_name','class','sites/all/modules/views/modules/filter/views_handler_field_filter_format_name.inc','views',10),('views_handler_field_history_user_timestamp','class','sites/all/modules/views/modules/node/views_handler_field_history_user_timestamp.inc','views',10),('views_handler_field_last_comment_timestamp','class','sites/all/modules/views/modules/comment/views_handler_field_last_comment_timestamp.inc','views',10),('views_handler_field_locale_group','class','sites/all/modules/views/modules/locale/views_handler_field_locale_group.inc','views',10),('views_handler_field_locale_language','class','sites/all/modules/views/modules/locale/views_handler_field_locale_language.inc','views',10),('views_handler_field_locale_link_edit','class','sites/all/modules/views/modules/locale/views_handler_field_locale_link_edit.inc','views',10),('views_handler_field_machine_name','class','sites/all/modules/views/handlers/views_handler_field_machine_name.inc','views',10),('views_handler_field_markup','class','sites/all/modules/views/handlers/views_handler_field_markup.inc','views',10),('views_handler_field_math','class','sites/all/modules/views/handlers/views_handler_field_math.inc','views',10),('views_handler_field_ncs_last_comment_name','class','sites/all/modules/views/modules/comment/views_handler_field_ncs_last_comment_name.inc','views',10),('views_handler_field_ncs_last_updated','class','sites/all/modules/views/modules/comment/views_handler_field_ncs_last_updated.inc','views',10),('views_handler_field_node','class','sites/all/modules/views/modules/node/views_handler_field_node.inc','views',10),('views_handler_field_node_comment','class','sites/all/modules/views/modules/comment/views_handler_field_node_comment.inc','views',10),('views_handler_field_node_language','class','sites/all/modules/views/modules/locale/views_handler_field_node_language.inc','views',10),('views_handler_field_node_link','class','sites/all/modules/views/modules/node/views_handler_field_node_link.inc','views',10),('views_handler_field_node_link_delete','class','sites/all/modules/views/modules/node/views_handler_field_node_link_delete.inc','views',10),('views_handler_field_node_link_edit','class','sites/all/modules/views/modules/node/views_handler_field_node_link_edit.inc','views',10),('views_handler_field_node_link_translate','class','sites/all/modules/views/modules/translation/views_handler_field_node_link_translate.inc','views',10),('views_handler_field_node_new_comments','class','sites/all/modules/views/modules/comment/views_handler_field_node_new_comments.inc','views',10),('views_handler_field_node_path','class','sites/all/modules/views/modules/node/views_handler_field_node_path.inc','views',10),('views_handler_field_node_revision','class','sites/all/modules/views/modules/node/views_handler_field_node_revision.inc','views',10),('views_handler_field_node_revision_link','class','sites/all/modules/views/modules/node/views_handler_field_node_revision_link.inc','views',10),('views_handler_field_node_revision_link_delete','class','sites/all/modules/views/modules/node/views_handler_field_node_revision_link_delete.inc','views',10),('views_handler_field_node_revision_link_revert','class','sites/all/modules/views/modules/node/views_handler_field_node_revision_link_revert.inc','views',10),('views_handler_field_node_translation_link','class','sites/all/modules/views/modules/translation/views_handler_field_node_translation_link.inc','views',10),('views_handler_field_node_type','class','sites/all/modules/views/modules/node/views_handler_field_node_type.inc','views',10),('views_handler_field_numeric','class','sites/all/modules/views/handlers/views_handler_field_numeric.inc','views',10),('views_handler_field_prerender_list','class','sites/all/modules/views/handlers/views_handler_field_prerender_list.inc','views',10),('views_handler_field_profile_date','class','sites/all/modules/views/modules/profile/views_handler_field_profile_date.inc','views',10),('views_handler_field_profile_list','class','sites/all/modules/views/modules/profile/views_handler_field_profile_list.inc','views',10),('views_handler_field_search_score','class','sites/all/modules/views/modules/search/views_handler_field_search_score.inc','views',10),('views_handler_field_serialized','class','sites/all/modules/views/handlers/views_handler_field_serialized.inc','views',10),('views_handler_field_taxonomy','class','sites/all/modules/views/modules/taxonomy/views_handler_field_taxonomy.inc','views',10),('views_handler_field_term_link_edit','class','sites/all/modules/views/modules/taxonomy/views_handler_field_term_link_edit.inc','views',10),('views_handler_field_term_node_tid','class','sites/all/modules/views/modules/taxonomy/views_handler_field_term_node_tid.inc','views',10),('views_handler_field_time_interval','class','sites/all/modules/views/handlers/views_handler_field_time_interval.inc','views',10),('views_handler_field_url','class','sites/all/modules/views/handlers/views_handler_field_url.inc','views',10),('views_handler_field_user','class','sites/all/modules/views/modules/user/views_handler_field_user.inc','views',10),('views_handler_field_user_language','class','sites/all/modules/views/modules/user/views_handler_field_user_language.inc','views',10),('views_handler_field_user_link','class','sites/all/modules/views/modules/user/views_handler_field_user_link.inc','views',10),('views_handler_field_user_link_cancel','class','sites/all/modules/views/modules/user/views_handler_field_user_link_cancel.inc','views',10),('views_handler_field_user_link_edit','class','sites/all/modules/views/modules/user/views_handler_field_user_link_edit.inc','views',10),('views_handler_field_user_mail','class','sites/all/modules/views/modules/user/views_handler_field_user_mail.inc','views',10),('views_handler_field_user_name','class','sites/all/modules/views/modules/user/views_handler_field_user_name.inc','views',10),('views_handler_field_user_permissions','class','sites/all/modules/views/modules/user/views_handler_field_user_permissions.inc','views',10),('views_handler_field_user_picture','class','sites/all/modules/views/modules/user/views_handler_field_user_picture.inc','views',10),('views_handler_field_user_roles','class','sites/all/modules/views/modules/user/views_handler_field_user_roles.inc','views',10),('views_handler_field_xss','class','sites/all/modules/views/handlers/views_handler_field.inc','views',10),('views_handler_filter','class','sites/all/modules/views/handlers/views_handler_filter.inc','views',10),('views_handler_filter_aggregator_category_cid','class','sites/all/modules/views/modules/aggregator/views_handler_filter_aggregator_category_cid.inc','views',10),('views_handler_filter_boolean_operator','class','sites/all/modules/views/handlers/views_handler_filter_boolean_operator.inc','views',10),('views_handler_filter_boolean_operator_string','class','sites/all/modules/views/handlers/views_handler_filter_boolean_operator_string.inc','views',10),('views_handler_filter_broken','class','sites/all/modules/views/handlers/views_handler_filter.inc','views',10),('views_handler_filter_combine','class','sites/all/modules/views/handlers/views_handler_filter_combine.inc','views',10),('views_handler_filter_comment_user_uid','class','sites/all/modules/views/modules/comment/views_handler_filter_comment_user_uid.inc','views',10),('views_handler_filter_date','class','sites/all/modules/views/handlers/views_handler_filter_date.inc','views',10),('views_handler_filter_entity_bundle','class','sites/all/modules/views/handlers/views_handler_filter_entity_bundle.inc','views',10),('views_handler_filter_equality','class','sites/all/modules/views/handlers/views_handler_filter_equality.inc','views',10),('views_handler_filter_fields_compare','class','sites/all/modules/views/handlers/views_handler_filter_fields_compare.inc','views',10),('views_handler_filter_field_list','class','sites/all/modules/views/modules/field/views_handler_filter_field_list.inc','views',10),('views_handler_filter_file_status','class','sites/all/modules/views/modules/system/views_handler_filter_file_status.inc','views',10),('views_handler_filter_group_by_numeric','class','sites/all/modules/views/handlers/views_handler_filter_group_by_numeric.inc','views',10),('views_handler_filter_history_user_timestamp','class','sites/all/modules/views/modules/node/views_handler_filter_history_user_timestamp.inc','views',10),('views_handler_filter_in_operator','class','sites/all/modules/views/handlers/views_handler_filter_in_operator.inc','views',10),('views_handler_filter_locale_group','class','sites/all/modules/views/modules/locale/views_handler_filter_locale_group.inc','views',10),('views_handler_filter_locale_language','class','sites/all/modules/views/modules/locale/views_handler_filter_locale_language.inc','views',10),('views_handler_filter_locale_version','class','sites/all/modules/views/modules/locale/views_handler_filter_locale_version.inc','views',10),('views_handler_filter_many_to_one','class','sites/all/modules/views/handlers/views_handler_filter_many_to_one.inc','views',10),('views_handler_filter_ncs_last_updated','class','sites/all/modules/views/modules/comment/views_handler_filter_ncs_last_updated.inc','views',10),('views_handler_filter_node_access','class','sites/all/modules/views/modules/node/views_handler_filter_node_access.inc','views',10),('views_handler_filter_node_comment','class','sites/all/modules/views/modules/comment/views_handler_filter_node_comment.inc','views',10),('views_handler_filter_node_language','class','sites/all/modules/views/modules/locale/views_handler_filter_node_language.inc','views',10),('views_handler_filter_node_status','class','sites/all/modules/views/modules/node/views_handler_filter_node_status.inc','views',10),('views_handler_filter_node_tnid','class','sites/all/modules/views/modules/translation/views_handler_filter_node_tnid.inc','views',10),('views_handler_filter_node_tnid_child','class','sites/all/modules/views/modules/translation/views_handler_filter_node_tnid_child.inc','views',10),('views_handler_filter_node_type','class','sites/all/modules/views/modules/node/views_handler_filter_node_type.inc','views',10),('views_handler_filter_node_uid_revision','class','sites/all/modules/views/modules/node/views_handler_filter_node_uid_revision.inc','views',10),('views_handler_filter_numeric','class','sites/all/modules/views/handlers/views_handler_filter_numeric.inc','views',10),('views_handler_filter_profile_selection','class','sites/all/modules/views/modules/profile/views_handler_filter_profile_selection.inc','views',10),('views_handler_filter_search','class','sites/all/modules/views/modules/search/views_handler_filter_search.inc','views',10),('views_handler_filter_string','class','sites/all/modules/views/handlers/views_handler_filter_string.inc','views',10),('views_handler_filter_system_type','class','sites/all/modules/views/modules/system/views_handler_filter_system_type.inc','views',10),('views_handler_filter_term_node_tid','class','sites/all/modules/views/modules/taxonomy/views_handler_filter_term_node_tid.inc','views',10),('views_handler_filter_term_node_tid_depth','class','sites/all/modules/views/modules/taxonomy/views_handler_filter_term_node_tid_depth.inc','views',10),('views_handler_filter_tracker_boolean_operator','class','sites/all/modules/views/modules/tracker/views_handler_filter_tracker_boolean_operator.inc','views',10),('views_handler_filter_tracker_comment_user_uid','class','sites/all/modules/views/modules/tracker/views_handler_filter_tracker_comment_user_uid.inc','views',10),('views_handler_filter_user_current','class','sites/all/modules/views/modules/user/views_handler_filter_user_current.inc','views',10),('views_handler_filter_user_name','class','sites/all/modules/views/modules/user/views_handler_filter_user_name.inc','views',10),('views_handler_filter_user_permissions','class','sites/all/modules/views/modules/user/views_handler_filter_user_permissions.inc','views',10),('views_handler_filter_user_roles','class','sites/all/modules/views/modules/user/views_handler_filter_user_roles.inc','views',10),('views_handler_filter_vocabulary_machine_name','class','sites/all/modules/views/modules/taxonomy/views_handler_filter_vocabulary_machine_name.inc','views',10),('views_handler_filter_vocabulary_vid','class','sites/all/modules/views/modules/taxonomy/views_handler_filter_vocabulary_vid.inc','views',10),('views_handler_relationship','class','sites/all/modules/views/handlers/views_handler_relationship.inc','views',10),('views_handler_relationship_broken','class','sites/all/modules/views/handlers/views_handler_relationship.inc','views',10),('views_handler_relationship_entity_reverse','class','sites/all/modules/views/modules/field/views_handler_relationship_entity_reverse.inc','views',10),('views_handler_relationship_groupwise_max','class','sites/all/modules/views/handlers/views_handler_relationship_groupwise_max.inc','views',10),('views_handler_relationship_node_term_data','class','sites/all/modules/views/modules/taxonomy/views_handler_relationship_node_term_data.inc','views',10),('views_handler_relationship_translation','class','sites/all/modules/views/modules/translation/views_handler_relationship_translation.inc','views',10),('views_handler_sort','class','sites/all/modules/views/handlers/views_handler_sort.inc','views',10),('views_handler_sort_broken','class','sites/all/modules/views/handlers/views_handler_sort.inc','views',10),('views_handler_sort_comment_thread','class','sites/all/modules/views/modules/comment/views_handler_sort_comment_thread.inc','views',10),('views_handler_sort_date','class','sites/all/modules/views/handlers/views_handler_sort_date.inc','views',10),('views_handler_sort_group_by_numeric','class','sites/all/modules/views/handlers/views_handler_sort_group_by_numeric.inc','views',10),('views_handler_sort_menu_hierarchy','class','sites/all/modules/views/handlers/views_handler_sort_menu_hierarchy.inc','views',10),('views_handler_sort_ncs_last_comment_name','class','sites/all/modules/views/modules/comment/views_handler_sort_ncs_last_comment_name.inc','views',10),('views_handler_sort_ncs_last_updated','class','sites/all/modules/views/modules/comment/views_handler_sort_ncs_last_updated.inc','views',10),('views_handler_sort_random','class','sites/all/modules/views/handlers/views_handler_sort_random.inc','views',10),('views_handler_sort_search_score','class','sites/all/modules/views/modules/search/views_handler_sort_search_score.inc','views',10),('views_join','class','sites/all/modules/views/includes/handlers.inc','views',10),('views_join_subquery','class','sites/all/modules/views/includes/handlers.inc','views',10),('views_many_to_one_helper','class','sites/all/modules/views/includes/handlers.inc','views',10),('views_object','class','sites/all/modules/views/includes/base.inc','views',10),('views_plugin','class','sites/all/modules/views/includes/plugins.inc','views',10),('views_plugin_access','class','sites/all/modules/views/plugins/views_plugin_access.inc','views',10),('views_plugin_access_none','class','sites/all/modules/views/plugins/views_plugin_access_none.inc','views',10),('views_plugin_access_perm','class','sites/all/modules/views/plugins/views_plugin_access_perm.inc','views',10),('views_plugin_access_role','class','sites/all/modules/views/plugins/views_plugin_access_role.inc','views',10),('views_plugin_argument_default','class','sites/all/modules/views/plugins/views_plugin_argument_default.inc','views',10),('views_plugin_argument_default_book_root','class','sites/all/modules/views/modules/book/views_plugin_argument_default_book_root.inc','views',10),('views_plugin_argument_default_current_user','class','sites/all/modules/views/modules/user/views_plugin_argument_default_current_user.inc','views',10),('views_plugin_argument_default_fixed','class','sites/all/modules/views/plugins/views_plugin_argument_default_fixed.inc','views',10),('views_plugin_argument_default_node','class','sites/all/modules/views/modules/node/views_plugin_argument_default_node.inc','views',10),('views_plugin_argument_default_php','class','sites/all/modules/views/plugins/views_plugin_argument_default_php.inc','views',10),('views_plugin_argument_default_raw','class','sites/all/modules/views/plugins/views_plugin_argument_default_raw.inc','views',10),('views_plugin_argument_default_taxonomy_tid','class','sites/all/modules/views/modules/taxonomy/views_plugin_argument_default_taxonomy_tid.inc','views',10),('views_plugin_argument_default_user','class','sites/all/modules/views/modules/user/views_plugin_argument_default_user.inc','views',10),('views_plugin_argument_validate','class','sites/all/modules/views/plugins/views_plugin_argument_validate.inc','views',10),('views_plugin_argument_validate_node','class','sites/all/modules/views/modules/node/views_plugin_argument_validate_node.inc','views',10),('views_plugin_argument_validate_numeric','class','sites/all/modules/views/plugins/views_plugin_argument_validate_numeric.inc','views',10),('views_plugin_argument_validate_php','class','sites/all/modules/views/plugins/views_plugin_argument_validate_php.inc','views',10),('views_plugin_argument_validate_taxonomy_term','class','sites/all/modules/views/modules/taxonomy/views_plugin_argument_validate_taxonomy_term.inc','views',10),('views_plugin_argument_validate_user','class','sites/all/modules/views/modules/user/views_plugin_argument_validate_user.inc','views',10),('views_plugin_cache','class','sites/all/modules/views/plugins/views_plugin_cache.inc','views',10),('views_plugin_cache_none','class','sites/all/modules/views/plugins/views_plugin_cache_none.inc','views',10),('views_plugin_cache_time','class','sites/all/modules/views/plugins/views_plugin_cache_time.inc','views',10),('views_plugin_display','class','sites/all/modules/views/plugins/views_plugin_display.inc','views',10),('views_plugin_display_attachment','class','sites/all/modules/views/plugins/views_plugin_display_attachment.inc','views',10),('views_plugin_display_block','class','sites/all/modules/views/plugins/views_plugin_display_block.inc','views',10),('views_plugin_display_default','class','sites/all/modules/views/plugins/views_plugin_display_default.inc','views',10),('views_plugin_display_embed','class','sites/all/modules/views/plugins/views_plugin_display_embed.inc','views',10),('views_plugin_display_extender','class','sites/all/modules/views/plugins/views_plugin_display_extender.inc','views',10),('views_plugin_display_feed','class','sites/all/modules/views/plugins/views_plugin_display_feed.inc','views',10),('views_plugin_display_page','class','sites/all/modules/views/plugins/views_plugin_display_page.inc','views',10),('views_plugin_exposed_form','class','sites/all/modules/views/plugins/views_plugin_exposed_form.inc','views',10),('views_plugin_exposed_form_basic','class','sites/all/modules/views/plugins/views_plugin_exposed_form_basic.inc','views',10),('views_plugin_exposed_form_input_required','class','sites/all/modules/views/plugins/views_plugin_exposed_form_input_required.inc','views',10),('views_plugin_localization','class','sites/all/modules/views/plugins/views_plugin_localization.inc','views',10),('views_plugin_localization_core','class','sites/all/modules/views/plugins/views_plugin_localization_core.inc','views',10),('views_plugin_localization_none','class','sites/all/modules/views/plugins/views_plugin_localization_none.inc','views',10),('views_plugin_localization_test','class','sites/all/modules/views/tests/views_plugin_localization_test.inc','views',10),('views_plugin_pager','class','sites/all/modules/views/plugins/views_plugin_pager.inc','views',10),('views_plugin_pager_full','class','sites/all/modules/views/plugins/views_plugin_pager_full.inc','views',10),('views_plugin_pager_mini','class','sites/all/modules/views/plugins/views_plugin_pager_mini.inc','views',10),('views_plugin_pager_none','class','sites/all/modules/views/plugins/views_plugin_pager_none.inc','views',10),('views_plugin_pager_some','class','sites/all/modules/views/plugins/views_plugin_pager_some.inc','views',10),('views_plugin_query','class','sites/all/modules/views/plugins/views_plugin_query.inc','views',10),('views_plugin_query_default','class','sites/all/modules/views/plugins/views_plugin_query_default.inc','views',10),('views_plugin_row','class','sites/all/modules/views/plugins/views_plugin_row.inc','views',10),('views_plugin_row_aggregator_rss','class','sites/all/modules/views/modules/aggregator/views_plugin_row_aggregator_rss.inc','views',10),('views_plugin_row_comment_rss','class','sites/all/modules/views/modules/comment/views_plugin_row_comment_rss.inc','views',10),('views_plugin_row_comment_view','class','sites/all/modules/views/modules/comment/views_plugin_row_comment_view.inc','views',10),('views_plugin_row_fields','class','sites/all/modules/views/plugins/views_plugin_row_fields.inc','views',10),('views_plugin_row_node_rss','class','sites/all/modules/views/modules/node/views_plugin_row_node_rss.inc','views',10),('views_plugin_row_node_view','class','sites/all/modules/views/modules/node/views_plugin_row_node_view.inc','views',10),('views_plugin_row_rss_fields','class','sites/all/modules/views/plugins/views_plugin_row_rss_fields.inc','views',10),('views_plugin_row_search_view','class','sites/all/modules/views/modules/search/views_plugin_row_search_view.inc','views',10),('views_plugin_row_user_view','class','sites/all/modules/views/modules/user/views_plugin_row_user_view.inc','views',10),('views_plugin_style','class','sites/all/modules/views/plugins/views_plugin_style.inc','views',10),('views_plugin_style_default','class','sites/all/modules/views/plugins/views_plugin_style_default.inc','views',10),('views_plugin_style_grid','class','sites/all/modules/views/plugins/views_plugin_style_grid.inc','views',10),('views_plugin_style_jump_menu','class','sites/all/modules/views/plugins/views_plugin_style_jump_menu.inc','views',10),('views_plugin_style_list','class','sites/all/modules/views/plugins/views_plugin_style_list.inc','views',10),('views_plugin_style_mapping','class','sites/all/modules/views/plugins/views_plugin_style_mapping.inc','views',10),('views_plugin_style_rss','class','sites/all/modules/views/plugins/views_plugin_style_rss.inc','views',10),('views_plugin_style_summary','class','sites/all/modules/views/plugins/views_plugin_style_summary.inc','views',10),('views_plugin_style_summary_jump_menu','class','sites/all/modules/views/plugins/views_plugin_style_summary_jump_menu.inc','views',10),('views_plugin_style_summary_unformatted','class','sites/all/modules/views/plugins/views_plugin_style_summary_unformatted.inc','views',10),('views_plugin_style_table','class','sites/all/modules/views/plugins/views_plugin_style_table.inc','views',10),('views_test_area_access','class','sites/all/modules/views/tests/test_handlers/views_test_area_access.inc','views',10),('views_test_plugin_access_test_dynamic','class','sites/all/modules/views/tests/test_plugins/views_test_plugin_access_test_dynamic.inc','views',10),('views_test_plugin_access_test_static','class','sites/all/modules/views/tests/test_plugins/views_test_plugin_access_test_static.inc','views',10),('views_test_plugin_style_test_mapping','class','sites/all/modules/views/tests/test_plugins/views_test_plugin_style_test_mapping.inc','views',10),('views_ui','class','sites/all/modules/views/plugins/export_ui/views_ui.class.php','views_ui',0);

--
-- Table structure for table `contatos_registry_file`
--

CREATE TABLE `contatos_registry_file` (
  `filename` varchar(255) NOT NULL COMMENT 'Path to the file.',
  `hash` varchar(64) NOT NULL COMMENT 'sha-256 hash of the file’s contents when last parsed.',
  PRIMARY KEY (`filename`)
) ENGINE=InnoDB DEFAULT CHARSET=utf8 COMMENT='Files parsed to build the registry.';

--
-- Dumping data for table `contatos_registry_file`
--

INSERT INTO `contatos_registry_file` VALUES ('includes/actions.inc','859c360d93c9e1b480b2aea97bace00fec80b78ec241d689d50c11c1b9d3724f'),('includes/ajax.inc','246b0e3f55eaac2c44bf3a12bfb1b21e404c8dabee83db3c2dea13d04211f35c'),('includes/archiver.inc','42862bf8819db773fed5c36a8f989a3ff9539a5180164f0cf1f17df26968de0e'),('includes/authorize.inc','f5fe0b9f9c23f9493a42b7b87a1d815f6cf2607042a710c9263d5df78ff35cbb'),('includes/batch.inc','26df3de3705da92b0e70d86461c20e37b5272b2c5eb5eaaadf8ba33ad7de9541'),('includes/batch.queue.inc','9bceecc4155daefbe11c87856d034f75634fa8b42ff21c4ee3366794b92bc0ec'),('includes/bootstrap.inc','14742ca2904230f39b3f318d31174c6cd481e64d9448f583c742c4b1913f89fc'),('includes/cache-install.inc','7405c3a6b7d9a93f88ab299d467d0eff0b17ad36ee4126265f4c6c159204fd90'),('includes/cache.inc','378aa16eb8b485154503243a09fd541fbad7ec1950c6ac5413a9b8b0eb77e775'),('includes/common.inc','3546787506b9c10eae7077f5aa44fd6223f7eb02482dcaeed50c01e19386cff7'),('includes/database/database.inc','f2487f88668baeaa6351db7173af8238a7df8127c737178faf0ea2547d1bf4cb'),('includes/database/log.inc','8f413b2a9797b5882642ea8db86439a195c628da691e9c5cab829df25d82dd20'),('includes/database/mysql/database.inc','34cbf7f2c6b3d378cf1c6410d211afd9aa448a852fcbba8d35feea961c2e21bc'),('includes/database/mysql/install.inc','8895c89a3a308c944f141245afd9382faa06dd5c28a4eb2a0076fb95a765e8fb'),('includes/database/mysql/query.inc','1bfaa2c759e431d699c353cd86f59a02b6dcb2b7afd775576e082155e23d5474'),('includes/database/mysql/schema.inc','0e241bfde91162a9b33f4d51ee2f87f574aac6f3b460b55d5458a41e21b612d1'),('includes/database/pgsql/database.inc','b0d2b97976529c8a22a5c9a845b445b61acdd76538b3530664e6ecb4a9aab521'),('includes/database/pgsql/install.inc','8c12e3a5d1318c095975db1e1db6addc285e48c2fded0e8cdedbb3c69f4365ba'),('includes/database/pgsql/query.inc','4def4aef89e3e971bee2538c485a254cc680a7369e098946088cda0caeaddb18'),('includes/database/pgsql/schema.inc','c1670c9bb98ee363ac69a1b045e7ac04fcec7eac2d83a1087152af90a9d7f323'),('includes/database/pgsql/select.inc','5f6abd312afeffced8ad049abb9890589df17b05de6ef514a8df60b641a5da5c'),('includes/database/prefetch.inc','d001592b2c8967a1848d685dc830dfdc6b88c28b802a09a5abfc5e0f1d5af5f6'),('includes/database/query.inc','f2dd508f46c3599489b67ddf6bf84012b0d3d1dc1e23aaf2ac63aad037816218'),('includes/database/schema.inc','4ac6d78e869c0fa80e5b334e2a03e092bd0345cf56b5828075b279a3628074fc'),('includes/database/select.inc','b65090e4af1742f891ef252a57615dd8ce409813ed75b597a2297ed2e42ec086'),('includes/database/sqlite/database.inc','7b6ffa751324d990e1e0064f9c231fe8d34520c6ae105515d8c1cd78f07e41c6'),('includes/database/sqlite/install.inc','0c6ee172aa22da4364dccf96b586d71fd25a2d860b17b5129e1ab007db40a957'),('includes/database/sqlite/query.inc','64b39522fbb82408c93aca47501583d9fff84e9ddf32bfa105c45da300019c94'),('includes/database/sqlite/schema.inc','9b93aad925e7f94307dc697ac9bca867c67938fd5ff4d9d4c7c06f5d2e5f24a3'),('includes/database/sqlite/select.inc','17d91e8b050487801fbca0023faa7d370490f56e3c069cd707dfb320716fa750'),('includes/date.inc','78db5787e7ff1ee4b3ef89cb7d5766c40bab6432cc708080d8198dc8a08ed948'),('includes/entity.inc','db78100f19e8377d3c837f7975d9d6d67ca66b12d867bd4190219fa815086467'),('includes/errors.inc','4d8bb04e2efeb179913c3895411ab35b4b45e5aa03eb48d36e2e58adc44428f0'),('includes/file.inc','2b224c20ae45132d81300c75af62efe326a7148c0270043f06ae7976b6197d41'),('includes/file.mimetypes.inc','56a56e16249985d6c92f07a52a5702184e0281e343e531509e5fdbc5fa3186fd'),('includes/filetransfer/filetransfer.inc','19c1838b3465797bc3a8c4880efae05f7a76658ac858a6e4a645a63662e57dc7'),('includes/filetransfer/ftp.inc','ef1472c4f7ed05c93e0116148a81181cf81b8293b81b5b87bc4808e11b4f9968'),('includes/filetransfer/local.inc','37cd2835cf0f0df5b637542ea8deffe4d5b50bf325a9f69b689386fe9d7c934c'),('includes/filetransfer/ssh.inc','a15f755a0b85ee727caa0198b1715e5336d79bdbfbe2f3a3b78a9f235a4e8aa1'),('includes/form.inc','c90d9fed826dd28b39e785c6d79486e27c1633e0bc4abe59c5cbe303e7534866'),('includes/graph.inc','2f847387a1fc05bc7dbd555d63bb4108cdfb6dea52d0f5a2ccfa3cf52dfab868'),('includes/image.inc','5c058a24f3664c03556617773c398189d73b681d962dfb6b7aa17244cc1aa355'),('includes/install.core.inc','42ffd72a98f9a3ec59ae16aabd579edbb96ab2a15534c81bf7f4d0f686d481ad'),('includes/install.inc','893a05161fedbab6c870b6d62be88e419b86f89cf49e1741df9bfb974d92dc7a'),('includes/iso.inc','03008d10b9632111813ce57a076330c497091fea77b663b9b2225a41fc5ff016'),('includes/json-encode.inc','026d78220c634efe7baf0c1d4835c2ba1a4d4e9b284954e6d70c3a9dbed2a825'),('includes/language.inc','cb24a2b46ec92889dc02413d02708aebaa52fdab1db5f62fa29aeabc2e9326ac'),('includes/locale.inc','3ececb0b5dbf01878ae26e7a5c1cdbc1628f802b9e4079a1e9dea68dd881d64e'),('includes/lock.inc','86122f2eed8cda399fbb71deabfa1e5658d6e2f1b0fc43a7620ba20666365e3a'),('includes/mail.inc','fe42fea5625e7b4052130f8230cf52fcf5ca2b0a3385b3b441651b4cf17f0e6e'),('includes/menu.inc','c80c40328804b5f06d2901aad2b5493e5d09b5b91880ba86dcd90c7804b0564e'),('includes/module.inc','70e4a4a7cd42802062b4967a708d4a2de60349e9b2389318cf27668848c3a399'),('includes/pager.inc','73477ff89bc22946f6ecfce48ccfda29eb0fdb6a66adce972e7f22cb24090e25'),('includes/password.inc','733ab1ce4038345cbee05ffaebf7aa0c099d3855148a495a91f5321c1bbec591'),('includes/path.inc','ea93b8d80069a7d5cf271853c25461575e48e6bf1e95ea039a974b2c51525b16'),('includes/registry.inc','751977ba376c8213c2988b755f0e93f4e214abdf6c4b1c9f77362006af7b583d'),('includes/session.inc','2b68151b1059845156c20b874e57fe68dbf2a27c6f6b338bbebf2e10069b205e'),('includes/stream_wrappers.inc','bd534ecba834ecbd5438b8ca58ce027cb5984f8e61535de2ef6fb2a8ec68a16d'),('includes/tablesort.inc','52e187114fe0e5cf1f0d7eb5d823f3d35dfb4d23905c0986c370cd645467c109'),('includes/theme.inc','8e892492505773a49fe28f688e51a39e6f6b436e39e033e7baadeba79ccec629'),('includes/theme.maintenance.inc','56f862149825bc1b669ec5f735ce1e89e10e56b781cd2acd81c428c821df39cd'),('includes/token.inc','7e268ac14fd364d9b04bbdf60701772233557da649747932ee0d7998878d3b96'),('includes/unicode.entities.inc','e1a42c70df8e5e2f546e79bd9a69eb39085559ff24e45d53d84d51d7e00547e3'),('includes/unicode.inc','3d43ed77f53960cddb8566e347e1e63b49ac71d80252018e89e1d60f2ee2df72'),('includes/update.inc','f35927e1654a22354821da67a4a190444cde6838d24e2a61c07b8df5e0fc7f0d'),('includes/updater.inc','a9dea2f035e323874929e69beb800b5ff5e73e3b6a904e728788a37ccf008415'),('includes/utility.inc','94c2b587b95740533a83354b12d6f68f8f810e19dbb5652c388da470f88ea4be'),('includes/xmlrpc.inc','957317d5bed22b3ce432a15c645dad7a4e7ee2178618ecb3330bd8e712401a79'),('includes/xmlrpcs.inc','10f1bfbcbb28cd06b1ecc592218f5e15f8661c4006df3d6a7a893dc25625fd79'),('modules/block/block.test','df1b364688b46345523dfcb95c0c48352d6a4edbc66597890d29b9b0d7866e86'),('modules/color/color.test','013806279bd47ceb2f82ca854b57f880ba21058f7a2592c422afae881a7f5d15'),('modules/comment/comment.module','2d52155a3352f85b88331a12d749e7bbe802cba954c38711d5f90edef0bd0994'),('modules/comment/comment.test','083d47035d3e64d1f6f9f1e12bc13d056511019a9de84183088e58a359ea58b9'),('modules/contextual/contextual.test','023dafa199bd325ecc55a17b2a3db46ac0a31e23059f701f789f3bc42427ba0b'),('modules/dashboard/dashboard.test','125df00fc6deb985dc554aa7807a48e60a68dbbddbad9ec2c4718da724f0e683'),('modules/dblog/dblog.test','11fbb8522b1c9dc7c85edba3aed7308a8891f26fc7292008822bea1b54722912'),('modules/field/field.attach.inc','0700c907aaeaf5a636c6c74aad5765c960c6db92f17ea4d98cfb8ee369237c1e'),('modules/field/field.info.class.inc','f533aee1d3e2021a0c1b58defabf17edaa7e12a7d677f9d7ef160bc3323346f4'),('modules/field/field.module','7a3c562f5913e70e713ce9eec9ac73d324184b726f8f36642aac198e7756dc40'),('modules/field/modules/field_sql_storage/field_sql_storage.test','35c9c300bc922d3a7c40516ad0ddeb7dc0ef02dd6b7f3f12b4820c41ce912593'),('modules/field/modules/list/tests/list.test','97e55bd49f6f4b0562d04aa3773b5ab9b35063aee05c8c7231780cdcf9c97714'),('modules/field/modules/number/number.test','9ccf835bbf80ff31b121286f6fbcf59cc42b622a51ab56b22362b2f55c656e18'),('modules/field/modules/options/options.test','c71441020206b1587dece7296cca306a9f0fbd6e8f04dae272efc15ed3a38383'),('modules/field/modules/text/text.test','a1e5cb0fa8c0651c68d560d9bb7781463a84200f701b00b6e797a9ca792a7e42'),('modules/field/tests/field.test','73bc91bbb405f25021340c887f218ea3d1b38473599c234e4c90454e08db63e9'),('modules/field_ui/field_ui.test','da42e28d6f32d447b4a6e5b463a2f7d87d6ce32f149de04a98fa8e3f286c9f68'),('modules/file/tests/file.test','ca4f55f72e76eb1d8a5016f02b3ce3c67efbb3b49646d70ad0ff2248d6f77c38'),('modules/filter/filter.test','184fa79a4802b3903844d35a63fd065ba3d8d025ba39a70cf3ff0ac1ef108bb4'),('modules/help/help.test','bc934de8c71bd9874a05ccb5e8f927f4c227b3b2397d739e8504c8fd6ae5a83c'),('modules/image/image.test','37a999e3988ee08baddd05bb544926db68c00686913285105ca8bb3c34750526'),('modules/locale/locale.test','59fe99927c790699e0d5a7047df7c05eb9ba3ef4c1363a929e7a65115da24f1a'),('modules/node/node.module','f48757c02691ac8adac2ee01a65328127e39357df8e5144022b192420cdde0c6'),('modules/node/node.test','fcb93f5a3662983eac07790fe9e4c2f2ef2181318a00656923f776c07d21ab44'),('modules/path/path.test','2004183b2c7c86028bf78c519c6a7afc4397a8267874462b0c2b49b0f8c20322'),('modules/rdf/rdf.test','b23a27c7bb4073ff07eb28b121e39816968fa2f51a44439c67049fa89f57fb68'),('modules/search/search.extender.inc','a9f096a0476742299e917d0ae5f636389f8107597ebdc862f59821b7b83f132d'),('modules/search/search.test','b7245a29f0e8d61912eb96971addccc9875159ba99c0e4cd5c3f159fc7e256b4'),('modules/shortcut/shortcut.test','0d78280d4d0a05aa772218e45911552e39611ca9c258b9dd436307914ac3f254'),('modules/system/system.archiver.inc','fe7ad8067602e3e706fad1f6caf3d318a16512e06f4a19f892b696d781506b64'),('modules/system/system.mail.inc','b07bc848006f7c5955607de44442e04dac092b5800e5015a86a7c110f19640c3'),('modules/system/system.queue.inc','588bcec70b9f73bab50d84548985f9d9c5215a556d0a0b9ade03fe08a0b3330a'),('modules/system/system.tar.inc','c801c43a98d99a10cf972a7cb97af1d78cad694dbe87b68941a29eefa1a0c48f'),('modules/system/system.test','aac8d7d01620e8a6520c19c81bcf15b67502f0de5f7ca766963cc00f9cf1b8cd'),('modules/system/system.updater.inc','4b4d23058f2af162bbbc886e981ce1b60373aa49a4126ae9d8018748758f57ab'),('modules/taxonomy/taxonomy.module','037a417dd82a22b6e6ac6bf2bc1f724e7f744ade8c9a25ffd277535e9677525f'),('modules/taxonomy/taxonomy.test','966f863d207701e81f8166f726546ef8627b9dff7612c80cdca79b1a1a33620c'),('modules/update/update.test','1ea3e22bd4d47afb8b2799057cdbdfbb57ce09013d9d5f2de7e61ef9c2ebc72d'),('modules/user/user.module','e221906281c55dc381e50986bea3320a7a4f74782f376eada9ec6a229dc3d9f7'),('modules/user/user.test','e65ff6ba03c4b4afbc9a5e13a1b980749c1e711e7d9aa1052b5a6e534d68a47e'),('sites/all/modules/admin_menu/tests/admin_menu.test','185f8244f7a086cda1bd9435ec529e8632598e9b09d1e0d7363b75cf87c04afb'),('sites/all/modules/ctools/includes/context.inc','335d0c873c1641490abf6d67e20e8973b2b957887762698feea10cbbd53bba24'),('sites/all/modules/ctools/includes/math-expr.inc','3386323b01da62e02c9f3607cd7f0a0d46f1af90a107a07aed726b1fa8c28235'),('sites/all/modules/ctools/includes/stylizer.inc','e18f5a1b8af526751d7175354162c06c2013c96f62d9baa399564d8c45a1c90e'),('sites/all/modules/ctools/plugins/export_ui/ctools_export_ui.class.php','41343bd7446446e352d5820e9559f146ea1e16d8e0d9a6453decc46a8155b926'),('sites/all/modules/ctools/views_content/plugins/views/views_content_plugin_display_ctools_context.inc','451bc0ca2cbfdba11159e339de3890480e009de853412034b81d4afe7c102809'),('sites/all/modules/ctools/views_content/plugins/views/views_content_plugin_display_panel_pane.inc','42725257f1ecd6093be2be28875ecf42ae8ec28e2d5a3f6c9f4aebf51a797e6b'),('sites/all/modules/ctools/views_content/plugins/views/views_content_plugin_style_ctools_context.inc','71a211a7602d33bd3a4adfdbbcd5f121bdfac8a2c47ec9f8cbaf74be6c83b05a'),('sites/all/modules/date/date.migrate.inc','6e44d2f6c8ae81a42dc545951663f13e22c914efcaaa9c7c7d7da77ee06d4ecd'),('sites/all/modules/date/date_api/date_api.module','fcf8141a1297154675b33c82ce16e0fc452e2f895e67f9e3d07ffeb1d97aae71'),('sites/all/modules/date/date_api/date_api_sql.inc','89e92bdb4eb9b348a57d70ddb933c86e81f6e7a7047cd9e77c83a454c00c5a11'),('sites/all/modules/date/date_views/includes/date_views.views.inc','c5ee7311c718cf5ce049324215d0f4f75cb6284dc8078a7a5c0f91698c89524a'),('sites/all/modules/date/date_views/includes/date_views_argument_handler.inc','acc9d39134d2131fc8a1c3b4206f3db2edc574cf17b3b36a4b696bffed31af01'),('sites/all/modules/date/date_views/includes/date_views_argument_handler_simple.inc','219aaf7843e1178a84e32a48e2d74155b6dbddadd19b17952d1eaa7232bd491c'),('sites/all/modules/date/date_views/includes/date_views_filter_handler.inc','0e10d186c826871e47110ac639789509ac4d8f62c0add4bea6a7f4bf9f6115ed'),('sites/all/modules/date/date_views/includes/date_views_filter_handler_simple.inc','91919031c3615c72cdb4655cb3a3ff2e0955b332172718831be1d684e840b183'),('sites/all/modules/date/date_views/includes/date_views_plugin_pager.inc','25baab739094a43b64ad8b3fde0946edaf43ad72de25594ffcd2d9893f459f0f'),('sites/all/modules/date/tests/date.test','2d46e3cb15f23762289621603ab82a2dba61e7d280a9cf2e4987b5b153b4568e'),('sites/all/modules/date/tests/date_api.test','ebaf0427701be69bd3dc8a766528d7347a87ee15c2f69b240188aa5ab1182cbd'),('sites/all/modules/date/tests/date_field.test','785a6cf0afcd4619a58263487e27e130ae0724f532018a5a127f24be1dbb4871'),('sites/all/modules/date/tests/date_migrate.test','a43f448732d474c5136d89ff560b7e14c1ff5622f9c35a1998aa0570cd0c536c'),('sites/all/modules/date/tests/date_timezone.test','760c3e761d122bafd2fab2056362f33424416a1407e7a1423df42acd03f84495'),('sites/all/modules/date/tests/date_validation.test','2e4d27c29192c9d55eb27b985d7e9838702c4324d36ed6e3a85999e9f25ada99'),('sites/all/modules/eck/includes/eck.inline_entity_form.inc','1f784ae21484fcb16131401b8cb9e5ca671286948ff623a06ca56d022ace3cc7'),('sites/all/modules/eck/views/handlers/eck_views_handler_field_link.inc','2a5d739088ebd37414d937f2bf83abd3317a8ccce803df1f9c40adaa0ea19111'),('sites/all/modules/eck/views/handlers/eck_views_handler_field_link_delete.inc','5c258f88ea57b52f83e4cd899c0aa0c3a1713553b5c10e3ceed06186618254fd'),('sites/all/modules/eck/views/handlers/eck_views_handler_field_link_edit.inc','cd6cf06b73b9b25fa529acf20c24234a19510c5557aff02899aa3c26b8b177f6'),('sites/all/modules/entity/entity.features.inc','47261e1f4f39ac3707a16fdea8a8147c09df1281bcb4b9e46b0c8120603137e8'),('sites/all/modules/entity/entity.i18n.inc','41e0e62af7e2774f62b162d597bb3244551c280296b692b29d039a2c243d7059'),('sites/all/modules/entity/entity.info.inc','88ce9a9831f9e2d48655a94f25676d9f1473c627dcc0c1cb1a3375ad287ebd03'),('sites/all/modules/entity/entity.rules.inc','774199059d1b3ebe6d3fe7a49dbb1550df489055a3d066b5de54edda8dd7ba84'),('sites/all/modules/entity/entity.test','df253128e41f152b45ef30b5674009c51cf4112450e5dad8e815f39ced280db5'),('sites/all/modules/entity/includes/entity.controller.inc','342db185e6170b63c59a9b360a196eb322edb9a5b8c7819f66b0eae48ed13ebd'),('sites/all/modules/entity/includes/entity.inc','da25181b06430513b3d16b5dbbc4ea94f2064f3d67b33df1c8f356720630cb14'),('sites/all/modules/entity/includes/entity.ui.inc','65739b31af0e6b422919c17805799dc99143fd89cacfb56b9186e26ece2d0df2'),('sites/all/modules/entity/includes/entity.wrapper.inc','09ee7cd08bec4312486d8ccf41f5b997015d58c04d630e39f5b5d70bcec6fb5c'),('sites/all/modules/entity/views/entity.views.inc','de657f42389ed6832df787e4b618d8d7117b60d145d34ce5dcf3a5b65db29df9'),('sites/all/modules/entity/views/handlers/entity_views_field_handler_helper.inc','4ec395881109a71327ab8d7c5b5702bef30288ca66557e44e8539cc15a2135bb'),('sites/all/modules/entity/views/handlers/entity_views_handler_area_entity.inc','7b7bb88e53861739b7279f705f0492fc83ce95f5b20d89339480f546422ebf25'),('sites/all/modules/entity/views/handlers/entity_views_handler_field_boolean.inc','b28b8eee8761ba7a6af35d97ab7aaee28406e6c227271f9769818560626c5791'),('sites/all/modules/entity/views/handlers/entity_views_handler_field_date.inc','b0f5be5b399de94934b24e84c8cf6053a043f6b00c60dcffa752daeafdd38778'),('sites/all/modules/entity/views/handlers/entity_views_handler_field_duration.inc','ed7bb64cb63b94a20c8cde98cfb053b5ea252804396cf61ac562faf1d850266b'),('sites/all/modules/entity/views/handlers/entity_views_handler_field_entity.inc','4f255918a22fefebe9c7734f200751457a7ca4d3648e32a98511bb51968d7521'),('sites/all/modules/entity/views/handlers/entity_views_handler_field_field.inc','893121efbce2a7181e31147bade260c9cc657cbd33b0d254cb28b2650e57566d'),('sites/all/modules/entity/views/handlers/entity_views_handler_field_numeric.inc','f14e2b063930e8820af381b4f5e83c7278440e7804ab88cfde865b6c94e7c0f6'),('sites/all/modules/entity/views/handlers/entity_views_handler_field_options.inc','27ef31b8ee7b9999930380d6a5fdb477772329c4ddbd5c70cc34bcdc7543ce56'),('sites/all/modules/entity/views/handlers/entity_views_handler_field_text.inc','5fb0a85d35d29944c699ceaf6efed5eda2df757009e44caba8ff2be397568b60'),('sites/all/modules/entity/views/handlers/entity_views_handler_field_uri.inc','79ecaa3eb17dfdd0ca077351b75a2c0adf411ebc04720e7cc0e2397674225f24'),('sites/all/modules/entity/views/handlers/entity_views_handler_relationship.inc','b69bc538d1e1e0f91f8485ca54c3b6e2be025caa47619734c467377cf89041b9'),('sites/all/modules/entity/views/handlers/entity_views_handler_relationship_by_bundle.inc','25aebf66cd2437bd5867fef8f0e0e25d4308b9ce491cc79801e9d3cbed68bcba'),('sites/all/modules/entity/views/plugins/entity_views_plugin_row_entity_view.inc','ba557790215f2658146424d933e0d17787a0b15180c5815f23428448ccf056a0'),('sites/all/modules/entityreference/entityreference.migrate.inc','aac8a2b8d9d65b56a4d44d2d4526424d42b2abad25dca5e5535de5199ccb60fb'),('sites/all/modules/entityreference/plugins/behavior/abstract.inc','88a7143008a4a21d901cf0068109bd7aee2a888a92e7e94b8b34caa2a66cf15e'),('sites/all/modules/entityreference/plugins/behavior/EntityReferenceBehavior_TaxonomyIndex.class.php','d681a850fd9bd6e2ea05c597e431dbb70d36dba5048ce86110874b76f798754b'),('sites/all/modules/entityreference/plugins/behavior/EntityReferenceBehavior_ViewsFilterSelect.class.php','43e0be5929d3196135c3afcf601a15f6231fa2306448d5766d47d7b141bde74c'),('sites/all/modules/entityreference/plugins/selection/abstract.inc','5f3053a19ac19c9d070f21373c7fe3a61cccb126bb5da008300a7638bddfa4bb'),('sites/all/modules/entityreference/plugins/selection/EntityReference_SelectionHandler_Generic.class.php','3ae709cda9283ffdb2a0c74dd5dd9931e1a45644ee08cf2cd8053c6a6d64c04b'),('sites/all/modules/entityreference/plugins/selection/EntityReference_SelectionHandler_Views.class.php','930f90ebf0ea37f57939b38fce2e7c8f03d24b277a07f9df2ec10f012b77760d'),('sites/all/modules/entityreference/plugins/selection/views.inc','5f535f46c556266d17294f63c7fa3a27342090b81197a51f48a3f9eadf6f8bd6'),('sites/all/modules/entityreference/tests/entityreference.admin.test','bcd6516be3099ae87a4c3d41add08edd17eafb4244db8442c5dc15f19ebde7ae'),('sites/all/modules/entityreference/tests/entityreference.feeds.test','320c7480b1758e4d80e91c0a6ea3d43b6b35d1adfe00b6155b61ef786510bb7c'),('sites/all/modules/entityreference/tests/entityreference.handlers.test','2fa170925ac5303c519378f1763e918cc2f111205220d90998b547a08db90d8c'),('sites/all/modules/entityreference/tests/entityreference.taxonomy.test','8e4f7d9ae621df0f587b6fcbf139adea2a35c69305ef018ced88447a41164c5f'),('sites/all/modules/entityreference/views/entityreference_plugin_display.inc','9f762a7bfd18713bdf0724a49efaa576c866360951b1c623a900c7f66adafde4'),('sites/all/modules/entityreference/views/entityreference_plugin_row_fields.inc','410f5e1f5760ee14ca11a1cbaadf3fe610dba0844e0031560de35ab4e682c0dd'),('sites/all/modules/entityreference/views/entityreference_plugin_style.inc','692be7e5e3f9ac1ba440b2f591428e90add4c4da560af02dc1d499c352d0b221'),('sites/all/modules/references/node_reference/node_reference.test','69f352e6eaddd471301a292b74ae8dd281b53283112b9823d9fec3a51fd1310a'),('sites/all/modules/references/views/references_handler_argument.inc','231031508b499e882e2b80e66c000c38577ed9a64975ea43d0b7441bff1a98d3'),('sites/all/modules/references/views/references_handler_relationship.inc','e67c5293c59c179005999d67465946793b99f92b5c9421bc5346eaf9dfea14db'),('sites/all/modules/references/views/references_plugin_display.inc','c0abab2ec372f0c5382ec2fc48593d635806be65e0e806874f095315b8a87896'),('sites/all/modules/references/views/references_plugin_row_fields.inc','2bff7a5f9a7357f8618b514a437807156d940ba76fceb34720d2a1de10a6b679'),('sites/all/modules/references/views/references_plugin_style.inc','b0dad018a03974bde55d6b20d50a33187a856d59b42cb57287cf3b5644428f4d'),('sites/all/modules/views/handlers/views_handler_area.inc','95d4374c805c057c9855304ded14ce316cdee8aca0744120a74400e2a8173fae'),('sites/all/modules/views/handlers/views_handler_area_messages.inc','de94f83a65b47d55bbb4949fcf93dd4ad628a4a105cea2b47cdc22593f3e5925'),('sites/all/modules/views/handlers/views_handler_area_result.inc','836747c024cc153ec4516737da0c42a864eb708e0b77d2f8ba606411c57356a2'),('sites/all/modules/views/handlers/views_handler_area_text.inc','531d0ac3b64206970593762df0abac60524f607253c3af876dd66ba747786dce'),('sites/all/modules/views/handlers/views_handler_area_text_custom.inc','35b702060c192b0adf6601ed437d0a02effd3accb71c07d6156013c8be9d5a15'),('sites/all/modules/views/handlers/views_handler_area_view.inc','a6a4a618c96a5657eaa881aa0836663600629529ebfd943c91303a11171974d5'),('sites/all/modules/views/handlers/views_handler_argument.inc','5858d2d1ad3ea0321532da0f66c4d2ef2b2a208e941789b37341b76c783c2d42'),('sites/all/modules/views/handlers/views_handler_argument_date.inc','1b423d5a437bbd8ed97d0bfb69c635d36f15114699a7bc0056568cc87937477d'),('sites/all/modules/views/handlers/views_handler_argument_formula.inc','5a29748494a7e1c37606224de0c3cac45566efe057e4748b6676a898ac224a61'),('sites/all/modules/views/handlers/views_handler_argument_group_by_numeric.inc','b8d29f27592448b63f15138510128203d726590daef56cf153a09407c90ec481'),('sites/all/modules/views/handlers/views_handler_argument_many_to_one.inc','b2de259c2d00fe7ed04eb5d45eb5107ce60535dd0275823883cc29b04d1a3974'),('sites/all/modules/views/handlers/views_handler_argument_null.inc','26699660fd0915ec078d7eb35a93ef39fd53e3a2a4841c0ac5dbf0bb02207bee'),('sites/all/modules/views/handlers/views_handler_argument_numeric.inc','ae23d847fa0f1e92baec32665a8894e26660999e338bebffb49ee42daac5a063'),('sites/all/modules/views/handlers/views_handler_argument_string.inc','f8fe4daf0a636cc93d520a0d5ff212840d8bdaa704ddc3c59a24667f341ed3a1'),('sites/all/modules/views/handlers/views_handler_field.inc','3d059d737e738436a15651f9ac8374f460a71eb569619ba0a8a14a55a3efc87e'),('sites/all/modules/views/handlers/views_handler_field_boolean.inc','dc00b916a223935e05f51d94a2dffbaf430b162517072f7c2122332af41e8fc2'),('sites/all/modules/views/handlers/views_handler_field_contextual_links.inc','9752231bd248bcbc5c7282361098350f080706e3886d20753c5b2059adb10c00'),('sites/all/modules/views/handlers/views_handler_field_counter.inc','fcfd07c8a20b91819af375c5e1edc33ec7e5b6ee48f419f6183f3401abf9af42'),('sites/all/modules/views/handlers/views_handler_field_custom.inc','a3d25fc20401ae0a1af4b7d6e83376a5b7dc18ab0aed17a3c6d81e2314cf19f8'),('sites/all/modules/views/handlers/views_handler_field_date.inc','79cb6583981104d70d20393fe62281c749680f375cb67355635ef00688258934'),('sites/all/modules/views/handlers/views_handler_field_entity.inc','909ab36aff896ad8fa4306d95a052172ec27e471ab385a035fcadef8d019e0f9'),('sites/all/modules/views/handlers/views_handler_field_machine_name.inc','df2fe47cf9c6d2e7de8627c08da809fb60883c38697340966f303c223e22aee4'),('sites/all/modules/views/handlers/views_handler_field_markup.inc','a0c652fdf47f7efe35bbf2371f00e230409fe90ea0038eb101bf0c93ae0718e9'),('sites/all/modules/views/handlers/views_handler_field_math.inc','c0f1cd82305ecc2378a7346ed0e4e5503c031b155d53cbfee2c46f82e7996ce4'),('sites/all/modules/views/handlers/views_handler_field_numeric.inc','51311e98172a3f2b9f8d406e4c64f2bc9d1243ab8003e1d421bf6ffa5f0100df'),('sites/all/modules/views/handlers/views_handler_field_prerender_list.inc','0fe605bf457886fbca5f041a422fc51c6a1927654dcd06cbfc619496fe57de0e'),('sites/all/modules/views/handlers/views_handler_field_serialized.inc','ad3d82a9f37ae4c71a875526c353839da2ff529351efc7861f8b7c9d4b5a47db'),('sites/all/modules/views/handlers/views_handler_field_time_interval.inc','280d569784312d19dabfb7aeb94639442ae37e16cba02659a8251de08a4f1de2'),('sites/all/modules/views/handlers/views_handler_field_url.inc','7ca57a8dcc42a3d1e7e7ec5defa64a689cb678073e15153ff6a7cafe54c90249'),('sites/all/modules/views/handlers/views_handler_filter.inc','b21fbc12bf620db26d391ac0f9e12f5076bbd188c8086c593187365d70bb2861'),('sites/all/modules/views/handlers/views_handler_filter_boolean_operator.inc','f4ca59e4e1f91f219a1b33690a4ad412269946804fe7cacf24f2574b2c6d8599'),('sites/all/modules/views/handlers/views_handler_filter_boolean_operator_string.inc','0ddd32cda535112c187de1c062797849ff90d9b312a8659056e76d2d209f694a'),('sites/all/modules/views/handlers/views_handler_filter_combine.inc','804377cf5e931fa619c2a40425843b24b0bd6008ccb6e79064e0994d9fd696c2'),('sites/all/modules/views/handlers/views_handler_filter_date.inc','e8f6b4181f3661155fd3b94355b2707441e87b2a151af669610a26eb0fba6674'),('sites/all/modules/views/handlers/views_handler_filter_entity_bundle.inc','02db977a67a09f70bdc8e2bbc46a05fff8a6d8bd6423308c95418476e84714a3'),('sites/all/modules/views/handlers/views_handler_filter_equality.inc','2100cdd7f5232348adae494c5122ba41ff051eee0a8cc14aeaf6a66202cb7ed1'),('sites/all/modules/views/handlers/views_handler_filter_fields_compare.inc','e116c3796f1bd409b150f5ab896b9bab956d6e71a82e5770ed6fde44605751b2'),('sites/all/modules/views/handlers/views_handler_filter_group_by_numeric.inc','9401c4c0fe0d678898e5288ef8152784a12e0743df21dec15457353eb2cdb01d'),('sites/all/modules/views/handlers/views_handler_filter_in_operator.inc','8fd7f075468bddde5c4208b1c3a6105f8fea0ac0c214452a37c00fc2f3453a7d'),('sites/all/modules/views/handlers/views_handler_filter_many_to_one.inc','b4a415c2824195d3d7d0e37ada9d69ebec0b9cd833ebcac2439efc20aac15595'),('sites/all/modules/views/handlers/views_handler_filter_numeric.inc','8a999227d17674a70381ab8b45fbdc91269a83a45e5f7514607ed8b4a5bf6a9f'),('sites/all/modules/views/handlers/views_handler_filter_string.inc','140006335ac5b19b6253b431afde624db70385b9d22390b8c275296ae469cc7b'),('sites/all/modules/views/handlers/views_handler_relationship.inc','4fefdb6c9c48b72dcfe86484123b97eb5f5b90b6a440d8026d71f74dccbd1cd6'),('sites/all/modules/views/handlers/views_handler_relationship_groupwise_max.inc','47dcfe351159b10153697c17b3a92607edb34a258ba3b44087c947b9cc88e86f'),('sites/all/modules/views/handlers/views_handler_sort.inc','06aab8d75f3dce81eb032128b8f755bfff752dcefc2e5d494b137bca161fdefa'),('sites/all/modules/views/handlers/views_handler_sort_date.inc','d7e771abf74585bd09cc8e666747a093f40848b451de8ba67c8158317946f1b2'),('sites/all/modules/views/handlers/views_handler_sort_group_by_numeric.inc','4ba1c38c9af32789a951b8f9377e13631ae26bf1dac3371b31a37ead25b32eb8'),('sites/all/modules/views/handlers/views_handler_sort_menu_hierarchy.inc','ccd65ea3b3270366b7175e2cd7cc9167a09c27e1486949e4a05495ff5c7be5c1'),('sites/all/modules/views/handlers/views_handler_sort_random.inc','05a00c3bf76c3278ae0ce39a206a6224089faf5ac4a00dd5b8a558f06fab8e46'),('sites/all/modules/views/includes/base.inc','8389f49a2bc00819c00eae88fc30630151a3487c54a17472956adc4b2c596d04'),('sites/all/modules/views/includes/handlers.inc','fb0553e915ddcae9e19ea6f53ac706df4330c851f96822f5a60563db437734c5'),('sites/all/modules/views/includes/plugins.inc','bb12703a4a4e8bbc42ecc8ce27bf98546d9ea024324f4d03ba77348ec18b328c'),('sites/all/modules/views/includes/view.inc','ed6dec0546e7876b0a9ecfd4a83640fb5582aa6aedb21929f4e08410612d7d06'),('sites/all/modules/views/modules/aggregator/views_handler_argument_aggregator_category_cid.inc','97acf41d6694fd4451909c18b118f482db9f39aa4b8c5cfa75d044d410c46012'),('sites/all/modules/views/modules/aggregator/views_handler_argument_aggregator_fid.inc','c37def91d635b01db36809141d147d263cc910895e11c05e73d703e86b39fd43'),('sites/all/modules/views/modules/aggregator/views_handler_argument_aggregator_iid.inc','344f2806344d9c6356f2e19d297522f53bab7a4cebdf23c76d04c85c9e0a0d8e'),('sites/all/modules/views/modules/aggregator/views_handler_field_aggregator_category.inc','252b30b832d8c0097d6878f5d56beecfc8cc1fc7cc8b5a4670d8d95a80b4f17d'),('sites/all/modules/views/modules/aggregator/views_handler_field_aggregator_title_link.inc','1bb18967b11f2f4de62075d27e483f175b5e3431622c2e5e8292afcd000beadf'),('sites/all/modules/views/modules/aggregator/views_handler_field_aggregator_xss.inc','2db2e1f0500e0a252c7367e6a92906870b3247f9d424f999c381368ee2c76597'),('sites/all/modules/views/modules/aggregator/views_handler_filter_aggregator_category_cid.inc','7c7c0690c836ac1b75bca3433aca587b79aec3e7d072ce97dc9b33a35780ad4f'),('sites/all/modules/views/modules/aggregator/views_plugin_row_aggregator_rss.inc','591e5bb7272e389fe5fc2b563f8887dbc3674811ffbb41333d36a7a9a1859e56'),('sites/all/modules/views/modules/book/views_plugin_argument_default_book_root.inc','bd3bd9496bf519b1688cf39396f3afa495a29c8190a3e173c0740f4d20606a53'),('sites/all/modules/views/modules/comment/views_handler_argument_comment_user_uid.inc','5e29f7523010a074bda7c619b24c5d31e0c060cdbe47136b8b16b2f198ed4b4a'),('sites/all/modules/views/modules/comment/views_handler_field_comment.inc','a126d690cc5bf8491cb4bee4cc8237b90e86768bebbbecb8a9409a3c1e00fa9e'),('sites/all/modules/views/modules/comment/views_handler_field_comment_depth.inc','1dc353a31d3c71c67d0b3e6854d9e767e421010fbbf6a8b04a14035e5f7c097f'),('sites/all/modules/views/modules/comment/views_handler_field_comment_link.inc','1f7382f7cb05c65a7cba44e4cd58022bbc6ce5597b96228d1891d7720510bf0e'),('sites/all/modules/views/modules/comment/views_handler_field_comment_link_approve.inc','f6db8a0b4dd9fffba9d8ecb7b7363ba99d3b2dc7176436a0a6dd7a93195a5789'),('sites/all/modules/views/modules/comment/views_handler_field_comment_link_delete.inc','905a4cb1f91a4b40ee1ca1d1ded9958ae18e82286589fec100adb676769b1fe9'),('sites/all/modules/views/modules/comment/views_handler_field_comment_link_edit.inc','8139c932cde20f366a3019111c054b1ed00dbc0c40634b91239b400243b7723a'),('sites/all/modules/views/modules/comment/views_handler_field_comment_link_reply.inc','8807884efb840407696c909b9d5d07f60bde9d7f385a59eca214178ce5369558'),('sites/all/modules/views/modules/comment/views_handler_field_comment_node_link.inc','64746ff2b80a5f8e83b996a325c3d5c8393934c331510b93d5815ea11c1db162'),('sites/all/modules/views/modules/comment/views_handler_field_comment_username.inc','1ce3fa61b3933a3e15466760e4c5d4a85407ba4c8753422b766fc04395fa4d02'),('sites/all/modules/views/modules/comment/views_handler_field_last_comment_timestamp.inc','30c55ec6d55bf4928b757f2a236aab56d34a8e6955944a1471e9d7b7aed057c0'),('sites/all/modules/views/modules/comment/views_handler_field_ncs_last_comment_name.inc','82025f3ad22b63abc57172d358b3f975006109802f4a5ecac93ce3785c505cae'),('sites/all/modules/views/modules/comment/views_handler_field_ncs_last_updated.inc','facfbc5defd843f4dfb60e645f09a784234d87876628c8de98d2dfa6bb98a895'),('sites/all/modules/views/modules/comment/views_handler_field_node_comment.inc','0cf9e8fb416dca35c3b9df3125eb3a8585f798c6a8f8d0e1034b1fccb5cec38b'),('sites/all/modules/views/modules/comment/views_handler_field_node_new_comments.inc','e0830d1f70dea473e46ab2b86e380ef741b2907f033777889f812f46989f2ff7'),('sites/all/modules/views/modules/comment/views_handler_filter_comment_user_uid.inc','f526c2c4153b28d7b144054828261ba7b26566169350477cd4fb3f5b5f280719'),('sites/all/modules/views/modules/comment/views_handler_filter_ncs_last_updated.inc','9369675dfee24891fe19bddf85a847c275b8127949c55112ae5cb4d422977d24'),('sites/all/modules/views/modules/comment/views_handler_filter_node_comment.inc','70706c47bad9180c2426005da6c178ed8d27b75b28cb797ca2a1925a96dcef09'),('sites/all/modules/views/modules/comment/views_handler_sort_comment_thread.inc','a64bc780cba372bd408f08a5ea9289cdf3d40562bdf2f7320657be9a9f6c7882'),('sites/all/modules/views/modules/comment/views_handler_sort_ncs_last_comment_name.inc','9f039e8b8a046c058fda620804e3503be7b3e7e3e4119f0b015ccbae0922635b'),('sites/all/modules/views/modules/comment/views_handler_sort_ncs_last_updated.inc','fa8b9c3614ad5838aa40194940d9dc6935175a16e141ac919f40e74a7428c4e3'),('sites/all/modules/views/modules/comment/views_plugin_row_comment_rss.inc','ab97ac0ed4e6d7f2d44dc4ae9c5a84fe5658b739e1b609e5a877df528c3aa970'),('sites/all/modules/views/modules/comment/views_plugin_row_comment_view.inc','82d7296fa3109ca170f66f6f3b5e1209af98a9519bb5e4a2c42d9fc0e95d7078'),('sites/all/modules/views/modules/contact/views_handler_field_contact_link.inc','ec783b215a06c89c0933107a580c144051118305dd0129ac28a7fea5f95a8fd5'),('sites/all/modules/views/modules/field/views_handler_argument_field_list.inc','eff5152a2c120425a2a75fe7dbcb49ed86e5d48392b0f45b49c2e7abee9fa72b'),('sites/all/modules/views/modules/field/views_handler_argument_field_list_string.inc','534af91d92da7a622580ab8b262f9ef76241671a5185f30ba81898806c7b7f15'),('sites/all/modules/views/modules/field/views_handler_field_field.inc','dd9ac2c9ca0462dd0453f4075eac95f3015105496f81c73186e6e973cf6f06d5'),('sites/all/modules/views/modules/field/views_handler_filter_field_list.inc','3b55cd0a14453c95ebd534507ab842a8505496d0b7e4c7fcd61c186034c7322d'),('sites/all/modules/views/modules/field/views_handler_relationship_entity_reverse.inc','060035c5430c81671e4541bcf7de833c8a1eb3fa3f3a9db94dd3cebfa4299ef1'),('sites/all/modules/views/modules/filter/views_handler_field_filter_format_name.inc','fc3f074ffb39822182783a8d5cf2b89ffcc097ccbb2ed15818a72a99e3a18468'),('sites/all/modules/views/modules/locale/views_handler_argument_locale_group.inc','c8545411096da40f48eef8ec59391f4729c884079482e3e5b3cdd5578a1f9ad7'),('sites/all/modules/views/modules/locale/views_handler_argument_locale_language.inc','a1b6505bb26e4b3abce543b9097cd0a7b8cddf00bf1e49fbba86febebb0f4486'),('sites/all/modules/views/modules/locale/views_handler_field_locale_group.inc','5b62afe18f92ee4a5fb49eb0995e65b4744bbe3b9c24ffe8f6c21f3191c04afc'),('sites/all/modules/views/modules/locale/views_handler_field_locale_language.inc','0cc08bd2d42e07f26e7acc92642b36f0ac62bf23ee9ba3fd21e6cab9a80e9f72'),('sites/all/modules/views/modules/locale/views_handler_field_locale_link_edit.inc','836ceb1883047011ac1b3dca2254861b8caa1ea67405b3cdbe0fa6f3fbbd5a96'),('sites/all/modules/views/modules/locale/views_handler_field_node_language.inc','a6ccdb6c1c4df3b4fd31b714f5aa4ac99771ffce63439d6c5de6c0ae2f09a2c1'),('sites/all/modules/views/modules/locale/views_handler_filter_locale_group.inc','40fbc041bab64f336f59d1e0593f184b879b2a0c9e2a6050709bdc54cceb2716'),('sites/all/modules/views/modules/locale/views_handler_filter_locale_language.inc','3433893d988aad36b918dd6214f5258b701506bc9c0c6a72fd854a036b635e20'),('sites/all/modules/views/modules/locale/views_handler_filter_locale_version.inc','9337ea5216784ffc67a0aa45c946e65ad11fc40849189cc70911a81366b78620'),('sites/all/modules/views/modules/locale/views_handler_filter_node_language.inc','d7edea3f35891cc76aa3bb185b9c1404378623ea7fd214c2a1f0d824df12779a'),('sites/all/modules/views/modules/node/views_handler_argument_dates_various.inc','d2c17e6ec3d221bdd0d1c060da4b0c85274c8ac5a0b624b1469b162694a8d0f5'),('sites/all/modules/views/modules/node/views_handler_argument_node_language.inc','7ee3ba02bddaa6aeef9961cdf6af7bb386fc2b12529f095b28520bb98af51775'),('sites/all/modules/views/modules/node/views_handler_argument_node_nid.inc','11c5b62413ffd1b2c66d4b60a2fe21cf6eb839ae40d4ef81c7a938c5be3e30de'),('sites/all/modules/views/modules/node/views_handler_argument_node_type.inc','9e21b4cc4ae861f58c804ea7e2c17fbc5dd2a7938b9abfeb54437b531fc95e6e'),('sites/all/modules/views/modules/node/views_handler_argument_node_uid_revision.inc','675c99f8da9748ac507e202f546914bee3ed4065f6ce83a23a2aaafdaefd084e'),('sites/all/modules/views/modules/node/views_handler_argument_node_vid.inc','7e5da5594a336c1d0f4cf080ab3fcd690e0de1ee6b5e1830b5fb76a46bced19c'),('sites/all/modules/views/modules/node/views_handler_field_history_user_timestamp.inc','7d6d9c8273d317ab908d4873a32086dbd5f78a2b2d07b7ed79975841a2cadea6'),('sites/all/modules/views/modules/node/views_handler_field_node.inc','99a0ef52b68e8913eb3563d5c47097c09e46c6493fcb006f383c6f6798edb7fc'),('sites/all/modules/views/modules/node/views_handler_field_node_link.inc','26d8309a3a9140682d7d90e4d16ff664a3d7ce662af6ccbf75dc4c493515d7d9'),('sites/all/modules/views/modules/node/views_handler_field_node_link_delete.inc','3eeed8c9ffc088ee28b8ffaa5e2b084db24284acc4d1b2e69f90c96cc889016d'),('sites/all/modules/views/modules/node/views_handler_field_node_link_edit.inc','28f8c3b7d3d60c31fec3cdf81c84cfbb20f492220457694a0e150c3ddee030c0'),('sites/all/modules/views/modules/node/views_handler_field_node_path.inc','f392fde21e434fd40fc672546ef684780179d91827350ba9c348bb1cc5924727'),('sites/all/modules/views/modules/node/views_handler_field_node_revision.inc','3f510d58acaa8f844292b86c388cb1e78eac8c732bb5e7c9e92439c425710240'),('sites/all/modules/views/modules/node/views_handler_field_node_revision_link.inc','ace72f296cf4a4da4b7dd7b303532aebf93b6b1c18a5d30b51b65738475e3889'),('sites/all/modules/views/modules/node/views_handler_field_node_revision_link_delete.inc','0a36602f080c4ef2bb5cb7dbddc5533deab7743c2fbf3bd88b9e478432cac7fb'),('sites/all/modules/views/modules/node/views_handler_field_node_revision_link_revert.inc','80ddc7f0c001fde9af491bb22d6044b85324fe90bea611fc3822408fd60008fa'),('sites/all/modules/views/modules/node/views_handler_field_node_type.inc','f8f39c6f238f837270d1b2e42e67bf9ab400a37fe24246c8b86dfcfacc1c4fd9'),('sites/all/modules/views/modules/node/views_handler_filter_history_user_timestamp.inc','2970f270e071cad079880e9598d9f7b71d4dd2a2a42a31cd4489029a3cafe158'),('sites/all/modules/views/modules/node/views_handler_filter_node_access.inc','ca625167c8928f1c5b354c27c120ed9b19c1df665dc3b02ed6d96b58194d6243'),('sites/all/modules/views/modules/node/views_handler_filter_node_status.inc','f7099a59d3f237f2870ecb6b0b5e49dd9d785b1085e94baf55687251e7f3231b'),('sites/all/modules/views/modules/node/views_handler_filter_node_type.inc','6842082e7b6e131d6e002e627e6b4490b93ca6ffe7fc0b158d31843217c8c929'),('sites/all/modules/views/modules/node/views_handler_filter_node_uid_revision.inc','b221785bc9a736ef67e4f03e6b26235333115b5b9ce571095de5c5286dd8d744'),('sites/all/modules/views/modules/node/views_plugin_argument_default_node.inc','7fb79c8f4adb9bcef7c7da4bf4046fe3490e16c244f6ab96fdca97a8567315ff'),('sites/all/modules/views/modules/node/views_plugin_argument_validate_node.inc','f10d3f4081eed5ca32c41b67e9a0e6f35b2f8ba2cd7897230cb5a680b410a6de'),('sites/all/modules/views/modules/node/views_plugin_row_node_rss.inc','d170c2aab84b73c862bfa79b7aa3f83f2a6d4668235970a1a797ce6d57501308'),('sites/all/modules/views/modules/node/views_plugin_row_node_view.inc','713e1c83702ac2d0d7fe76374110cdfd657598a8f3b086ec2352f2de38101504'),('sites/all/modules/views/modules/profile/views_handler_field_profile_date.inc','e206509ef8b592e602e005f6e3fa5ba8ef7222bdb5bacd0aaeea898c4001e9b0'),('sites/all/modules/views/modules/profile/views_handler_field_profile_list.inc','da5fa527ab4bb6a1ff44cc2f9cec91cf3b094670f9e6e3884e1fedce714afe6f'),('sites/all/modules/views/modules/profile/views_handler_filter_profile_selection.inc','758dea53760a1b655986c33d21345ac396ad41d10ddf39dd16bc7d8c68e72da7'),('sites/all/modules/views/modules/search/views_handler_argument_search.inc','3c20f1234af341ea2229419980d8405b7eca5005c1e0ee387c8d5cd7a58c5c60'),('sites/all/modules/views/modules/search/views_handler_field_search_score.inc','711af637c864b775672d9f6203fc2da0902ed17404181d1117b400012aac366f'),('sites/all/modules/views/modules/search/views_handler_filter_search.inc','15d63289e4821f329f44eb40dc121375e024e61fc2f1158f71b3d6c77fe6c4f1'),('sites/all/modules/views/modules/search/views_handler_sort_search_score.inc','9d23dd6c464d486266749106caec1d10cec2da1cc3ae5f907f39056c46badbdf'),('sites/all/modules/views/modules/search/views_plugin_row_search_view.inc','bc25864154d4df0a58bc1ac1148581c76df36267a1d18f8caee2e3e1233c8286'),('sites/all/modules/views/modules/statistics/views_handler_field_accesslog_path.inc','7843e5f4b35f4322d673b5646e840c274f7d747f2c60c4d4e9c47e282e6db37d'),('sites/all/modules/views/modules/system/views_handler_argument_file_fid.inc','e9bf1fdf12f210f0a77774381b670c77ee88e7789971ce732b254f6be5a0e451'),('sites/all/modules/views/modules/system/views_handler_field_file.inc','0fff4adb471c0c164a78f507b035a68d41f404ab10535f06f6c11206f39a7681'),('sites/all/modules/views/modules/system/views_handler_field_file_extension.inc','768aa56198c7e82327391084f5dd27d7efdb8179ff6b8c941f892fe30469a0da'),('sites/all/modules/views/modules/system/views_handler_field_file_filemime.inc','bdd7f1255f3000f7f2900341d4c4ca378244b96390ef52a30db2962d017b61a4'),('sites/all/modules/views/modules/system/views_handler_field_file_status.inc','bfb0b9d796a4dbf95c4bb7a3deef7724bcda9e0d9067939b74ec787da934f2b0'),('sites/all/modules/views/modules/system/views_handler_field_file_uri.inc','350d7dde27ee97cb4279360374eb8633ce7fee115a109346bea85c2c4e3a68c2'),('sites/all/modules/views/modules/system/views_handler_filter_file_status.inc','9210a34795f9db36974525e718c91c03c28554da1199932791925d7c4a2f3b11'),('sites/all/modules/views/modules/system/views_handler_filter_system_type.inc','d27513703a75c4d8af79b489266cf4102a36e350c3d90404dab24403ab637205'),('sites/all/modules/views/modules/taxonomy/views_handler_argument_taxonomy.inc','8962fa76f1e03316932468b0fd805817af94726beb82bf9f4786e0c709264662'),('sites/all/modules/views/modules/taxonomy/views_handler_argument_term_node_tid.inc','79a80284231b3bc5aab36833e8200853686784f880dc6b104552d61fc602f27c'),('sites/all/modules/views/modules/taxonomy/views_handler_argument_term_node_tid_depth.inc','5b2806fbad4a6cc104e733a3a0faf6eb1c19975930c67c4149fb3267976e0b7d'),('sites/all/modules/views/modules/taxonomy/views_handler_argument_term_node_tid_depth_modifier.inc','d85ebe68290239b25fc240451655b825325854e9707cf742fbd75de81e0f1aa7'),('sites/all/modules/views/modules/taxonomy/views_handler_argument_vocabulary_machine_name.inc','888647527bec3444b2d0a571a77900396d7c5e884bca04a2a3667a61f6377b5e'),('sites/all/modules/views/modules/taxonomy/views_handler_argument_vocabulary_vid.inc','bf4be783ef6899f004f4dbd06c1bf2cd6dbc322678c825eec36bee81d667e81f'),('sites/all/modules/views/modules/taxonomy/views_handler_field_taxonomy.inc','b0dd5cfa87c44b95aefd819444e4985c1773350bcf9fe073a2ef5c82b680b833'),('sites/all/modules/views/modules/taxonomy/views_handler_field_term_link_edit.inc','3da63f6feb1fa3312853b54585d761d037dac8841b4c06e01e35463c9098064a'),('sites/all/modules/views/modules/taxonomy/views_handler_field_term_node_tid.inc','29c5132ac98a2959405e44f9a83096b0dcfa30ed7fb4688453ca7e1fc779684b'),('sites/all/modules/views/modules/taxonomy/views_handler_filter_term_node_tid.inc','fd93029dec8fcd8f5bb1f1385460c6c90ad3049c4eda293b49d9334f014dae08'),('sites/all/modules/views/modules/taxonomy/views_handler_filter_term_node_tid_depth.inc','0b05ec052dcc03081e20338808dda17beb0bdf869b0cfc1375ca96cfb758c22a'),('sites/all/modules/views/modules/taxonomy/views_handler_filter_vocabulary_machine_name.inc','f1787b436b914cfe5ca6f2575d4c0595f4f496795711d6e8a116a39986728b0a'),('sites/all/modules/views/modules/taxonomy/views_handler_filter_vocabulary_vid.inc','2a4d7dfbb6b795d217e2617595238f552bbea04b80217c933f1ee9978ceb7a0e'),('sites/all/modules/views/modules/taxonomy/views_handler_relationship_node_term_data.inc','2ef7502b02b7ea435ac166274c0e7b8576ef76353fc196a26ab79e9057b6da56'),('sites/all/modules/views/modules/taxonomy/views_plugin_argument_default_taxonomy_tid.inc','fc4c3ace525162fc922de581af0710c7d92dc355e9630040a29a5c3a6ab7f9af'),('sites/all/modules/views/modules/taxonomy/views_plugin_argument_validate_taxonomy_term.inc','d1a7aa7ebd9c698afcdcf75b2f0affa981124064ff787ebc716bfac3ee0f60af'),('sites/all/modules/views/modules/tracker/views_handler_argument_tracker_comment_user_uid.inc','91f5b7e9537942eee7a1798906f772cb9806eebfdc201c54fcdecf027cd71d0f'),('sites/all/modules/views/modules/tracker/views_handler_filter_tracker_boolean_operator.inc','5efea908902052d68141017b6f29f17381e7bb8ebb6d88245471926f0a552207'),('sites/all/modules/views/modules/tracker/views_handler_filter_tracker_comment_user_uid.inc','05e07f74d1e3978afd4c80a9b4bd72444872b84a44949a512f1d3040ce28421c'),('sites/all/modules/views/modules/translation/views_handler_argument_node_tnid.inc','b0e3c87d3790cfa2e265f3d9700f2b3c2857932aa4b6e003e5d0114fc1b4d499'),('sites/all/modules/views/modules/translation/views_handler_field_node_link_translate.inc','27a1ac81b50d4807d9a1eff4c5dc8929e4472f9d363f70f5391a794db73424a2'),('sites/all/modules/views/modules/translation/views_handler_field_node_translation_link.inc','641ff25cd317bb803de2ace4bd23e8c5f5af5ba4ac38aab7be2fdc58fbb9e86a'),('sites/all/modules/views/modules/translation/views_handler_filter_node_tnid.inc','0942fd793740e3aec032a1abb7132f53788a9cdeaeb3d931cac908ac30b73950'),('sites/all/modules/views/modules/translation/views_handler_filter_node_tnid_child.inc','2a7a96d6caa4a99996549be0457bf40fa619731543a636d4573e55c190c64c7a'),('sites/all/modules/views/modules/translation/views_handler_relationship_translation.inc','9137c85f5ca309d4ee0d3243c470563a5853f5926b8cbd3e843438d4308c9516'),('sites/all/modules/views/modules/user/views_handler_argument_users_roles_rid.inc','72da80e7f3c6980da024d86f37ba3721021cc1ead2cfcc1ab9b27897b7b5077a'),('sites/all/modules/views/modules/user/views_handler_argument_user_uid.inc','a4af1bdc1ec5e40587c22c14e839980050baaa346c9d5934ef3f01794932cdc5'),('sites/all/modules/views/modules/user/views_handler_field_user.inc','1a2141524e43d86b52c7828fe6df61dd603ad433743c1139cfc5cc28ccb5ce74'),('sites/all/modules/views/modules/user/views_handler_field_user_language.inc','5a3da9e08ebeebbcb5abc6a9b16e0d380c5bb5c57b608afb540a3ca6dc1b2959'),('sites/all/modules/views/modules/user/views_handler_field_user_link.inc','5a0f35d5305a29816658385ecbd804bf43c92d4b3629fbe4bd9b8d0e9574b6ff'),('sites/all/modules/views/modules/user/views_handler_field_user_link_cancel.inc','b865881b15ce86b5a00f2892d3fc62f40131417527211275ff9a3d09d485750b'),('sites/all/modules/views/modules/user/views_handler_field_user_link_edit.inc','5d7c1155d9eccbd6b07c7446fe2b6a8848d6a500f508ac3779f16df56816f92b'),('sites/all/modules/views/modules/user/views_handler_field_user_mail.inc','b7355b704f19322afb4876cea27744367e20098d4ed973e480bf2baf1ddd111c'),('sites/all/modules/views/modules/user/views_handler_field_user_name.inc','5fd9a4d7843fee83cf529384a52d7ae69e40a9c8846e7f285e94f4bbbf8c7e29'),('sites/all/modules/views/modules/user/views_handler_field_user_permissions.inc','ec37373524bf23ae107adda6b825570c550e6654c0f0956409fc58df2c860903'),('sites/all/modules/views/modules/user/views_handler_field_user_picture.inc','0103d136a91fb219fd981801301b7df00adf90617900ded08efbf6d7df04959b'),('sites/all/modules/views/modules/user/views_handler_field_user_roles.inc','ab5068c4f01a05c6511f7d4b973a77650d5b5c481d4a73f63b7a9b1ef9c0d138'),('sites/all/modules/views/modules/user/views_handler_filter_user_current.inc','7f70b7e3b3c10e75d95f54afc9c2fe2f1af9b7a9eab2308d2961b2588dc05845'),('sites/all/modules/views/modules/user/views_handler_filter_user_name.inc','5225e5d89051313e0e49ea833709bb4dc44369afeee970b0cfaf1818ababa22c'),('sites/all/modules/views/modules/user/views_handler_filter_user_permissions.inc','a72e8d02c1075cebfee33e5b046460eef9193b2a7c1d47ff130457e4485b6fe5'),('sites/all/modules/views/modules/user/views_handler_filter_user_roles.inc','3bb69fbc4e352ce8e4840ec78bdd0f1f29e8709097ce6b29cc2fedd2c74c023e'),('sites/all/modules/views/modules/user/views_plugin_argument_default_current_user.inc','11e729115350deffe46ebfe3a55281fa169a90e38a76c3a9d98f26c87900a22b'),('sites/all/modules/views/modules/user/views_plugin_argument_default_user.inc','fe567f009a8e20f402f104b157fd44c04d6bd886a39b2f3355104f644f905419'),('sites/all/modules/views/modules/user/views_plugin_argument_validate_user.inc','40d623b0a678fa7c292da92582f06449d0396341ab161069f0fe8d1086ab95da'),('sites/all/modules/views/modules/user/views_plugin_row_user_view.inc','52548cca3f18d25b06cfce15ee00acea530b85bd22a10944d984b5a798c5969f'),('sites/all/modules/views/plugins/export_ui/views_ui.class.php','8548322a602b99e4343948255a8c89b034e005a29d71e499cea7c60a4d8a6d87'),('sites/all/modules/views/plugins/views_plugin_access.inc','cc16bf7dc4c10eab382e948cfd91902ac1055514b627e3c50932376d3e3f1b91'),('sites/all/modules/views/plugins/views_plugin_access_none.inc','8e0a6b706c60abf63ab84d8624567ca12a5b80ad293e4334790065fbe6fa14d4'),('sites/all/modules/views/plugins/views_plugin_access_perm.inc','1807a9c91485a5abd3fb2f6590ed4bc185fdabe308db37b169be8abdfc30cab2'),('sites/all/modules/views/plugins/views_plugin_access_role.inc','8784836ea87ec6b0974125ed95ed6bbf6fdf91624f496f22c28e9229c695068d'),('sites/all/modules/views/plugins/views_plugin_argument_default.inc','43e593760f0e8f031f2e7b861385caa5e39f37de400fe4595925288c78f52f23'),('sites/all/modules/views/plugins/views_plugin_argument_default_fixed.inc','daaa3b59b54cbb11e411e010303f67a51348bb97a4e06997b475f4c41e91c4e0'),('sites/all/modules/views/plugins/views_plugin_argument_default_php.inc','7a133b603294bfe498bfdeb50fade0b6e3cf8862270376067d86f69e7dc50eb8'),('sites/all/modules/views/plugins/views_plugin_argument_default_raw.inc','4318e0dfa56f167183453cf8cd913f3b7ee539b77a096507905e36db12ded97e'),('sites/all/modules/views/plugins/views_plugin_argument_validate.inc','c71e2b54623cc62530ebb717dec1406c76200a59270d9c60b3be290694c9fdd8'),('sites/all/modules/views/plugins/views_plugin_argument_validate_numeric.inc','c050d3b5723dbfdca9ad312c7fa198e509c626057b95eed326820ce733dd9730'),('sites/all/modules/views/plugins/views_plugin_argument_validate_php.inc','56a09922081a5e368d5796907727e35cbf43b0d634e53f947990c8a42d5b5f3e'),('sites/all/modules/views/plugins/views_plugin_cache.inc','409c58cff620b455bd707021bf5831afca97aee87b71a1d1d90bfc46985f1d44'),('sites/all/modules/views/plugins/views_plugin_cache_none.inc','a0d0ba252e1e2b65350c7ce648b97364726fa8ded5a366bfcce30c62daee4450'),('sites/all/modules/views/plugins/views_plugin_cache_time.inc','10db3dd52b06478b7be9b858f3a053ae2c2f6377abe488ad912f8ca786200a1d'),('sites/all/modules/views/plugins/views_plugin_display.inc','e880975994f9dc9beff3c51e29b01285895109271e2602ed2c1c367fb8d80b30'),('sites/all/modules/views/plugins/views_plugin_display_attachment.inc','712f4b78334d8b9abe275ef309541f69ae920117c82930cba1ddbb163cb078f5'),('sites/all/modules/views/plugins/views_plugin_display_block.inc','be9e3c4a9e28270147bb21de8056712d58e47eeddf6e002fdb9425996d5d5ead'),('sites/all/modules/views/plugins/views_plugin_display_default.inc','91c6554d8f41f848bf30093d44d076051c54e998f6b50bdc2a922bfeeef9c54d'),('sites/all/modules/views/plugins/views_plugin_display_embed.inc','5424f2ea9e031faade7a562b8013aea193db5b0bc1be92b97bd7967de0d7bfff'),('sites/all/modules/views/plugins/views_plugin_display_extender.inc','75fb9f80e7f153715b911690c7140f251df588e6a541fab5881fbfafc0bbf778'),('sites/all/modules/views/plugins/views_plugin_display_feed.inc','f2fb6152e12da300b9bb8e1b45621dfe921c3ce0e769970ee1532e32a3657c53'),('sites/all/modules/views/plugins/views_plugin_display_page.inc','f7138a876ee88c50266d9fcb65f632d8d46d43d8152f760630cb11ae5e69afde'),('sites/all/modules/views/plugins/views_plugin_exposed_form.inc','0632ce61b4e39f8c0f39866987e4908657020298520fcf7c2712c0135e77d95b'),('sites/all/modules/views/plugins/views_plugin_exposed_form_basic.inc','c736e1862b393e15ecc80deb58663405a1d68c2db07eb620d8e640406876cd17'),('sites/all/modules/views/plugins/views_plugin_exposed_form_input_required.inc','98b81e3b78f7242dd30a3754830bdde2fb1dfe8f002ae0daa06976f1bb64fa75'),('sites/all/modules/views/plugins/views_plugin_localization.inc','d7239cc693994dcd069c1f1e7847a7902c5bd29b8d64a93cdf37c602576661fb'),('sites/all/modules/views/plugins/views_plugin_localization_core.inc','f0900c0640e7c779e9b876223ea395f613c8fe8449f6c8eb5d060e2d54a6afcc'),('sites/all/modules/views/plugins/views_plugin_localization_none.inc','4930c3a13ddc0df3065f4920a836ffdc933b037e1337764e6687d7311f49dd8a'),('sites/all/modules/views/plugins/views_plugin_pager.inc','d7c32e38f149e9009e175395dff2b00ec429867653c7535301b705a7cc69d9ed'),('sites/all/modules/views/plugins/views_plugin_pager_full.inc','60e4dec532de00bf7e785e5fa29a0be43c7b550efa85df0346a1712a3c39f7cd'),('sites/all/modules/views/plugins/views_plugin_pager_mini.inc','0a9d101d5a4217fb888c643bfddd7bf7f2f9c0937faa2753a31452a5ee68190b'),('sites/all/modules/views/plugins/views_plugin_pager_none.inc','822cab1ada25f4902a0505f13db86886061d2ced655438b33b197d031ccceddd'),('sites/all/modules/views/plugins/views_plugin_pager_some.inc','bc6aa7cbf1bc09374eced33334195c8897e4078336b8306d02d71c7aaaa22c99'),('sites/all/modules/views/plugins/views_plugin_query.inc','0594d1fd0c34b86c6b81741e134da2d385d6be47b667af6660dd1d268fb7fa95'),('sites/all/modules/views/plugins/views_plugin_query_default.inc','b6ddc82766bda14ee456b15fcf77c27df9f0b49c520b6c249d557246b8a931a7'),('sites/all/modules/views/plugins/views_plugin_row.inc','3ca81529526b930cfb0dda202757f203649236b90441e3c035bb79cd419ee2a6'),('sites/all/modules/views/plugins/views_plugin_row_fields.inc','875fb2868cdbcc5f7af03098cbe55b9bb91ef512e5e52ccde89f7a02a0c5fbe2'),('sites/all/modules/views/plugins/views_plugin_row_rss_fields.inc','62f4a0ceef14aec9958ee8b98d352303f10818ddc66031814cc8b9d21752ade9'),('sites/all/modules/views/plugins/views_plugin_style.inc','60243c95aa09e6b09de8418a6dc2b67eabf1e83289cfbf4658c519d6206227be'),('sites/all/modules/views/plugins/views_plugin_style_default.inc','bf411e635d2fd9e09eb245b43581a0a7b670359180ccb042d42a5e579bbe9c30'),('sites/all/modules/views/plugins/views_plugin_style_grid.inc','35094b7f644b7e0692c9026b6b6b4c4c864c37fcdedef04b359dd2bdba496a47'),('sites/all/modules/views/plugins/views_plugin_style_jump_menu.inc','102fb3041a2f9a4ce9607a5bc2acc296ed625bee2fcbfa70354c1edd613066cd'),('sites/all/modules/views/plugins/views_plugin_style_list.inc','407b928d2c74a91903b681088bccce926d2268d0a9a6a34c185a4849dc0d7e31'),('sites/all/modules/views/plugins/views_plugin_style_mapping.inc','af4b75dd08f1597280a8deb6086259be4f10af50acace43ce2013170655f752c'),('sites/all/modules/views/plugins/views_plugin_style_rss.inc','77fcd2a962022159e89a773c49823306ef69a0dd1b54e6b344d1e2e45590d3d1'),('sites/all/modules/views/plugins/views_plugin_style_summary.inc','872df59f8f389eaf9b019e82d859dd198d31166e26a9102132e3932c7f1f2916'),('sites/all/modules/views/plugins/views_plugin_style_summary_jump_menu.inc','2ec0d225824ee65b6bb61317979e1dabe2be524a66ab19da924c6949dd31af3b'),('sites/all/modules/views/plugins/views_plugin_style_summary_unformatted.inc','c1e6f9dd1d75e29fee271171440d2182e633a1dbbc996cb186f637ff7ad93ed9'),('sites/all/modules/views/plugins/views_plugin_style_table.inc','0cbcc5d256a13953fbd3e5966a33d2426d5c3bd8c228ef370daebf2f428e693c'),('sites/all/modules/views/plugins/views_wizard/views_ui_base_views_wizard.class.php','d8325414c8ddde5c955a5cfb053b77478bb4d73cb2f7d75b857b082bc5a1e12d'),('sites/all/modules/views/plugins/views_wizard/views_ui_comment_views_wizard.class.php','208d02d7185ccc89c6767d31be2f5417c7877a6846457194eb103bd648aa7577'),('sites/all/modules/views/plugins/views_wizard/views_ui_file_managed_views_wizard.class.php','5734fb564ba9e2485cfa5d4a49f0c76f65a9be357b78e769ee4af92c4ef9e22a'),('sites/all/modules/views/plugins/views_wizard/views_ui_node_revision_views_wizard.class.php','6faf9ef92501a4f1aeaf86bcff9edaeb47bd7526ba50d06b841c9366149e7725'),('sites/all/modules/views/plugins/views_wizard/views_ui_node_views_wizard.class.php','2862cfdcef52cdd42f3b0e0113148bd0da8a93b6cd200f94d51df34e5428fcd2'),('sites/all/modules/views/plugins/views_wizard/views_ui_taxonomy_term_views_wizard.class.php','a8713b5a925ce8619f4f7b2ce74fbf9f7bb570f8ed084c8a7a5865fb40032eab'),('sites/all/modules/views/plugins/views_wizard/views_ui_users_views_wizard.class.php','f9fe2fb1ee87a1871e6ad32bad61b2457313f24da1bd5423977ced12de542919'),('sites/all/modules/views/tests/comment/views_handler_argument_comment_user_uid.test','b8b417ef0e05806a88bd7d5e2f7dcb41339fbf5b66f39311defc9fb65476d561'),('sites/all/modules/views/tests/comment/views_handler_filter_comment_user_uid.test','347c6ffd4383706dbde844235aaf31cff44a22e95d2e6d8ef4da34a41b70edd1'),('sites/all/modules/views/tests/field/views_fieldapi.test','53e6d57c2d1d6cd0cd92e15ca4077ba532214daf41e9c7c0f940c7c8dbd86a66'),('sites/all/modules/views/tests/handlers/views_handlers.test','f94dd3c4ba0bb1ffbf42704f600b94a808c1202a9ca26e7bdef8e7921c2724e9'),('sites/all/modules/views/tests/handlers/views_handler_area_text.test','af74a74a3357567b844606add76d7ca1271317778dd7bd245a216cf963c738b4'),('sites/all/modules/views/tests/handlers/views_handler_argument_null.test','1d174e1f467b905d67217bd755100d78ffeca4aa4ada5c4be40270cd6d30b721'),('sites/all/modules/views/tests/handlers/views_handler_argument_string.test','3d0213af0041146abb61dcdc750869ed773d0ac80cfa74ffbadfdd03b1f11c52'),('sites/all/modules/views/tests/handlers/views_handler_field.test','af552bf825ab77486b3d0d156779b7c4806ce5a983c6116ad68b633daf9bb927'),('sites/all/modules/views/tests/handlers/views_handler_field_boolean.test','d334b12a850f36b41fe89ab30a9d758fd3ce434286bd136404344b7b288460ae'),('sites/all/modules/views/tests/handlers/views_handler_field_counter.test','75b31942adf06b107f5ffd3c97545fde8cd1040b1d00f682e3c7c1320026e26c'),('sites/all/modules/views/tests/handlers/views_handler_field_custom.test','1446bc3d5a6b1180a79edfa46a5268dbf7f089836aa3bc45df00ddaff9dd0ce1'),('sites/all/modules/views/tests/handlers/views_handler_field_date.test','02df76a93a42d6131957748b1e69254835f9e44a47dafca1e833914e6b7f88a0'),('sites/all/modules/views/tests/handlers/views_handler_field_file_extension.test','606ca091ad7e5709f7653324aaa021484d1f0e07e8639b3f0f7c26d3cfdee53c'),('sites/all/modules/views/tests/handlers/views_handler_field_file_size.test','49184db68af398a54e81c8a76261acd861da8fd7846b9d51dcf476d61396bfb9'),('sites/all/modules/views/tests/handlers/views_handler_field_math.test','6e39e4f782e6b36151ceafb41a5509f7c661be79b393b24f6f5496d724535887'),('sites/all/modules/views/tests/handlers/views_handler_field_url.test','b41f762a71594b438a2e60a79c8260ba54e6305635725b0747e29f0d3ffe08c9'),('sites/all/modules/views/tests/handlers/views_handler_field_xss.test','f129ee16c03f84673e33990cbb2da5aa88c362f46e9ba1620b2a842ffd1c9cd2'),('sites/all/modules/views/tests/handlers/views_handler_filter_combine.test','05842d83a11822afe7d566835f5db9f0f94fdb27ddfc388d38138767bdf36f8b'),('sites/all/modules/views/tests/handlers/views_handler_filter_date.test','045cc449b68bbd5526071bf38c505b6d44f6c91868273c3120705c3bad250aee'),('sites/all/modules/views/tests/handlers/views_handler_filter_equality.test','c88f21c9cbf1aae83393b26616908f8020c18fe378d76256c7ba192df2ec17af'),('sites/all/modules/views/tests/handlers/views_handler_filter_in_operator.test','89420a4071677232e0eb82b184b37b818a82bdb2ff90a8b21293f9ecb21808bf'),('sites/all/modules/views/tests/handlers/views_handler_filter_numeric.test','35ac7a34e696b979e86ef7209b6697098d9abe218e30a02cc4fe39fb11f2a852'),('sites/all/modules/views/tests/handlers/views_handler_filter_string.test','b7d090780748faad478e619fd55673d746d4a0cf343d9e40ea96881324c34cbd'),('sites/all/modules/views/tests/handlers/views_handler_sort.test','f4ff79e6bc54e83c4eb2777811f33702b7e9fe7416ef70ae00d100fa54d44fec'),('sites/all/modules/views/tests/handlers/views_handler_sort_date.test','f548584d7c6a71cabd3ce07e04053a38df3f3e1685210ce8114238fd05344c10'),('sites/all/modules/views/tests/handlers/views_handler_sort_random.test','4fdba9bf05a26720ffa97e7a37da65ddc9044bd2832f8c89007b82feb062f182'),('sites/all/modules/views/tests/node/views_node_revision_relations.test','9467497a6d693615b48c8f57611a850002317bcb091b926d2efbbe56a4e61480'),('sites/all/modules/views/tests/plugins/views_plugin_display.test','4a6b136543a60999604c54125fa9d4f5aa61a5dcc71e2133d89325d81bc0fc2d'),('sites/all/modules/views/tests/styles/views_plugin_style.test','fb6c3279645fbcc1126acb3e1c908189e5240c647f81dcfd9b0761570c99d269'),('sites/all/modules/views/tests/styles/views_plugin_style_base.test','54fb7816d18416d8b0db67e9f55aa2aa50ac204eb9311be14b6700b7d7a95ae7'),('sites/all/modules/views/tests/styles/views_plugin_style_jump_menu.test','b88baa8aebe183943a6e4cf2df314fef13ac41b5844cd5fa4aa91557dd624895'),('sites/all/modules/views/tests/styles/views_plugin_style_mapping.test','a4e68bc8cfbeff4a1d9b8085fd115bfe7a8c4b84c049573fa0409b0dc8c2f053'),('sites/all/modules/views/tests/styles/views_plugin_style_unformatted.test','033ca29d41af47cd7bd12d50fea6c956dde247202ebda9df7f637111481bb51d'),('sites/all/modules/views/tests/taxonomy/views_handler_relationship_node_term_data.test','6074f5c7ae63225ea0cd26626ace6c017740e226f4d3c234e39869c31308223d'),('sites/all/modules/views/tests/test_handlers/views_test_area_access.inc','619e39bc4535976865b96751535d0d5aac4a7a87c1d47cb6d4c4bb9c9fa74716'),('sites/all/modules/views/tests/test_plugins/views_test_plugin_access_test_dynamic.inc','6a3ce8c256b84734b6b67a893ab24465a5f62d7bdf9ab5d22082a31849346b7d'),('sites/all/modules/views/tests/test_plugins/views_test_plugin_access_test_static.inc','e345e42d443cfa73db0ed2be61291117ebd57b86196cdb77c6f440e93443def3'),('sites/all/modules/views/tests/test_plugins/views_test_plugin_style_test_mapping.inc','0b2c68626105bd5f6b9074022a37c3d09d3a6bd70b811bb26d5eacad6d74546f'),('sites/all/modules/views/tests/user/views_handler_field_user_name.test','69641b6da26d8daee9a2ceb2d0df56668bf09b86db1d4071c275b6e8d0885f9e'),('sites/all/modules/views/tests/user/views_user.test','fbb63b42a0b7051bd4d33cf36841f39d7cc13a63b0554eca431b2a08c19facae'),('sites/all/modules/views/tests/user/views_user_argument_default.test','6423f2db7673763991b1fd0c452a7d84413c7dd888ca6c95545fadc531cfaaf4'),('sites/all/modules/views/tests/user/views_user_argument_validate.test','c88c9e5d162958f8924849758486a0d83822ada06088f5cf71bfbe76932d8d84'),('sites/all/modules/views/tests/views_access.test','f8b9d04b43c09a67ec722290a30408c1df8c163cf6e5863b41468bb4e381ee6f'),('sites/all/modules/views/tests/views_analyze.test','5548e36c99bb626209d63e5cddbc31f49ad83865c983d2662c6826b328d24ffb'),('sites/all/modules/views/tests/views_argument_default.test','5950937aae4608bba5b86f366ef3a56cc6518bbccfeaeacda79fa13246d220e4'),('sites/all/modules/views/tests/views_argument_validator.test','31f8f49946c8aa3b03d6d9a2281bdfb11c54071b28e83fb3e827ca6ff5e38c88'),('sites/all/modules/views/tests/views_basic.test','655bd33983f84bbea68a3f24bfab545d2c02f36a478566edf35a98a58ff0c6cf'),('sites/all/modules/views/tests/views_cache.test','4e9b8ae1d9e72a9eaee95f5083004316d2199617f7d6c8f4bea40e99d17efcd8'),('sites/all/modules/views/tests/views_exposed_form.test','2b2b16373af8ecade91d7c77bd8c2da8286a33bde554874f5d81399d201c3228'),('sites/all/modules/views/tests/views_glossary.test','118d50177a68a6f88e3727e10f8bcc6f95176282cc42fbd604458eeb932a36e8'),('sites/all/modules/views/tests/views_groupby.test','ac6ca55f084f4884c06437815ccfa5c4d10bfef808c3f6f17a4f69537794a992'),('sites/all/modules/views/tests/views_handlers.test','a696e3d6b1748da03a04ac532f403700d07c920b9c405c628a6c94ea6764f501'),('sites/all/modules/views/tests/views_module.test','65ef35475b62c30fd24f6ebc75d7be0ceab5af99e467128319a6fca291617771'),('sites/all/modules/views/tests/views_pager.test','6f448c8c13c5177afb35103119d6281958a2d6dbdfb96ae5f4ee77cb3b44adc5'),('sites/all/modules/views/tests/views_plugin_localization_test.inc','baedcf6c7381f9c5d3a5062f7d256f96808d06e04b6e73eff8e791e5f5293f45'),('sites/all/modules/views/tests/views_query.test','1ab587994dc43b1315e9a534d005798aecaa14182ba23a2b445e56516b9528cb'),('sites/all/modules/views/tests/views_test.views_default.inc','9664b95577fe2664410921bb751e1d99109e79b734f2c8c142d4083449282bd0'),('sites/all/modules/views/tests/views_translatable.test','6899c7b09ab72c262480cf78d200ecddfb683e8f2495438a55b35ae0e103a1b3'),('sites/all/modules/views/tests/views_ui.test','f9687a363d7cc2828739583e3eedeb68c99acd505ff4e3036c806a42b93a2688'),('sites/all/modules/views/tests/views_upgrade.test','c48bd74b85809dd78d963e525e38f3b6dd7e12aa249f73bd6a20247a40d6713a'),('sites/all/modules/views/tests/views_view.test','a52e010d27cc2eb29804a3acd30f574adf11fad1f5860e431178b61cddbdbb69'),('sites/all/modules/views/views_ui.module','2451d4e3df513afe85c7e24acc90b89ed24f5a615e8b4002e9d3d6cd1ca8b32e');

--
-- Table structure for table `contatos_role`
--

CREATE TABLE `contatos_role` (
  `rid` int(10) unsigned NOT NULL AUTO_INCREMENT COMMENT 'Primary Key: Unique role ID.',
  `name` varchar(64) NOT NULL DEFAULT '' COMMENT 'Unique role name.',
  `weight` int(11) NOT NULL DEFAULT '0' COMMENT 'The weight of this role in listings and the user interface.',
  PRIMARY KEY (`rid`),
  UNIQUE KEY `name` (`name`),
  KEY `name_weight` (`name`,`weight`)
) ENGINE=InnoDB AUTO_INCREMENT=5 DEFAULT CHARSET=utf8 COMMENT='Stores user roles.';

--
-- Dumping data for table `contatos_role`
--

INSERT INTO `contatos_role` VALUES (3,'administrator',2),(1,'anonymous user',0),(2,'authenticated user',1),(4,'editor comunicação interna',3);

--
-- Table structure for table `contatos_role_permission`
--

CREATE TABLE `contatos_role_permission` (
  `rid` int(10) unsigned NOT NULL COMMENT 'Foreign Key: contatos_role.rid.',
  `permission` varchar(128) NOT NULL DEFAULT '' COMMENT 'A single permission granted to the role identified by rid.',
  `module` varchar(255) NOT NULL DEFAULT '' COMMENT 'The module declaring the permission.',
  PRIMARY KEY (`rid`,`permission`),
  KEY `permission` (`permission`)
) ENGINE=InnoDB DEFAULT CHARSET=utf8 COMMENT='Stores the permissions assigned to user roles.';

--
-- Dumping data for table `contatos_role_permission`
--

INSERT INTO `contatos_role_permission` VALUES (1,'access comments','comment'),(1,'access content','node'),(1,'use text format filtered_html','filter'),(2,'access comments','comment'),(2,'access content','node'),(2,'post comments','comment'),(2,'skip comment approval','comment'),(2,'use text format filtered_html','filter'),(3,'access administration menu','admin_menu'),(3,'access administration pages','system'),(3,'access all views','views'),(3,'access comments','comment'),(3,'access content','node'),(3,'access content overview','node'),(3,'access contextual links','contextual'),(3,'access dashboard','dashboard'),(3,'access devel information','devel'),(3,'access overlay','overlay'),(3,'access site in maintenance mode','system'),(3,'access site reports','system'),(3,'access toolbar','toolbar'),(3,'access user profiles','user'),(3,'administer actions','system'),(3,'administer blocks','block'),(3,'administer comments','comment'),(3,'administer content types','node'),(3,'administer filters','filter'),(3,'administer image styles','image'),(3,'administer languages','locale'),(3,'administer menu','menu'),(3,'administer modules','system'),(3,'administer nodes','node'),(3,'administer permissions','user'),(3,'administer search','search'),(3,'administer shortcuts','shortcut'),(3,'administer site configuration','system'),(3,'administer software updates','system'),(3,'administer taxonomy','taxonomy'),(3,'administer themes','system'),(3,'administer url aliases','path'),(3,'administer users','user'),(3,'administer views','views'),(3,'block IP addresses','system'),(3,'bypass node access','node'),(3,'cancel account','user'),(3,'change own username','user'),(3,'create article content','node'),(3,'create page content','node'),(3,'create url aliases','path'),(3,'customize shortcut links','shortcut'),(3,'delete any article content','node'),(3,'delete any page content','node'),(3,'delete own article content','node'),(3,'delete own page content','node'),(3,'delete revisions','node'),(3,'delete terms in 1','taxonomy'),(3,'display drupal links','admin_menu'),(3,'eck add bundles','eck'),(3,'eck add entities','eck'),(3,'eck add entity types','eck'),(3,'eck administer bundles','eck'),(3,'eck administer entities','eck'),(3,'eck administer entity types','eck'),(3,'eck delete bundles','eck'),(3,'eck delete entities','eck'),(3,'eck delete entity types','eck'),(3,'eck edit bundles','eck'),(3,'eck edit entities','eck'),(3,'eck edit entity types','eck'),(3,'eck list bundles','eck'),(3,'eck list entities','eck'),(3,'eck list entity types','eck'),(3,'eck view entities','eck'),(3,'edit any article content','node'),(3,'edit any page content','node'),(3,'edit own article content','node'),(3,'edit own comments','comment'),(3,'edit own page content','node'),(3,'edit terms in 1','taxonomy'),(3,'execute php code','devel'),(3,'flush caches','admin_menu'),(3,'post comments','comment'),(3,'revert revisions','node'),(3,'search content','search'),(3,'select account cancellation method','user'),(3,'skip comment approval','comment'),(3,'switch shortcut sets','shortcut'),(3,'switch users','devel'),(3,'translate interface','locale'),(3,'use advanced search','search'),(3,'use text format filtered_html','filter'),(3,'use text format full_html','filter'),(3,'view own unpublished content','node'),(3,'view revisions','node'),(3,'view the administration theme','system'),(4,'access administration menu','admin_menu'),(4,'access administration pages','system'),(4,'access content','node'),(4,'access content overview','node'),(4,'access dashboard','dashboard'),(4,'access overlay','overlay'),(4,'access site in maintenance mode','system'),(4,'change own username','user'),(4,'create cargo_projeto content','node'),(4,'create pessoa content','node'),(4,'create setor content','node'),(4,'delete any cargo_projeto content','node'),(4,'delete any pessoa content','node'),(4,'delete any setor content','node'),(4,'delete own cargo_projeto content','node'),(4,'delete own pessoa content','node'),(4,'delete own setor content','node'),(4,'edit any cargo_projeto content','node'),(4,'edit any page content','node'),(4,'edit any pessoa content','node'),(4,'edit any setor content','node'),(4,'edit own cargo_projeto content','node'),(4,'edit own page content','node'),(4,'edit own pessoa content','node'),(4,'edit own setor content','node'),(4,'revert revisions','node'),(4,'use text format full_html','filter'),(4,'view own unpublished content','node'),(4,'view revisions','node'),(4,'view the administration theme','system');

--
-- Table structure for table `contatos_search_dataset`
--

CREATE TABLE `contatos_search_dataset` (
  `sid` int(10) unsigned NOT NULL DEFAULT '0' COMMENT 'Search item ID, e.g. node ID for nodes.',
  `type` varchar(16) NOT NULL COMMENT 'Type of item, e.g. node.',
  `data` longtext NOT NULL COMMENT 'List of space-separated words from the item.',
  `reindex` int(10) unsigned NOT NULL DEFAULT '0' COMMENT 'Set to force node reindexing.',
  PRIMARY KEY (`sid`,`type`)
) ENGINE=InnoDB DEFAULT CHARSET=utf8 COMMENT='Stores items that will be searched.';

--
-- Dumping data for table `contatos_search_dataset`
--

INSERT INTO `contatos_search_dataset` VALUES (1,'node',' diretoria dir cedecomufmgbr  diretoria  ',0),(2,'node',' coordenador  coordenador coordenador coordenador coordenador coordenador coordenador coordenador coordenador coordenador coordenador coordenador  ',0),(3,'node',' estagiário  estagiário estagiário estagiário estagiário estagiário estagiário estagiário estagiário estagiário estagiário estagiário estagiário estagiário estagiário estagiário estagiário estagiário estagiário estagiário estagiário estagiário estagiário estagiário estagiário estagiário estagiário estagiário estagiário estagiário estagiário estagiário estagiário estagiário estagiário estagiário estagiário  ',0),(4,'node',' trainee  trainee trainee  ',0),(5,'node',' coordenadores ',0),(6,'node',' mídias sociais  mídias sociais mídias sociais mídias sociais  ',0),(7,'node',' observatório da web  observatório web  ',0),(8,'node',' estagiários do jornalismo  estagiários jornalismo estagiários jornalismo estagiários jornalismo estagiários jornalismo estagiários jornalismo estagiários jornalismo estagiários jornalismo estagiários jornalismo estagiários jornalismo estagiários jornalismo  ',0),(9,'node',' estagiários da produção  estagiários produção estagiários produção estagiários produção estagiários produção estagiários produção estagiários produção estagiários produção  ',0),(10,'node',' estagiários da programação musical  estagiários programação musical  ',0),(11,'node',' estagiário publicidade e propaganda  estagiário publicidade propaganda  ',0),(12,'node',' estagiários da engenharia  estagiários engenharia estagiários engenharia  ',0),(13,'node',' ilha de edição  ilha edição ilha edição ilha edição ilha edição ilha edição ilha edição ilha edição ilha edição  ',0),(14,'node',' cinegrafistas e equipe de estúdio  cinegrafistas equipe estúdio cinegrafistas equipe estúdio cinegrafistas equipe estúdio cinegrafistas equipe estúdio cinegrafistas equipe estúdio cinegrafistas equipe estúdio cinegrafistas equipe estúdio cinegrafistas equipe estúdio  ',0),(15,'node',' projeto transmídia espaços cívicos virtuais  projeto transmídia espaços cívicos virtuais  ',0),(16,'node',' projeto imagens do conhecimento  projeto imagens conhecimento projeto imagens conhecimento projeto imagens conhecimento projeto imagens conhecimento projeto imagens conhecimento projeto imagens conhecimento projeto imagens conhecimento  ',0),(17,'node',' projeto repositório de comunicação acervo fotográfico   projeto repositório comunicação acervo fotográfico projeto repositório comunicação acervo fotográfico  ',0),(18,'node',' projeto pílulas de ciências ii  projeto pílulas ciências projeto pílulas ciências projeto pílulas ciências projeto pílulas ciências  ',0),(19,'node',' projeto ciência para ler e ouvir ',0),(20,'node',' programa ritmos da ciência ',0),(21,'node',' projeto gastronomia  ',0),(22,'node',' programa de rádio canta cantos  ',0),(23,'node',' projeto ponto ciência ',0),(24,'node',' programa de rádio decantando a república  ',0),(25,'node',' programas fala bichos e de olho nos bichos  ',0),(26,'node',' projeto universidade das crianças ',0),(28,'node',' secretaria sadm cedecomufmgbr  secretaria secretaria secretaria secretaria secretaria secretaria secretaria secretaria secretaria secretaria  ',0),(29,'node',' planejamento marketing cedecomufmgbr  planejamento planejamento planejamento  ',0),(30,'node',' comunicação interna comunicacaointerna cedecomufmgbr  comunicação interna comunicação interna  ',0),(31,'node',' assessoria de imprensa assessoriadeimprensa ufmgbr  assessoria imprensa assessoria imprensa assessoria imprensa assessoria imprensa assessoria imprensa assessoria imprensa  ',0),(32,'node',' agência de notícias boletim cedecomufmgbr  agência notícias agência notícias agência notícias agência notícias agência notícias agência notícias agência notícias agência notícias agência notícias agência notícias agência notícias  ',0),(33,'node',' diretoria web diretoriaweb cedecomufmgbr  diretoria web diretoria web diretoria web diretoria web diretoria web diretoria web diretoria web  ',0),(34,'node',' rádio ufmg educativa ufmgeducativa ufmgbr  rádio ufmg educativa rádio ufmg educativa rádio ufmg educativa rádio ufmg educativa rádio ufmg educativa rádio ufmg educativa rádio ufmg educativa rádio ufmg educativa rádio ufmg educativa rádio ufmg educativa rádio ufmg educativa rádio ufmg educativa rádio ufmg educativa rádio ufmg educativa rádio ufmg educativa rádio ufmg educativa rádio ufmg educativa rádio ufmg educativa rádio ufmg educativa rádio ufmg educativa rádio ufmg educativa rádio ufmg educativa rádio ufmg educativa rádio ufmg educativa rádio ufmg educativa rádio ufmg educativa rádio ufmg educativa rádio ufmg educativa rádio ufmg educativa rádio ufmg educativa rádio ufmg educativa rádio ufmg educativa rádio ufmg educativa rádio ufmg educativa rádio ufmg educativa rádio ufmg educativa rádio ufmg educativa rádio ufmg educativa rádio ufmg educativa rádio ufmg educativa rádio ufmg educativa  ',0),(35,'node',' tv ufmg tvufmg ufmgbr  ufmg ufmg ufmg ufmg ufmg ufmg ufmg ufmg ufmg ufmg ufmg ufmg ufmg ufmg ufmg ufmg ufmg ufmg ufmg ufmg ufmg ufmg ufmg ufmg ufmg ufmg ufmg ufmg ufmg ufmg ufmg ufmg ufmg ufmg ufmg ufmg ufmg ufmg ufmg ufmg ufmg ufmg ufmg ufmg ufmg ufmg ufmg ufmg  ',0),(36,'node',' coordenadoria de comunicação científica julianasbotelho ufmgbr  coordenadoria comunicação científica coordenadoria comunicação científica  ',0),(37,'node',' núcleo de comunicação e acessibilidades ncacedecom gmailcom  núcleo comunicação acessibilidades núcleo comunicação acessibilidades núcleo comunicação acessibilidades núcleo comunicação acessibilidades núcleo comunicação acessibilidades núcleo comunicação acessibilidades núcleo comunicação acessibilidades núcleo comunicação acessibilidades núcleo comunicação acessibilidades núcleo comunicação acessibilidades núcleo comunicação acessibilidades núcleo comunicação acessibilidades núcleo comunicação acessibilidades  ',0),(38,'node',' núcleo de divulgação científica ndc cedecomufmgbr  núcleo divulgação científica núcleo divulgação científica núcleo divulgação científica núcleo divulgação científica núcleo divulgação científica núcleo divulgação científica núcleo divulgação científica núcleo divulgação científica núcleo divulgação científica núcleo divulgação científica núcleo divulgação científica núcleo divulgação científica núcleo divulgação científica núcleo divulgação científica núcleo divulgação científica núcleo divulgação científica núcleo divulgação científica  ',0),(39,'node',' valéria de fátima raimundo 4644 34954050 96914050 vraymundo gmailcom diretoria diretoria 93630278  ',0),(40,'node',' diretoria  diretoria diretoria diretoria diretoria  ',0),(41,'node',' tacyana arce 4186 32270143 92370143 tacyarce gmailcom diretoria diretoria de comunicação integrada 92790814  ',0),(42,'node',' kiko ferreira 4393 32854005 99839430 kiko2901 terracombr diretoria diretoria multimídia   ',0),(43,'node',' ana maria vieira 4185 diretoriaweb cedecomufmgbr redessociaisufmg gmailcom diretoria diretoria web   ',0),(44,'node',' adriana lemos 4503 33817248 88519687 lemostorres gmailcom coordenador núcleo de divulgação científica 87262401  ',0),(45,'node',' ana paula d vieira 4183 34929043 83033891 apvieira ufmgbr coordenador comunicação interna   ',0),(46,'node',' bia starling 4571 88810005 biastarling gmailcom coordenador tv ufmg   ',0),(47,'node',' cristiana klimsa 4510 33944407 98222729 ctklimsa gmailcom coordenador núcleo de comunicação e acessibilidades   ',0),(48,'node',' elias santos 5531 34615591 99979062 eliasufmg gmailcom coordenador rádio ufmg educativa   ',0),(49,'node',' flávio almeida 4184 25310942 84899756 boletimufmg gmailcom coordenador agência de notícias   ',0),(50,'node',' foca lisboa 4398 33810256 91359825 foca ufmgbr fotógrafo agência de notícias   ',0),(52,'node',' juliana botelho 4503 96741313 julianasbotelho ufmgbr coordenador coordenadoria de comunicação científica   ',0),(53,'node',' marcelo lustosa 4394 32614301 84719925 marcelocedecom gmailcom coordenador criação gráfica  saturday 23 march 2013  ',0),(54,'node',' criação gráfica marketing cedecomufmgbr  criação gráfica criação gráfica criação gráfica criação gráfica criação gráfica criação gráfica criação gráfica criação gráfica  ',0),(55,'node',' melissa cardoso soares 4183 96673504 marketing cedecomufmgbr coordenador planejamento 87441627 wednesday 25 december 2013  ',0),(56,'node',' patrícia dutra 4476 32266480 88986480 patriciadutra ufmgbr coordenador assessoria de imprensa 93112076  ',0),(57,'node',' sandra patrícia a cruz 4182 34216997 96420871 spcruz ufmgbr sandrapat hotmailcom coordenador secretaria  monday 23 september 2013  ',0),(58,'node',' adilson ferreira miranda 4391 25528431 82079708 adlferreira hotmailcom funcionário secretaria  saturday 15 june 2013  ',0),(59,'node',' funcionário  funcionário funcionário funcionário funcionário funcionário funcionário funcionário funcionário funcionário funcionário funcionário funcionário funcionário funcionário funcionário funcionário funcionário funcionário funcionário funcionário funcionário funcionário funcionário funcionário funcionário funcionário funcionário funcionário funcionário funcionário funcionário funcionário funcionário funcionário funcionário funcionário funcionário funcionário funcionário funcionário funcionário funcionário funcionário funcionário funcionário funcionário funcionário funcionário funcionário funcionário funcionário funcionário funcionário funcionário funcionário funcionário funcionário funcionário funcionário funcionário funcionário  ',0),(60,'node',' blima carvalho otte 4182 30194291 99684291 blima ufmgbr funcionário secretaria  saturday 5 january 2013  ',0),(61,'node',' elza de fátima 4187 elzaf ufmgbr funcionário secretaria   ',0),(62,'node',' jacqueline conceição rosa 4186 34274227 85230952 jcrosa ufmgbr jacktequila2005 yahoocombr funcionário secretaria  tuesday 28 may 2013  ',0),(63,'node',' josé daniel pereira 4187 33579425 83381010 danielpereirinha hotmailcom funcionário secretaria  monday 19 august 2013  ',0),(64,'node',' maria suely meireles 4187 34978134 97353255 marias ufmgbr funcionário secretaria  friday 1 november 2013  ',0),(65,'node',' edina de carvalho 4395 93404622 edinacp cedecomufmgbr funcionário secretaria  tuesday 14 may 2013  ',0),(66,'node',' ludmila serra 4391 serraludmila gmailcom funcionário secretaria  saturday 20 july 2013  ',0),(67,'node',' matheus ramos  34768862 87472750 euu1992 hotmailcom funcionário secretaria   ',0),(68,'node',' geraldo magella perpétuo 4394 25124718 95375204 perphetuo yahoocombr funcionário criação gráfica  sunday 5 may 2013  ',0),(69,'node',' gina de souza nogueira 4394 37863837 85725480 gina ufmgbr ginanogueira yahoocombr funcionário criação gráfica  wednesday 3 july 2013  ',0),(70,'node',' romero harlem morais 4392 32834931 rmorais ufmgbr romeromorais yahoocombr funcionário criação gráfica  sunday 8 december 2013  ',0),(71,'node',' luciano baeta 4394 34413030 88272561 lucianobaeta gmailcom funcionário criação gráfica  friday 26 april 2013  ',0),(72,'node',' leonardo ruas 4394 34347975 87991701 leoruas gmailcom funcionário criação gráfica  thursday 30 may 2013  ',0),(73,'node',' juliana fernandes 4392 99189081 julidanes gmailcom estagiário criação gráfica   ',0),(74,'node',' daniel de carvalho 4392 97846965 dcrestudios gmailcom estagiário criação gráfica   ',0),(75,'node',' victória cheberle 5540 94658427 victoriacheberle gmailcom trainee planejamento  saturday 21 december 2013  ',0),(76,'node',' anny lima 5540 98232269 annylalves gmailcom trainee planejamento  thursday 20 june 2013  ',0),(77,'node',' ana luisa macedo 4183 84790322 analumacedo gmailcom estagiário comunicação interna  wednesday 12 june 2013  ',0),(78,'node',' home fonte  comunicação interna não seja deselegante não imprima esta lista de contatos o meio ambiente agradece dica você pode utilizar ctrl f para localizar um contato  ',0),(79,'node',' endereço fax  34094188 4393 portaria  34094573 endereço  av antonio carlos 6627 campus pampulha cep 31270901  ',0),(80,'node',' tatiana palhares de souza 4189 34641226 91564377 tatianapalharesbh gmailcom funcionário assessoria de imprensa  saturday 20 april 2013  ',0),(81,'node',' teresa pricila sanches 4189 30822092 82126674 teresapricila yahoocombr funcionário assessoria de imprensa  saturday 5 january 2013  ',0),(82,'node',' carlos eduardo maia 4189 34546710 88598818 maiaeduardo84 gmailcom funcionário assessoria de imprensa   ',0),(83,'node',' mariana oliveira 4189 97768988 marioliveiralm hotmailcom estagiário assessoria de imprensa   ',0),(84,'node',' isabela cardoso 4189 83527375 belahcardoso hotmailcom estagiário assessoria de imprensa   ',0),(85,'node',' ana rita araújo silva 4184 34520338 99831614 anarita ufmgbr funcionário agência de notícias   ',0),(86,'node',' itamar rigueira júnior 4184 32344828 97944828 itamarrigueira gmailcom funcionário agência de notícias  thursday 2 may 2013  ',0),(87,'node',' ewerton ribeiro martins 4463 88745523 ewertonmartinsribeiro gmailcom funcionário agência de notícias   ',0),(88,'node',' luana macieira 4463 33843065 93464845 macieiraluana gmailcom funcionário agência de notícias  wednesday 9 october 2013  ',0),(89,'node',' matheus espíndola 4463 92413138 matheusespindola yahoocombr funcionário agência de notícias  saturday 27 july 2013  ',0),(90,'node',' bárbara pansardi 4184 33139574 84966876 babipansardi gmailcom estagiário agência de notícias  monday 3 june 2013  ',0),(91,'node',' luana e m santos 4184 36547944 88233836 luanaedwiges gmailcom estagiário agência de notícias  saturday 21 september 2013  ',0),(92,'node',' paulo henrique m santos 4184 36812218 82090969 phsantos23 gmailcom estagiário agência de notícias  sunday 19 may 2013  ',0),(93,'node',' sarah dutra 4398 97324605 sarahdutracs gmailcom estagiário fotografia agência de notícias  sunday 3 november 2013  ',0),(94,'node',' helton santos 4185 34968322 96499484 heltonrsantos ufmgbr funcionário diretoria web  friday 18 october 2013  ',0),(95,'node',' lucas braga 4185 85337285 lucasbraga gmailcom funcionário diretoria web  monday 13 may 2013  ',0),(96,'node',' isabel cristina de oliveira 4185 34984609 ico ufmgbr mídias sociais diretoria web  sunday 11 august 2013  ',0),(97,'node',' artur ap silva 4185 91312839 artursoaresufmg hotmailcom mídias sociais diretoria web  wednesday 8 may 2013  ',0),(98,'node',' marcos cerqueira melo 4185 94775664 melomarcosc gmailcom mídias sociais diretoria web  wednesday 27 november 2013  ',0),(99,'node',' pedro nogueira 4185 34527440 96757082 pedro nogueirocombr observatório da web diretoria web  thursday 12 december 2013  ',0),(100,'node',' luiza nathália de carvalho 4503 83286553 luizancarvalho gmailcom projeto transmídia espaços cívicos virtuais coordenadoria de comunicação científica  saturday 21 december 2013  ',0),(101,'node',' fernando eustáquio guedes 4510 25711525 94075018 ilsguedes hotmailcom fernandoeguedes gmailcom funcionário núcleo de comunicação e acessibilidades  monday 6 may 2013  ',0),(102,'node',' christianne albuquerque 4510 32850171 96428451 chrisalbuquerquem gmailcom funcionário núcleo de comunicação e acessibilidades  thursday 2 may 2013  ',0),(103,'node',' pedro zampier 4510 35313969 91034500 pzampier gmailcom funcionário núcleo de comunicação e acessibilidades  sunday 8 september 2013  ',0),(104,'node',' thiago zacheu 4510 93427915 thiagozacheu2013 gmailcom estagiário núcleo de comunicação e acessibilidades  sunday 22 december 2013  ',0),(105,'node',' cláudio zazá 5531 34130259 92390346 claudiozaza gmailcom funcionário rádio ufmg educativa  thursday 10 october 2013  ',0),(106,'node',' cleiber pacífico 6417 33137478 85038069 pacifico ufmgbr cpacifico gmailcom funcionário rádio ufmg educativa  thursday 21 february 2013  ',0),(107,'node',' felipe assumpção 5531 32274736 97081186 sumpcao gmailcom funcionário rádio ufmg educativa  friday 1 november 2013  ',0),(108,'node',' gilberto correa 5531 33811235 gcorreia fafichufmgbr funcionário rádio ufmg educativa   ',0),(109,'node',' filipe sartoreto  33240235 96277813 sartoreto gmailcom funcionário rádio ufmg educativa  tuesday 23 july 2013  ',0),(110,'node',' judson porto 5531 93011618 judsonporto gmailcom funcionário rádio ufmg educativa  saturday 7 december 2013  ',0),(111,'node',' paulo cesar ribas 5531 97031204 pcribas gmailcom funcionário rádio ufmg educativa  tuesday 22 october 2013  ',0),(112,'node',' paula alkmim 5533 32240044 93092706 paulaalk gmailcom funcionário rádio ufmg educativa  tuesday 19 march 2013  ',0),(113,'node',' luiza glória  33325467 88036225 lolisgloria gmailcom funcionário rádio ufmg educativa  wednesday 8 may 2013  ',0),(114,'node',' rosaly senra 5532 32247642 96753963 rsenra ufmgbr funcionário rádio ufmg educativa  tuesday 19 november 2013  ',0),(115,'node',' samuel rosa tou  34236993 99782866 srtou ufmgbr srtou terracom funcionário rádio ufmg educativa  saturday 9 november 2013  ',0),(116,'node',' soraya fideles 5539 39281016 98562309 sorayarfideles yahoocombr funcionário rádio ufmg educativa  thursday 16 may 2013  ',0),(117,'node',' tiago frança  88088526 thekkos gmailcom funcionário rádio ufmg educativa   ',0),(118,'node',' vinicius luiz 5533 25557896 88794227 viniscopio gmailcom funcionário rádio ufmg educativa  saturday 27 april 2013  ',0),(119,'node',' daniel leite 5533 34588044 97876141 dlandrade gmailcom funcionário rádio ufmg educativa   ',0),(120,'node',' vanessa bugre 5539 91719111 vanessabugre yahoocombr funcionário rádio ufmg educativa  saturday 8 june 2013  ',0),(121,'node',' rodrigo mantini 6416 36417791 85385649 rodrigomantini gmailcom funcionário rádio ufmg educativa  friday 23 august 2013  ',0),(122,'node',' jéssika viveiros 5533 97747737 jessikamsv gmailcom funcionário rádio ufmg educativa  thursday 7 march 2013  ',0),(123,'node',' lucas pavanelli 5533 86339668 lucaspavanelli gmailcom funcionário rádio ufmg educativa  thursday 21 march 2013  ',0),(124,'node',' laura marques de oliveira  3491981633 lauramco gmailcom estagiários do jornalismo rádio ufmg educativa  sunday 22 september 2013  ',0),(125,'node',' luana assis  88911740 93677578 lagluana gmailcom estagiários do jornalismo rádio ufmg educativa  tuesday 16 july 2013  ',0),(126,'node',' gabriela terenzi  32253044 99323044 gabriela terenzicom estagiários do jornalismo rádio ufmg educativa  thursday 25 july 2013  ',0),(127,'node',' letícia fontes  33910972 88858069 leticiafontes gmailcom estagiários do jornalismo rádio ufmg educativa  tuesday 21 may 2013  ',0),(128,'node',' raquel miranda 5539 33774340 82087575 raquelmirandadocarmo yahoocombr estagiários do jornalismo rádio ufmg educativa  tuesday 11 june 2013  ',0),(129,'node',' saulo gargiulo gonçalves  34976040 94531937 saulogargiulo gmailcom estagiários do jornalismo rádio ufmg educativa   ',0),(130,'node',' thaiane carvalho  87626720 buenothaiane gmailcom estagiários do jornalismo rádio ufmg educativa  thursday 9 may 2013  ',0),(131,'node',' luciano costa vieira 5533 87420608 lucianolcv yahoocombr estagiários do jornalismo rádio ufmg educativa  thursday 21 november 2013  ',0),(132,'node',' larissa flores 5533 33839091 97351090 larissafloresleao gmailcom estagiários do jornalismo rádio ufmg educativa  wednesday 17 april 2013  ',0),(133,'node',' luiz felipe nunes  71136799 luizfelipenunespacheco gmailcom estagiários do jornalismo rádio ufmg educativa  thursday 17 january 2013  ',0),(134,'node',' rafael miguel silva  93878756 rafaelmigguel gmailcom estagiários da produção rádio ufmg educativa  thursday 12 december 2013  ',0),(135,'node',' yolanda assunção  34171428 87139412 yolandaassuncao gmailcom estagiários da produção rádio ufmg educativa  friday 25 october 2013  ',0),(136,'node',' ana carolina gomes  95086578 anacarolinagomesilva mailcom estagiários da produção rádio ufmg educativa   ',0),(137,'node',' rafael andrade  92060112 aosrafael gmailcom estagiários da produção rádio ufmg educativa  friday 6 september 2013  ',0),(138,'node',' maíra souto  83429096 mairasouto gmailcom estagiários da produção rádio ufmg educativa  thursday 29 august 2013  ',0),(139,'node',' ana paula fagundes mattos  88768569 anapaulafmattos gmailcom estagiários da produção rádio ufmg educativa  thursday 6 june 2013  ',0),(140,'node',' maria luiza gonçalves  88856682 malugoncalvesm gmailcom estagiários da produção rádio ufmg educativa  monday 23 september 2013  ',0),(141,'node',' sandra leão  99297624 sandrinhaauharek gmailcom estagiários da programação musical rádio ufmg educativa  wednesday 14 august 2013  ',0),(142,'node',' nina goulart 5531 99127099 ngpena gmailcom estagiário publicidade e propaganda rádio ufmg educativa  tuesday 19 february 2013  ',0),(143,'node',' daniel arcanjo santana 6416 98482718 danielarj hotmailcom estagiários da engenharia rádio ufmg educativa  friday 17 may 2013  ',0),(144,'node',' josé perigolo 6416 75742434 jnetox hotmailcom estagiários da engenharia rádio ufmg educativa  saturday 6 april 2013  ',0),(145,'node',' ana luiza fatorelli 4390 21271248 98510303 anafatorelli gmailcom funcionário tv ufmg  tuesday 3 december 2013  ',0),(146,'node',' ariane gervásio 4569 33944587 91932792 arianegervasio yahoocombr funcionário tv ufmg  wednesday 6 february 2013  ',0),(147,'node',' flávia lovisi 4390 88946197 flavialovisi hotmailcom funcionário tv ufmg  wednesday 4 december 2013  ',0),(148,'node',' maitê rugel  8747 9397 maitegugel gmailcom funcionário tv ufmg   ',0),(149,'node',' olívia resende 4571 96952120 ekaresende gmailcom funcionário tv ufmg  thursday 14 march 2013  ',0),(150,'node',' ian lara  88445201 ianlara gmailcom funcionário tv ufmg   ',0),(151,'node',' janaina coelho elias jornalista   99875577 janainacoelho1 gmailcom funcionário tv ufmg  tuesday 28 may 2013  ',0),(152,'node',' márcio sá maquiador  4580 34510727 87692891 dommarciorei yahoocombr marciomekup hotmailcom funcionário tv ufmg  monday 2 september 2013  ',0),(153,'node',' flávia moraes coordenadora de produção   91198467 flaviamoraesmoreira gmailcom funcionário tv ufmg  thursday 11 july 2013  ',0),(154,'node',' osger machado responsável técnico  4397 92317178 osger ufmgbr funcionário tv ufmg  sunday 30 june 2013  ',0),(155,'node',' renata valentim gomes editora de texto  4569 32839804 97021999 renatavalentim82 gmailcom funcionário tv ufmg  monday 21 january 2013  ',0),(156,'node',' ruleandson do carmo editor circuito   98078473 ruleandson gmailcom funcionário tv ufmg  monday 10 june 2013  ',0),(157,'node',' bruno lobo leite michel editor de imagens  4397 96718551 96718551 ilha de edição tv ufmg   ',0),(158,'node',' elton lizardo editor de tv   92231844 eltonlizardo yahoocombr ilha de edição tv ufmg  friday 2 august 2013  ',0),(159,'node',' higor tadeu  98676707 96626707 htadeu100 hotmailcom ilha de edição tv ufmg  sunday 9 june 2013  ',0),(160,'node',' gustavo guimarães pio 4397 91594870 gustavopioc yahoocombr ilha de edição tv ufmg  friday 17 may 2013  ',0),(161,'node',' igor antunes  41035112 94773115 igorantunesrtv gmailcom ilha de edição tv ufmg  monday 16 december 2013  ',0),(162,'node',' luiz henrique vieira  88581307 luizhenriquedj hotmailcom ilha de edição tv ufmg   ',0),(163,'node',' wagner bretas  93277388 wagnerprodmidia outlookcom ilha de edição tv ufmg   ',0),(164,'node',' david duarte edição   96655395 davidtiao hotmailcom ilha de edição tv ufmg  monday 10 june 2013  ',0),(165,'node',' antônio geraldo soares cinegrafista  4580 33626120 97234495 awvp2006 hotmailcom cinegrafistas e equipe de estúdio tv ufmg  friday 3 may 2013  ',0),(166,'node',' gustavo henrique cinegrafista de estúdio  4580 30476559 93369726 gutobh13 hotmailcom cinegrafistas e equipe de estúdio tv ufmg  saturday 13 july 2013  ',0),(167,'node',' tatiane coura 4580  cinegrafistas e equipe de estúdio tv ufmg   ',0),(168,'node',' mário quinaud magro luz e fotografia  4580 36811483 88553525 mquinaud ufmgbr cinegrafistas e equipe de estúdio tv ufmg  tuesday 9 july 2013  ',0),(169,'node',' márcia milagre direção de imagem  4580 97112909 marciamilagre hotmailcom cinegrafistas e equipe de estúdio tv ufmg  saturday 20 july 2013  ',0),(170,'node',' ravik gomes 4580 33645268 87080100 ravikgomes hotmailcom cinegrafistas e equipe de estúdio tv ufmg  saturday 13 april 2013  ',0),(171,'node',' samuel vale cinegrafista  4580 88810142 samvale gmailcom cinegrafistas e equipe de estúdio tv ufmg  tuesday 3 december 2013  ',0),(172,'node',' peter abram  75341297 panabram yahoocombr cinegrafistas e equipe de estúdio tv ufmg   ',0),(173,'node',' matheus arvelos  83912486 matheusarvelos gmailcom estagiário tv ufmg  sunday 6 october 2013  ',0),(174,'node',' franco malheiro 4390 25113823 93345117 francoms hotmailcom estagiário tv ufmg  wednesday 12 june 2013  ',0),(175,'node',' leandro lourenço  98270141 leandrocezarlourenco gmailcom estagiário tv ufmg  friday 18 january 2013  ',0),(176,'node',' bremmer guimarães  96809421 bremmerguimaraes hotmailcom estagiário tv ufmg  thursday 5 september 2013  ',0),(177,'node',' victor azevedo lambertucci  34211550 84213371 vlambertuccijornalismo gmailcom estagiário tv ufmg  tuesday 3 december 2013  ',0),(178,'node',' luiz mota 4580 88064343 luizmotaimagens gmailcom estagiário tv ufmg  thursday 15 august 2013  ',0),(179,'node',' bruno camargos  91442024 brunocamargos89 gmailcom estagiário tv ufmg  friday 20 september 2013  ',0),(180,'node',' gabriel ortiz  93759340 gabrielortiz777 hotmailcom estagiário tv ufmg  thursday 14 march 2013  ',0),(181,'node',' jéssica saliba  91593544 jessicasalibas gmailcom estagiário tv ufmg  friday 24 may 2013  ',0),(182,'node',' lígia oliveira  98323832 liigiasouza yahoocombr estagiário tv ufmg  sunday 7 april 2013  ',0),(183,'node',' leonardo vieira  87277548 leovieiraribeiro gmailcom estagiário tv ufmg   ',0),(184,'node',' melissa gomes  88393222 melissagomes40 gmailcom estagiário tv ufmg   ',0),(185,'node',' luana arcuri  96661282 luanaarcuri hotmailcom estagiário tv ufmg   ',0),(186,'node',' jennifer gonçalves  93091822 jenniferjornal yahoocombr estagiário tv ufmg   ',0),(187,'node',' ernani couto  99365890 ernanicouto hotmailcom estagiário tv ufmg   ',0),(188,'node',' carolina moura  85515932 carolinamourajornalismo gmailcom estagiário tv ufmg   ',0),(189,'node',' agatha de souza azevedo  94087249 agatha80 hotmailcom estagiário tv ufmg   ',0),(190,'node',' isabella melano  9198 8833 isabellamelano gmailcom estagiário tv ufmg   ',0),(191,'node',' isabela fernanda  87795986 isabelafernanda2011 hotmailcom estagiário tv ufmg   ',0),(192,'node',' glaucia faria produtora  4503 34635187 92326580 glauciafariaufmg gmailcom funcionário núcleo de divulgação científica  saturday 7 september 2013  ',0),(193,'node',' fernanda neiva bolsista  4503 33227165 96856398 fernandaneivaufmg gmailcom funcionário núcleo de divulgação científica  sunday 5 may 2013  ',0),(194,'node',' leonardo chalub produtor  4503 34675297 93151938 leonardochalub gmailcom funcionário núcleo de divulgação científica  saturday 4 may 2013  ',0),(195,'node',' sônia carvalho idealizadora  5788 93792014 sonia matufmgbr projeto imagens do conhecimento núcleo de divulgação científica   ',0),(196,'node',' alexandre leão professor orientador  5386 91199002 alexandreleao ufmgbr alexandre fotodeartecombr projeto imagens do conhecimento núcleo de divulgação científica   ',0),(197,'node',' clara vasconcellos bolsista  4503 33189440 96081407 claravasconcellosc gmailcom projeto imagens do conhecimento núcleo de divulgação científica   ',0),(198,'node',' ana cláudia maiolini bolsista  4503 93950909 anaclaudiamaiolini gmailcom projeto imagens do conhecimento núcleo de divulgação científica  monday 28 january 2013  ',0),(199,'node',' cinthia procópio bolsista  4503 34683781 88537607 cinthiacprocopio gmailcom projeto imagens do conhecimento núcleo de divulgação científica  monday 21 october 2013  ',0),(200,'node',' josué benvindo bolsista  4503 32723375 99694085 josubenvindo gmailcom projeto imagens do conhecimento núcleo de divulgação científica  tuesday 18 june 2013  ',0),(201,'node',' isabela meireles 4503 34177581 89667780 isabelaluizapm gmailcom projeto imagens do conhecimento núcleo de divulgação científica   ',0),(202,'node',' juliana diniz bolsista  4503 85148081 julianadiniz ufmgbr projeto repositório de comunicação acervo fotográfico  núcleo de divulgação científica  sunday 3 february 2013  ',0),(203,'node',' thiago de oliveira bolsista  4503 32777994 94385607 tosouza hotmailcom projeto repositório de comunicação acervo fotográfico  núcleo de divulgação científica   ',0),(204,'node',' adlane vilas boas profª icb na onda da vida  2980 33184399 96511464 adlane ufmgbr projeto pílulas de ciências ii núcleo de divulgação científica  monday 25 march 2013  ',0),(205,'node',' mariana muchon 4503 33440949 99153061 muchonmari gmailcom projeto pílulas de ciências ii núcleo de divulgação científica  sunday 21 july 2013  ',0),(206,'node',' joão pedro campana bolsista  4503 32238538 88958375 jp5 hotmailcom projeto pílulas de ciências ii núcleo de divulgação científica  friday 5 july 2013  ',0),(207,'node',' sara meynard begname bolsista  4503 36583173 87084824 sarameynard gmailcom projeto pílulas de ciências ii núcleo de divulgação científica  friday 19 april 2013  ',0),(208,'node',' diretoria de comunicação integrada danilojorge ufmgbr  diretoria comunicação integrada  ',0),(209,'node',' diretoria multimídia kiko2901 terracombr  diretoria multimídia  ',0),(210,'node',' davi figueiredo sousa 4510 34288567 86082132 davifsousa89 gmailcom estagiário núcleo de comunicação e acessibilidades   ',0),(211,'node',' débora goulart da silva duque 4510 30636011 92340542 deborelladuque gmailcom estagiário núcleo de comunicação e acessibilidades  thursday 1 may 2014  ',0),(212,'node',' gabriela lopes macedo 4510 34288567 85041093 gabrielalopesm hotmailcom estagiário núcleo de comunicação e acessibilidades  tuesday 1 april 2014  ',0),(213,'node',' izabelly alexandre dos passos 4510 33958454 87856348 izaalexandre00 gmailcom estagiário núcleo de comunicação e acessibilidades   ',0),(214,'node',' larissa diniz peixoto góes 4510 34866734 98880321 larissadinizgoes gmailcom estagiário núcleo de comunicação e acessibilidades   ',0),(215,'node',' lívia gomes laudares 4510 36621325 96504147 laudareslivia gmailcom estagiário núcleo de comunicação e acessibilidades  monday 20 october 2014  ',0),(216,'node',' lucas taidson de freitas severino 4510 92725322 lucastaidson hotmailcom estagiário núcleo de comunicação e acessibilidades  friday 19 september 2014  ',0),(217,'node',' stephanie joyce correa cunha 4510 91873570 stephaniej2c gmailcom estagiário núcleo de comunicação e acessibilidades  friday 1 august 2014  ',0),(218,'node',' fotógrafo  fotógrafo  ',0),(219,'node',' estagiário fotografia  estagiário fotografia  ',0);

--
-- Table structure for table `contatos_search_index`
--

CREATE TABLE `contatos_search_index` (
  `word` varchar(50) NOT NULL DEFAULT '' COMMENT 'The contatos_search_total.word that is associated with the search item.',
  `sid` int(10) unsigned NOT NULL DEFAULT '0' COMMENT 'The contatos_search_dataset.sid of the searchable item to which the word belongs.',
  `type` varchar(16) NOT NULL COMMENT 'The contatos_search_dataset.type of the searchable item to which the word belongs.',
  `score` float DEFAULT NULL COMMENT 'The numeric score of the word, higher being more important.',
  PRIMARY KEY (`word`,`sid`,`type`),
  KEY `sid_type` (`sid`,`type`)
) ENGINE=InnoDB DEFAULT CHARSET=utf8 COMMENT='Stores the search index, associating words, items and...';

--
-- Dumping data for table `contatos_search_index`
--

INSERT INTO `contatos_search_index` VALUES ('1',64,'node',1),('1',107,'node',1),('1',211,'node',1),('1',212,'node',1),('1',217,'node',1),('10',105,'node',1),('10',156,'node',1),('10',164,'node',1),('11',96,'node',1),('11',128,'node',1),('11',153,'node',1),('12',77,'node',1),('12',99,'node',1),('12',134,'node',1),('12',174,'node',1),('13',95,'node',1),('13',166,'node',1),('13',170,'node',1),('14',65,'node',1),('14',141,'node',1),('14',149,'node',1),('14',180,'node',1),('15',58,'node',1),('15',178,'node',1),('16',116,'node',1),('16',125,'node',1),('16',161,'node',1),('17',132,'node',1),('17',133,'node',1),('17',143,'node',1),('17',160,'node',1),('18',94,'node',1),('18',175,'node',1),('18',200,'node',1),('19',63,'node',1),('19',92,'node',1),('19',112,'node',1),('19',114,'node',1),('19',142,'node',1),('19',207,'node',1),('19',216,'node',1),('2',86,'node',1),('2',102,'node',1),('2',152,'node',1),('2',158,'node',1),('20',66,'node',1),('20',76,'node',1),('20',80,'node',1),('20',169,'node',1),('20',179,'node',1),('20',215,'node',1),('2013',53,'node',1),('2013',55,'node',1),('2013',57,'node',1),('2013',58,'node',1),('2013',60,'node',1),('2013',62,'node',1),('2013',63,'node',1),('2013',64,'node',1),('2013',65,'node',1),('2013',66,'node',1),('2013',68,'node',1),('2013',69,'node',1),('2013',70,'node',1),('2013',71,'node',1),('2013',72,'node',1),('2013',75,'node',1),('2013',76,'node',1),('2013',77,'node',1),('2013',80,'node',1),('2013',81,'node',1),('2013',86,'node',1),('2013',88,'node',1),('2013',89,'node',1),('2013',90,'node',1),('2013',91,'node',1),('2013',92,'node',1),('2013',93,'node',1),('2013',94,'node',1),('2013',95,'node',1),('2013',96,'node',1),('2013',97,'node',1),('2013',98,'node',1),('2013',99,'node',1),('2013',100,'node',1),('2013',101,'node',1),('2013',102,'node',1),('2013',103,'node',1),('2013',104,'node',1),('2013',105,'node',1),('2013',106,'node',1),('2013',107,'node',1),('2013',109,'node',1),('2013',110,'node',1),('2013',111,'node',1),('2013',112,'node',1),('2013',113,'node',1),('2013',114,'node',1),('2013',115,'node',1),('2013',116,'node',1),('2013',118,'node',1),('2013',120,'node',1),('2013',121,'node',1),('2013',122,'node',1),('2013',123,'node',1),('2013',124,'node',1),('2013',125,'node',1),('2013',126,'node',1),('2013',127,'node',1),('2013',128,'node',1),('2013',130,'node',1),('2013',131,'node',1),('2013',132,'node',1),('2013',133,'node',1),('2013',134,'node',1),('2013',135,'node',1),('2013',137,'node',1),('2013',138,'node',1),('2013',139,'node',1),('2013',140,'node',1),('2013',141,'node',1),('2013',142,'node',1),('2013',143,'node',1),('2013',144,'node',1),('2013',145,'node',1),('2013',146,'node',1),('2013',147,'node',1),('2013',149,'node',1),('2013',151,'node',1),('2013',152,'node',1),('2013',153,'node',1),('2013',154,'node',1),('2013',155,'node',1),('2013',156,'node',1),('2013',158,'node',1),('2013',159,'node',1),('2013',160,'node',1),('2013',161,'node',1),('2013',164,'node',1),('2013',165,'node',1),('2013',166,'node',1),('2013',168,'node',1),('2013',169,'node',1),('2013',170,'node',1),('2013',171,'node',1),('2013',173,'node',1),('2013',174,'node',1),('2013',175,'node',1),('2013',176,'node',1),('2013',177,'node',1),('2013',178,'node',1),('2013',179,'node',1),('2013',180,'node',1),('2013',181,'node',1),('2013',182,'node',1),('2013',192,'node',1),('2013',193,'node',1),('2013',194,'node',1),('2013',198,'node',1),('2013',199,'node',1),('2013',200,'node',1),('2013',202,'node',1),('2013',204,'node',1),('2013',205,'node',1),('2013',206,'node',1),('2013',207,'node',1),('2014',211,'node',1),('2014',212,'node',1),('2014',215,'node',1),('2014',216,'node',1),('2014',217,'node',1),('21',75,'node',1),('21',91,'node',1),('21',100,'node',1),('21',106,'node',1),('21',123,'node',1),('21',127,'node',1),('21',131,'node',1),('21',155,'node',1),('21',199,'node',1),('21',205,'node',1),('21271248',145,'node',1),('22',104,'node',1),('22',111,'node',1),('22',124,'node',1),('23',53,'node',1),('23',57,'node',1),('23',109,'node',1),('23',121,'node',1),('23',140,'node',1),('24',181,'node',1),('25',55,'node',1),('25',126,'node',1),('25',135,'node',1),('25',204,'node',1),('25113823',174,'node',1),('25124718',68,'node',1),('25310942',49,'node',1),('25528431',58,'node',1),('25557896',118,'node',1),('25711525',101,'node',1),('26',71,'node',1),('27',89,'node',1),('27',98,'node',1),('27',118,'node',1),('28',62,'node',1),('28',151,'node',1),('28',198,'node',1),('29',138,'node',1),('2980',204,'node',1),('3',69,'node',1),('3',90,'node',1),('3',93,'node',1),('3',145,'node',1),('3',165,'node',1),('3',171,'node',1),('3',177,'node',1),('3',202,'node',1),('30',72,'node',1),('30',154,'node',1),('30194291',60,'node',1),('30476559',166,'node',1),('30636011',211,'node',1),('30822092',81,'node',1),('31270901',79,'node',1),('32238538',206,'node',1),('32240044',112,'node',1),('32247642',114,'node',1),('32253044',126,'node',1),('32266480',56,'node',1),('32270143',41,'node',1),('32274736',107,'node',1),('32344828',86,'node',1),('32614301',53,'node',1),('32723375',200,'node',1),('32777994',203,'node',1),('32834931',70,'node',1),('32839804',155,'node',1),('32850171',102,'node',1),('32854005',42,'node',1),('33137478',106,'node',1),('33139574',90,'node',1),('33184399',204,'node',1),('33189440',197,'node',1),('33227165',193,'node',1),('33240235',109,'node',1),('33325467',113,'node',1),('33440949',205,'node',1),('33579425',63,'node',1),('33626120',165,'node',1),('33645268',170,'node',1),('33774340',128,'node',1),('33810256',50,'node',1),('33811235',108,'node',1),('33817248',44,'node',1),('33839091',132,'node',1),('33843065',88,'node',1),('33910972',127,'node',1),('33944407',47,'node',1),('33944587',146,'node',1),('33958454',213,'node',1),('34094188',79,'node',1),('34094573',79,'node',1),('34130259',105,'node',1),('34171428',135,'node',1),('34177581',201,'node',1),('34211550',177,'node',1),('34216997',57,'node',1),('34236993',115,'node',1),('34274227',62,'node',1),('34288567',210,'node',1),('34288567',212,'node',1),('34347975',72,'node',1),('34413030',71,'node',1),('34510727',152,'node',1),('34520338',85,'node',1),('34527440',99,'node',1),('34546710',82,'node',1),('34588044',119,'node',1),('34615591',48,'node',1),('34635187',192,'node',1),('34641226',80,'node',1),('34675297',194,'node',1),('34683781',199,'node',1),('34768862',67,'node',1),('34866734',214,'node',1),('3491981633',124,'node',1),('34929043',45,'node',1),('34954050',39,'node',1),('34968322',94,'node',1),('34976040',129,'node',1),('34978134',64,'node',1),('34984609',96,'node',1),('35313969',103,'node',1),('36417791',121,'node',1),('36547944',91,'node',1),('36583173',207,'node',1),('36621325',215,'node',1),('36811483',168,'node',1),('36812218',92,'node',1),('37863837',69,'node',1),('39281016',116,'node',1),('4',147,'node',1),('4',194,'node',1),('41035112',161,'node',1),('4182',57,'node',1),('4182',60,'node',1),('4183',45,'node',1),('4183',55,'node',1),('4183',77,'node',1),('4184',49,'node',1),('4184',85,'node',1),('4184',86,'node',1),('4184',90,'node',1),('4184',91,'node',1),('4184',92,'node',1),('4185',43,'node',1),('4185',94,'node',1),('4185',95,'node',1),('4185',96,'node',1),('4185',97,'node',1),('4185',98,'node',1),('4185',99,'node',1),('4186',41,'node',1),('4186',62,'node',1),('4187',61,'node',1),('4187',63,'node',1),('4187',64,'node',1),('4189',80,'node',1),('4189',81,'node',1),('4189',82,'node',1),('4189',83,'node',1),('4189',84,'node',1),('4390',145,'node',1),('4390',147,'node',1),('4390',174,'node',1),('4391',58,'node',1),('4391',66,'node',1),('4392',70,'node',1),('4392',73,'node',1),('4392',74,'node',1),('4393',42,'node',1),('4393',79,'node',1),('4394',53,'node',1),('4394',68,'node',1),('4394',69,'node',1),('4394',71,'node',1),('4394',72,'node',1),('4395',65,'node',1),('4397',154,'node',1),('4397',157,'node',1),('4397',160,'node',1),('4398',50,'node',1),('4398',93,'node',1),('4463',87,'node',1),('4463',88,'node',1),('4463',89,'node',1),('4476',56,'node',1),('4503',44,'node',1),('4503',52,'node',1),('4503',100,'node',1),('4503',192,'node',1),('4503',193,'node',1),('4503',194,'node',1),('4503',197,'node',1),('4503',198,'node',1),('4503',199,'node',1),('4503',200,'node',1),('4503',201,'node',1),('4503',202,'node',1),('4503',203,'node',1),('4503',205,'node',1),('4503',206,'node',1),('4503',207,'node',1),('4510',47,'node',1),('4510',101,'node',1),('4510',102,'node',1),('4510',103,'node',1),('4510',104,'node',1),('4510',210,'node',1),('4510',211,'node',1),('4510',212,'node',1),('4510',213,'node',1),('4510',214,'node',1),('4510',215,'node',1),('4510',216,'node',1),('4510',217,'node',1),('4569',146,'node',1),('4569',155,'node',1),('4571',46,'node',1),('4571',149,'node',1),('4580',152,'node',1),('4580',165,'node',1),('4580',166,'node',1),('4580',167,'node',1),('4580',168,'node',1),('4580',169,'node',1),('4580',170,'node',1),('4580',171,'node',1),('4580',178,'node',1),('4644',39,'node',1),('5',60,'node',1),('5',68,'node',1),('5',81,'node',1),('5',176,'node',1),('5',193,'node',1),('5',206,'node',1),('5386',196,'node',1),('5531',48,'node',1),('5531',105,'node',1),('5531',107,'node',1),('5531',108,'node',1),('5531',110,'node',1),('5531',111,'node',1),('5531',142,'node',1),('5532',114,'node',1),('5533',112,'node',1),('5533',118,'node',1),('5533',119,'node',1),('5533',122,'node',1),('5533',123,'node',1),('5533',131,'node',1),('5533',132,'node',1),('5539',116,'node',1),('5539',120,'node',1),('5539',128,'node',1),('5540',75,'node',1),('5540',76,'node',1),('5788',195,'node',1),('6',101,'node',1),('6',137,'node',1),('6',139,'node',1),('6',144,'node',1),('6',146,'node',1),('6',173,'node',1),('6416',121,'node',1),('6416',143,'node',1),('6416',144,'node',1),('6417',106,'node',1),('6627',79,'node',1),('7',110,'node',1),('7',122,'node',1),('7',182,'node',1),('7',192,'node',1),('71136799',133,'node',1),('75341297',172,'node',1),('75742434',144,'node',1),('8',70,'node',1),('8',97,'node',1),('8',103,'node',1),('8',113,'node',1),('8',120,'node',1),('82079708',58,'node',1),('82087575',128,'node',1),('82090969',92,'node',1),('82126674',81,'node',1),('83033891',45,'node',1),('83286553',100,'node',1),('83381010',63,'node',1),('83429096',138,'node',1),('83527375',84,'node',1),('83912486',173,'node',1),('84213371',177,'node',1),('84719925',53,'node',1),('84790322',77,'node',1),('84899756',49,'node',1),('84966876',90,'node',1),('85038069',106,'node',1),('85041093',212,'node',1),('85148081',202,'node',1),('85230952',62,'node',1),('85337285',95,'node',1),('85385649',121,'node',1),('85515932',188,'node',1),('85725480',69,'node',1),('86082132',210,'node',1),('86339668',123,'node',1),('87080100',170,'node',1),('87084824',207,'node',1),('87139412',135,'node',1),('87262401',44,'node',1),('87277548',183,'node',1),('87420608',131,'node',1),('87441627',55,'node',1),('8747',148,'node',1),('87472750',67,'node',1),('87626720',130,'node',1),('87692891',152,'node',1),('87795986',191,'node',1),('87856348',213,'node',1),('87991701',72,'node',1),('88036225',113,'node',1),('88064343',178,'node',1),('88088526',117,'node',1),('88233836',91,'node',1),('88272561',71,'node',1),('8833',190,'node',1),('88393222',184,'node',1),('88445201',150,'node',1),('88519687',44,'node',1),('88537607',199,'node',1),('88553525',168,'node',1),('88581307',162,'node',1),('88598818',82,'node',1),('88745523',87,'node',1),('88768569',139,'node',1),('88794227',118,'node',1),('88810005',46,'node',1),('88810142',171,'node',1),('88856682',140,'node',1),('88858069',127,'node',1),('88911740',125,'node',1),('88946197',147,'node',1),('88958375',206,'node',1),('88986480',56,'node',1),('89667780',201,'node',1),('9',88,'node',1),('9',115,'node',1),('9',130,'node',1),('9',159,'node',1),('9',168,'node',1),('91034500',103,'node',1),('91198467',153,'node',1),('91199002',196,'node',1),('91312839',97,'node',1),('91359825',50,'node',1),('91442024',179,'node',1),('91564377',80,'node',1),('91593544',181,'node',1),('91594870',160,'node',1),('91719111',120,'node',1),('91873570',217,'node',1),('91932792',146,'node',1),('9198',190,'node',1),('92060112',137,'node',1),('92231844',158,'node',1),('92317178',154,'node',1),('92326580',192,'node',1),('92340542',211,'node',1),('92370143',41,'node',1),('92390346',105,'node',1),('92413138',89,'node',1),('92725322',216,'node',1),('92790814',41,'node',1),('93011618',110,'node',1),('93091822',186,'node',1),('93092706',112,'node',1),('93112076',56,'node',1),('93151938',194,'node',1),('93277388',163,'node',1),('93345117',174,'node',1),('93369726',166,'node',1),('93404622',65,'node',1),('93427915',104,'node',1),('93464845',88,'node',1),('93630278',39,'node',1),('93677578',125,'node',1),('93759340',180,'node',1),('93792014',195,'node',1),('93878756',134,'node',1),('93950909',198,'node',1),('9397',148,'node',1),('94075018',101,'node',1),('94087249',189,'node',1),('94385607',203,'node',1),('94531937',129,'node',1),('94658427',75,'node',1),('94773115',161,'node',1),('94775664',98,'node',1),('95086578',136,'node',1),('95375204',68,'node',1),('96081407',197,'node',1),('96277813',109,'node',1),('96420871',57,'node',1),('96428451',102,'node',1),('96499484',94,'node',1),('96504147',215,'node',1),('96511464',204,'node',1),('96626707',159,'node',1),('96655395',164,'node',1),('96661282',185,'node',1),('96673504',55,'node',1),('96718551',157,'node',2),('96741313',52,'node',1),('96753963',114,'node',1),('96757082',99,'node',1),('96809421',176,'node',1),('96856398',193,'node',1),('96914050',39,'node',1),('96952120',149,'node',1),('97021999',155,'node',1),('97031204',111,'node',1),('97081186',107,'node',1),('97112909',169,'node',1),('97234495',165,'node',1),('97324605',93,'node',1),('97351090',132,'node',1),('97353255',64,'node',1),('97747737',122,'node',1),('97768988',83,'node',1),('97846965',74,'node',1),('97876141',119,'node',1),('97944828',86,'node',1),('98078473',156,'node',1),('98222729',47,'node',1),('98232269',76,'node',1),('98270141',175,'node',1),('98323832',182,'node',1),('98482718',143,'node',1),('98510303',145,'node',1),('98562309',116,'node',1),('98676707',159,'node',1),('98880321',214,'node',1),('99127099',142,'node',1),('99153061',205,'node',1),('99189081',73,'node',1),('99297624',141,'node',1),('99323044',126,'node',1),('99365890',187,'node',1),('99684291',60,'node',1),('99694085',200,'node',1),('99782866',115,'node',1),('99831614',85,'node',1),('99839430',42,'node',1),('99875577',151,'node',1),('99979062',48,'node',1),('abram',172,'node',26),('acervo',17,'node',48),('acervo',202,'node',2.2),('acervo',203,'node',2.2),('acessibilidades',37,'node',79),('acessibilidades',47,'node',2.2),('acessibilidades',101,'node',2.2),('acessibilidades',102,'node',2.2),('acessibilidades',103,'node',2.2),('acessibilidades',104,'node',2.2),('acessibilidades',210,'node',2.2),('acessibilidades',211,'node',2.2),('acessibilidades',212,'node',2.2),('acessibilidades',213,'node',2.2),('acessibilidades',214,'node',2.2),('acessibilidades',215,'node',2.2),('acessibilidades',216,'node',2.2),('acessibilidades',217,'node',2.2),('adilson',58,'node',26),('adlane',204,'node',27),('adlferreira',58,'node',1),('adriana',44,'node',26),('agatha',189,'node',26),('agatha80',189,'node',1),('agência',32,'node',107),('agência',49,'node',2.2),('agência',50,'node',2.2),('agência',85,'node',2.2),('agência',86,'node',2.2),('agência',87,'node',2.2),('agência',88,'node',2.2),('agência',89,'node',2.2),('agência',90,'node',2.2),('agência',91,'node',2.2),('agência',92,'node',2.2),('agência',93,'node',2.2),('agradece',78,'node',1),('albuquerque',102,'node',26),('alexandre',196,'node',27),('alexandre',213,'node',26),('alexandreleao',196,'node',1),('alkmim',112,'node',26),('almeida',49,'node',26),('ambiente',78,'node',1),('ana',43,'node',26),('ana',45,'node',26),('ana',77,'node',26),('ana',85,'node',26),('ana',136,'node',26),('ana',139,'node',26),('ana',145,'node',26),('ana',198,'node',26),('anacarolinagomesilva',136,'node',1),('anaclaudiamaiolini',198,'node',1),('anafatorelli',145,'node',1),('analumacedo',77,'node',1),('anapaulafmattos',139,'node',1),('anarita',85,'node',1),('andrade',137,'node',26),('anny',76,'node',26),('annylalves',76,'node',1),('antonio',79,'node',1),('antônio',165,'node',26),('antunes',161,'node',26),('aosrafael',137,'node',1),('april',71,'node',1),('april',80,'node',1),('april',118,'node',1),('april',132,'node',1),('april',144,'node',1),('april',170,'node',1),('april',182,'node',1),('april',207,'node',1),('april',212,'node',1),('apvieira',45,'node',1),('araújo',85,'node',26),('arcanjo',143,'node',26),('arce',41,'node',26),('arcuri',185,'node',26),('ariane',146,'node',26),('arianegervasio',146,'node',1),('artur',97,'node',26),('artursoaresufmg',97,'node',1),('arvelos',173,'node',26),('assessoria',31,'node',92),('assessoria',56,'node',2.2),('assessoria',80,'node',2.2),('assessoria',81,'node',2.2),('assessoria',82,'node',2.2),('assessoria',83,'node',2.2),('assessoria',84,'node',2.2),('assessoriadeimprensa',31,'node',1),('assis',125,'node',26),('assumpção',107,'node',26),('assunção',135,'node',26),('august',63,'node',1),('august',96,'node',1),('august',121,'node',1),('august',138,'node',1),('august',141,'node',1),('august',158,'node',1),('august',178,'node',1),('august',217,'node',1),('awvp2006',165,'node',1),('azevedo',177,'node',26),('azevedo',189,'node',26),('babipansardi',90,'node',1),('baeta',71,'node',26),('bárbara',90,'node',26),('begname',207,'node',26),('belahcardoso',84,'node',1),('benvindo',200,'node',26),('bia',46,'node',26),('biastarling',46,'node',1),('bichos',25,'node',52),('blima',60,'node',27),('boas',204,'node',26),('boletim',32,'node',1),('boletimufmg',49,'node',1),('bolsista',193,'node',26),('bolsista',197,'node',26),('bolsista',198,'node',26),('bolsista',199,'node',26),('bolsista',200,'node',26),('bolsista',202,'node',26),('bolsista',203,'node',26),('bolsista',206,'node',26),('bolsista',207,'node',26),('botelho',52,'node',26),('braga',95,'node',26),('bremmer',176,'node',26),('bremmerguimaraes',176,'node',1),('bretas',163,'node',26),('bruno',157,'node',26),('bruno',179,'node',26),('brunocamargos89',179,'node',1),('buenothaiane',130,'node',1),('bugre',120,'node',26),('camargos',179,'node',26),('campana',206,'node',26),('campus',79,'node',1),('canta',22,'node',26),('cantos',22,'node',26),('cardoso',55,'node',26),('cardoso',84,'node',26),('carlos',79,'node',1),('carlos',82,'node',26),('carmo',156,'node',26),('carolina',136,'node',26),('carolina',188,'node',26),('carolinamourajornalismo',188,'node',1),('carvalho',60,'node',26),('carvalho',65,'node',26),('carvalho',74,'node',26),('carvalho',100,'node',26),('carvalho',130,'node',26),('carvalho',195,'node',26),('cedecomufmgbr',1,'node',1),('cedecomufmgbr',28,'node',1),('cedecomufmgbr',29,'node',1),('cedecomufmgbr',30,'node',1),('cedecomufmgbr',32,'node',1),('cedecomufmgbr',33,'node',1),('cedecomufmgbr',38,'node',1),('cedecomufmgbr',43,'node',1),('cedecomufmgbr',54,'node',1),('cedecomufmgbr',55,'node',1),('cedecomufmgbr',65,'node',1),('cep',79,'node',1),('cerqueira',98,'node',26),('cesar',111,'node',26),('chalub',194,'node',26),('cheberle',75,'node',26),('chrisalbuquerquem',102,'node',1),('christianne',102,'node',26),('ciência',19,'node',26),('ciência',20,'node',26),('ciência',23,'node',26),('ciências',18,'node',70),('ciências',204,'node',2.2),('ciências',205,'node',2.2),('ciências',206,'node',2.2),('ciências',207,'node',2.2),('científica',36,'node',48),('científica',38,'node',83),('científica',44,'node',2.2),('científica',52,'node',2.2),('científica',100,'node',2.2),('científica',192,'node',2.2),('científica',193,'node',2.2),('científica',194,'node',2.2),('científica',195,'node',2.2),('científica',196,'node',2.2),('científica',197,'node',2.2),('científica',198,'node',2.2),('científica',199,'node',2.2),('científica',200,'node',2.2),('científica',201,'node',2.2),('científica',202,'node',2.2),('científica',203,'node',2.2),('científica',204,'node',2.2),('científica',205,'node',2.2),('científica',206,'node',2.2),('científica',207,'node',2.2),('cinegrafista',165,'node',26),('cinegrafista',166,'node',26),('cinegrafista',171,'node',26),('cinegrafistas',14,'node',84),('cinegrafistas',165,'node',2.2),('cinegrafistas',166,'node',2.2),('cinegrafistas',167,'node',2.2),('cinegrafistas',168,'node',2.2),('cinegrafistas',169,'node',2.2),('cinegrafistas',170,'node',2.2),('cinegrafistas',171,'node',2.2),('cinegrafistas',172,'node',2.2),('cinthia',199,'node',26),('cinthiacprocopio',199,'node',1),('circuito',156,'node',26),('cívicos',15,'node',37),('cívicos',100,'node',2.2),('clara',197,'node',26),('claravasconcellosc',197,'node',1),('cláudia',198,'node',26),('cláudio',105,'node',26),('claudiozaza',105,'node',1),('cleiber',106,'node',26),('coelho',151,'node',26),('comunicação',17,'node',48),('comunicação',30,'node',48),('comunicação',36,'node',48),('comunicação',37,'node',89),('comunicação',41,'node',2.2),('comunicação',45,'node',2.2),('comunicação',47,'node',2.2),('comunicação',52,'node',2.2),('comunicação',77,'node',2.2),('comunicação',78,'node',11),('comunicação',100,'node',2.2),('comunicação',101,'node',2.2),('comunicação',102,'node',2.2),('comunicação',103,'node',2.2),('comunicação',104,'node',2.2),('comunicação',202,'node',2.2),('comunicação',203,'node',2.2),('comunicação',208,'node',37),('comunicação',210,'node',2.2),('comunicação',211,'node',2.2),('comunicação',212,'node',2.2),('comunicação',213,'node',2.2),('comunicação',214,'node',2.2),('comunicação',215,'node',2.2),('comunicação',216,'node',2.2),('comunicação',217,'node',2.2),('comunicacaointerna',30,'node',1),('conceição',62,'node',26),('conhecimento',16,'node',73),('conhecimento',195,'node',2.2),('conhecimento',196,'node',2.2),('conhecimento',197,'node',2.2),('conhecimento',198,'node',2.2),('conhecimento',199,'node',2.2),('conhecimento',200,'node',2.2),('conhecimento',201,'node',2.2),('contato',78,'node',1),('contatos',78,'node',1),('coordenador',2,'node',147),('coordenador',44,'node',2.2),('coordenador',45,'node',2.2),('coordenador',46,'node',2.2),('coordenador',47,'node',2.2),('coordenador',48,'node',2.2),('coordenador',49,'node',2.2),('coordenador',52,'node',2.2),('coordenador',53,'node',2.2),('coordenador',55,'node',2.2),('coordenador',56,'node',2.2),('coordenador',57,'node',2.2),('coordenadora',153,'node',26),('coordenadores',5,'node',26),('coordenadoria',36,'node',48),('coordenadoria',52,'node',2.2),('coordenadoria',100,'node',2.2),('correa',108,'node',26),('correa',217,'node',26),('costa',131,'node',26),('coura',167,'node',26),('couto',187,'node',26),('cpacifico',106,'node',1),('criação',53,'node',2.2),('criação',54,'node',104),('criação',68,'node',2.2),('criação',69,'node',2.2),('criação',70,'node',2.2),('criação',71,'node',2.2),('criação',72,'node',2.2),('criação',73,'node',2.2),('criação',74,'node',2.2),('crianças',26,'node',26),('cristiana',47,'node',26),('cristina',96,'node',26),('cruz',57,'node',26),('ctklimsa',47,'node',1),('ctrl',78,'node',1),('cunha',217,'node',26),('daniel',63,'node',26),('daniel',74,'node',26),('daniel',119,'node',26),('daniel',143,'node',26),('danielarj',143,'node',1),('danielpereirinha',63,'node',1),('danilojorge',208,'node',1),('das',26,'node',26),('davi',210,'node',26),('david',164,'node',26),('davidtiao',164,'node',1),('davifsousa89',210,'node',1),('dcrestudios',74,'node',1),('débora',211,'node',26),('deborelladuque',211,'node',1),('decantando',24,'node',26),('december',55,'node',1),('december',70,'node',1),('december',75,'node',1),('december',99,'node',1),('december',100,'node',1),('december',104,'node',1),('december',110,'node',1),('december',134,'node',1),('december',145,'node',1),('december',147,'node',1),('december',161,'node',1),('december',171,'node',1),('december',177,'node',1),('deselegante',78,'node',1),('dica',78,'node',1),('diniz',202,'node',26),('diniz',214,'node',26),('dir',1,'node',1),('direção',169,'node',26),('diretoria',1,'node',37),('diretoria',33,'node',103),('diretoria',39,'node',4.4),('diretoria',40,'node',70),('diretoria',41,'node',4.4),('diretoria',42,'node',4.4),('diretoria',43,'node',4.4),('diretoria',94,'node',2.2),('diretoria',95,'node',2.2),('diretoria',96,'node',2.2),('diretoria',97,'node',2.2),('diretoria',98,'node',2.2),('diretoria',99,'node',2.2),('diretoria',208,'node',37),('diretoria',209,'node',37),('diretoriaweb',33,'node',1),('diretoriaweb',43,'node',1),('divulgação',38,'node',93),('divulgação',44,'node',2.2),('divulgação',192,'node',2.2),('divulgação',193,'node',2.2),('divulgação',194,'node',2.2),('divulgação',195,'node',2.2),('divulgação',196,'node',2.2),('divulgação',197,'node',2.2),('divulgação',198,'node',2.2),('divulgação',199,'node',2.2),('divulgação',200,'node',2.2),('divulgação',201,'node',2.2),('divulgação',202,'node',2.2),('divulgação',203,'node',2.2),('divulgação',204,'node',2.2),('divulgação',205,'node',2.2),('divulgação',206,'node',2.2),('divulgação',207,'node',2.2),('dlandrade',119,'node',1),('dommarciorei',152,'node',1),('dos',213,'node',26),('duarte',164,'node',26),('duque',211,'node',26),('dutra',56,'node',26),('dutra',93,'node',26),('edição',13,'node',104),('edição',157,'node',2.2),('edição',158,'node',2.2),('edição',159,'node',2.2),('edição',160,'node',2.2),('edição',161,'node',2.2),('edição',162,'node',2.2),('edição',163,'node',2.2),('edição',164,'node',28.2),('edina',65,'node',26),('edinacp',65,'node',1),('editor',156,'node',26),('editor',157,'node',26),('editor',158,'node',26),('editora',155,'node',26),('eduardo',82,'node',26),('educativa',34,'node',107),('educativa',48,'node',2.2),('educativa',105,'node',2.2),('educativa',106,'node',2.2),('educativa',107,'node',2.2),('educativa',108,'node',2.2),('educativa',109,'node',2.2),('educativa',110,'node',2.2),('educativa',111,'node',2.2),('educativa',112,'node',2.2),('educativa',113,'node',2.2),('educativa',114,'node',2.2),('educativa',115,'node',2.2),('educativa',116,'node',2.2),('educativa',117,'node',2.2),('educativa',118,'node',2.2),('educativa',119,'node',2.2),('educativa',120,'node',2.2),('educativa',121,'node',2.2),('educativa',122,'node',2.2),('educativa',123,'node',2.2),('educativa',124,'node',2.2),('educativa',125,'node',2.2),('educativa',126,'node',2.2),('educativa',127,'node',2.2),('educativa',128,'node',2.2),('educativa',129,'node',2.2),('educativa',130,'node',2.2),('educativa',131,'node',2.2),('educativa',132,'node',2.2),('educativa',133,'node',2.2),('educativa',134,'node',2.2),('educativa',135,'node',2.2),('educativa',136,'node',2.2),('educativa',137,'node',2.2),('educativa',138,'node',2.2),('educativa',139,'node',2.2),('educativa',140,'node',2.2),('educativa',141,'node',2.2),('educativa',142,'node',2.2),('educativa',143,'node',2.2),('educativa',144,'node',2.2),('ekaresende',149,'node',1),('elias',48,'node',26),('elias',151,'node',26),('eliasufmg',48,'node',1),('elton',158,'node',26),('eltonlizardo',158,'node',1),('elza',61,'node',26),('elzaf',61,'node',1),('endereço',79,'node',30),('engenharia',12,'node',48),('engenharia',143,'node',2.2),('engenharia',144,'node',2.2),('equipe',14,'node',84),('equipe',165,'node',2.2),('equipe',166,'node',2.2),('equipe',167,'node',2.2),('equipe',168,'node',2.2),('equipe',169,'node',2.2),('equipe',170,'node',2.2),('equipe',171,'node',2.2),('equipe',172,'node',2.2),('ernani',187,'node',26),('ernanicouto',187,'node',1),('espaços',15,'node',37),('espaços',100,'node',2.2),('espíndola',89,'node',26),('esta',78,'node',1),('estagiário',3,'node',202),('estagiário',11,'node',37),('estagiário',73,'node',2.2),('estagiário',74,'node',2.2),('estagiário',77,'node',2.2),('estagiário',83,'node',2.2),('estagiário',84,'node',2.2),('estagiário',90,'node',2.2),('estagiário',91,'node',2.2),('estagiário',92,'node',2.2),('estagiário',93,'node',2.2),('estagiário',104,'node',2.2),('estagiário',142,'node',2.2),('estagiário',173,'node',2.2),('estagiário',174,'node',2.2),('estagiário',175,'node',2.2),('estagiário',176,'node',2.2),('estagiário',177,'node',2.2),('estagiário',178,'node',2.2),('estagiário',179,'node',2.2),('estagiário',180,'node',2.2),('estagiário',181,'node',2.2),('estagiário',182,'node',2.2),('estagiário',183,'node',2.2),('estagiário',184,'node',2.2),('estagiário',185,'node',2.2),('estagiário',186,'node',2.2),('estagiário',187,'node',2.2),('estagiário',188,'node',2.2),('estagiário',189,'node',2.2),('estagiário',190,'node',2.2),('estagiário',191,'node',2.2),('estagiário',210,'node',2.2),('estagiário',211,'node',2.2),('estagiário',212,'node',2.2),('estagiário',213,'node',2.2),('estagiário',214,'node',2.2),('estagiário',215,'node',2.2),('estagiário',216,'node',2.2),('estagiário',217,'node',2.2),('estagiário',219,'node',37),('estagiários',8,'node',106),('estagiários',9,'node',103),('estagiários',10,'node',37),('estagiários',12,'node',48),('estagiários',124,'node',2.2),('estagiários',125,'node',2.2),('estagiários',126,'node',2.2),('estagiários',127,'node',2.2),('estagiários',128,'node',2.2),('estagiários',129,'node',2.2),('estagiários',130,'node',2.2),('estagiários',131,'node',2.2),('estagiários',132,'node',2.2),('estagiários',133,'node',2.2),('estagiários',134,'node',2.2),('estagiários',135,'node',2.2),('estagiários',136,'node',2.2),('estagiários',137,'node',2.2),('estagiários',138,'node',2.2),('estagiários',139,'node',2.2),('estagiários',140,'node',2.2),('estagiários',141,'node',2.2),('estagiários',143,'node',2.2),('estagiários',144,'node',2.2),('estúdio',14,'node',74),('estúdio',165,'node',2.2),('estúdio',166,'node',28.2),('estúdio',167,'node',2.2),('estúdio',168,'node',2.2),('estúdio',169,'node',2.2),('estúdio',170,'node',2.2),('estúdio',171,'node',2.2),('estúdio',172,'node',2.2),('eustáquio',101,'node',26),('euu1992',67,'node',1),('ewerton',87,'node',26),('ewertonmartinsribeiro',87,'node',1),('fafichufmgbr',108,'node',1),('fagundes',139,'node',26),('fala',25,'node',26),('faria',192,'node',26),('fátima',39,'node',26),('fátima',61,'node',26),('fatorelli',145,'node',26),('fax',79,'node',4),('february',106,'node',1),('february',142,'node',1),('february',146,'node',1),('february',202,'node',1),('felipe',107,'node',26),('felipe',133,'node',26),('fernanda',191,'node',26),('fernanda',193,'node',26),('fernandaneivaufmg',193,'node',1),('fernandes',73,'node',26),('fernando',101,'node',26),('fernandoeguedes',101,'node',1),('ferreira',42,'node',26),('ferreira',58,'node',26),('fideles',116,'node',26),('figueiredo',210,'node',26),('filipe',109,'node',26),('flávia',147,'node',26),('flávia',153,'node',26),('flavialovisi',147,'node',1),('flaviamoraesmoreira',153,'node',1),('flávio',49,'node',26),('flores',132,'node',26),('foca',50,'node',27),('fonte',78,'node',1),('fontes',127,'node',26),('fotodeartecombr',196,'node',1),('fotografia',93,'node',2.2),('fotografia',168,'node',26),('fotografia',219,'node',37),('fotográfico',17,'node',48),('fotográfico',202,'node',2.2),('fotográfico',203,'node',2.2),('fotógrafo',50,'node',2.2),('fotógrafo',218,'node',37),('frança',117,'node',26),('franco',174,'node',26),('francoms',174,'node',1),('freitas',216,'node',26),('friday',64,'node',1),('friday',71,'node',1),('friday',94,'node',1),('friday',107,'node',1),('friday',121,'node',1),('friday',135,'node',1),('friday',137,'node',1),('friday',143,'node',1),('friday',158,'node',1),('friday',160,'node',1),('friday',165,'node',1),('friday',175,'node',1),('friday',179,'node',1),('friday',181,'node',1),('friday',206,'node',1),('friday',207,'node',1),('friday',216,'node',1),('friday',217,'node',1),('funcionário',58,'node',2.2),('funcionário',59,'node',227),('funcionário',60,'node',2.2),('funcionário',61,'node',2.2),('funcionário',62,'node',2.2),('funcionário',63,'node',2.2),('funcionário',64,'node',2.2),('funcionário',65,'node',2.2),('funcionário',66,'node',2.2),('funcionário',67,'node',2.2),('funcionário',68,'node',2.2),('funcionário',69,'node',2.2),('funcionário',70,'node',2.2),('funcionário',71,'node',2.2),('funcionário',72,'node',2.2),('funcionário',80,'node',2.2),('funcionário',81,'node',2.2),('funcionário',82,'node',2.2),('funcionário',85,'node',2.2),('funcionário',86,'node',2.2),('funcionário',87,'node',2.2),('funcionário',88,'node',2.2),('funcionário',89,'node',2.2),('funcionário',94,'node',2.2),('funcionário',95,'node',2.2),('funcionário',101,'node',2.2),('funcionário',102,'node',2.2),('funcionário',103,'node',2.2),('funcionário',105,'node',2.2),('funcionário',106,'node',2.2),('funcionário',107,'node',2.2),('funcionário',108,'node',2.2),('funcionário',109,'node',2.2),('funcionário',110,'node',2.2),('funcionário',111,'node',2.2),('funcionário',112,'node',2.2),('funcionário',113,'node',2.2),('funcionário',114,'node',2.2),('funcionário',115,'node',2.2),('funcionário',116,'node',2.2),('funcionário',117,'node',2.2),('funcionário',118,'node',2.2),('funcionário',119,'node',2.2),('funcionário',120,'node',2.2),('funcionário',121,'node',2.2),('funcionário',122,'node',2.2),('funcionário',123,'node',2.2),('funcionário',145,'node',2.2),('funcionário',146,'node',2.2),('funcionário',147,'node',2.2),('funcionário',148,'node',2.2),('funcionário',149,'node',2.2),('funcionário',150,'node',2.2),('funcionário',151,'node',2.2),('funcionário',152,'node',2.2),('funcionário',153,'node',2.2),('funcionário',154,'node',2.2),('funcionário',155,'node',2.2),('funcionário',156,'node',2.2),('funcionário',192,'node',2.2),('funcionário',193,'node',2.2),('funcionário',194,'node',2.2),('gabriel',180,'node',26),('gabriela',126,'node',27),('gabriela',212,'node',26),('gabrielalopesm',212,'node',1),('gabrielortiz777',180,'node',1),('gargiulo',129,'node',26),('gastronomia',21,'node',26),('gcorreia',108,'node',1),('geraldo',68,'node',26),('geraldo',165,'node',26),('gervásio',146,'node',26),('gilberto',108,'node',26),('gina',69,'node',27),('ginanogueira',69,'node',1),('glaucia',192,'node',26),('glauciafariaufmg',192,'node',1),('glória',113,'node',26),('gmailcom',37,'node',1),('gmailcom',39,'node',1),('gmailcom',41,'node',1),('gmailcom',43,'node',1),('gmailcom',44,'node',1),('gmailcom',46,'node',1),('gmailcom',47,'node',1),('gmailcom',48,'node',1),('gmailcom',49,'node',1),('gmailcom',53,'node',1),('gmailcom',66,'node',1),('gmailcom',71,'node',1),('gmailcom',72,'node',1),('gmailcom',73,'node',1),('gmailcom',74,'node',1),('gmailcom',75,'node',1),('gmailcom',76,'node',1),('gmailcom',77,'node',1),('gmailcom',80,'node',1),('gmailcom',82,'node',1),('gmailcom',86,'node',1),('gmailcom',87,'node',1),('gmailcom',88,'node',1),('gmailcom',90,'node',1),('gmailcom',91,'node',1),('gmailcom',92,'node',1),('gmailcom',93,'node',1),('gmailcom',95,'node',1),('gmailcom',98,'node',1),('gmailcom',100,'node',1),('gmailcom',101,'node',1),('gmailcom',102,'node',1),('gmailcom',103,'node',1),('gmailcom',104,'node',1),('gmailcom',105,'node',1),('gmailcom',106,'node',1),('gmailcom',107,'node',1),('gmailcom',109,'node',1),('gmailcom',110,'node',1),('gmailcom',111,'node',1),('gmailcom',112,'node',1),('gmailcom',113,'node',1),('gmailcom',117,'node',1),('gmailcom',118,'node',1),('gmailcom',119,'node',1),('gmailcom',121,'node',1),('gmailcom',122,'node',1),('gmailcom',123,'node',1),('gmailcom',124,'node',1),('gmailcom',125,'node',1),('gmailcom',127,'node',1),('gmailcom',129,'node',1),('gmailcom',130,'node',1),('gmailcom',132,'node',1),('gmailcom',133,'node',1),('gmailcom',134,'node',1),('gmailcom',135,'node',1),('gmailcom',137,'node',1),('gmailcom',138,'node',1),('gmailcom',139,'node',1),('gmailcom',140,'node',1),('gmailcom',141,'node',1),('gmailcom',142,'node',1),('gmailcom',145,'node',1),('gmailcom',148,'node',1),('gmailcom',149,'node',1),('gmailcom',150,'node',1),('gmailcom',151,'node',1),('gmailcom',153,'node',1),('gmailcom',155,'node',1),('gmailcom',156,'node',1),('gmailcom',161,'node',1),('gmailcom',171,'node',1),('gmailcom',173,'node',1),('gmailcom',175,'node',1),('gmailcom',177,'node',1),('gmailcom',178,'node',1),('gmailcom',179,'node',1),('gmailcom',181,'node',1),('gmailcom',183,'node',1),('gmailcom',184,'node',1),('gmailcom',188,'node',1),('gmailcom',190,'node',1),('gmailcom',192,'node',1),('gmailcom',193,'node',1),('gmailcom',194,'node',1),('gmailcom',197,'node',1),('gmailcom',198,'node',1),('gmailcom',199,'node',1),('gmailcom',200,'node',1),('gmailcom',201,'node',1),('gmailcom',205,'node',1),('gmailcom',207,'node',1),('gmailcom',210,'node',1),('gmailcom',211,'node',1),('gmailcom',213,'node',1),('gmailcom',214,'node',1),('gmailcom',215,'node',1),('gmailcom',217,'node',1),('góes',214,'node',26),('gomes',136,'node',26),('gomes',155,'node',26),('gomes',170,'node',26),('gomes',184,'node',26),('gomes',215,'node',26),('gonçalves',129,'node',26),('gonçalves',140,'node',26),('gonçalves',186,'node',26),('goulart',142,'node',26),('goulart',211,'node',26),('gráfica',53,'node',2.2),('gráfica',54,'node',104),('gráfica',68,'node',2.2),('gráfica',69,'node',2.2),('gráfica',70,'node',2.2),('gráfica',71,'node',2.2),('gráfica',72,'node',2.2),('gráfica',73,'node',2.2),('gráfica',74,'node',2.2),('guedes',101,'node',26),('guimarães',160,'node',26),('guimarães',176,'node',26),('gustavo',160,'node',26),('gustavo',166,'node',26),('gustavopioc',160,'node',1),('gutobh13',166,'node',1),('harlem',70,'node',26),('helton',94,'node',26),('heltonrsantos',94,'node',1),('henrique',92,'node',26),('henrique',162,'node',26),('henrique',166,'node',26),('higor',159,'node',26),('home',78,'node',26),('hotmailcom',57,'node',1),('hotmailcom',58,'node',1),('hotmailcom',63,'node',1),('hotmailcom',67,'node',1),('hotmailcom',83,'node',1),('hotmailcom',84,'node',1),('hotmailcom',97,'node',1),('hotmailcom',101,'node',1),('hotmailcom',143,'node',1),('hotmailcom',144,'node',1),('hotmailcom',147,'node',1),('hotmailcom',152,'node',1),('hotmailcom',159,'node',1),('hotmailcom',162,'node',1),('hotmailcom',164,'node',1),('hotmailcom',165,'node',1),('hotmailcom',166,'node',1),('hotmailcom',169,'node',1),('hotmailcom',170,'node',1),('hotmailcom',174,'node',1),('hotmailcom',176,'node',1),('hotmailcom',180,'node',1),('hotmailcom',185,'node',1),('hotmailcom',187,'node',1),('hotmailcom',189,'node',1),('hotmailcom',191,'node',1),('hotmailcom',203,'node',1),('hotmailcom',206,'node',1),('hotmailcom',212,'node',1),('hotmailcom',216,'node',1),('htadeu100',159,'node',1),('ian',150,'node',26),('ianlara',150,'node',1),('icb',204,'node',26),('ico',96,'node',1),('idealizadora',195,'node',26),('igor',161,'node',26),('igorantunesrtv',161,'node',1),('ilha',13,'node',104),('ilha',157,'node',2.2),('ilha',158,'node',2.2),('ilha',159,'node',2.2),('ilha',160,'node',2.2),('ilha',161,'node',2.2),('ilha',162,'node',2.2),('ilha',163,'node',2.2),('ilha',164,'node',2.2),('ilsguedes',101,'node',1),('imagem',169,'node',26),('imagens',16,'node',83),('imagens',157,'node',26),('imagens',195,'node',2.2),('imagens',196,'node',2.2),('imagens',197,'node',2.2),('imagens',198,'node',2.2),('imagens',199,'node',2.2),('imagens',200,'node',2.2),('imagens',201,'node',2.2),('imprensa',31,'node',92),('imprensa',56,'node',2.2),('imprensa',80,'node',2.2),('imprensa',81,'node',2.2),('imprensa',82,'node',2.2),('imprensa',83,'node',2.2),('imprensa',84,'node',2.2),('imprima',78,'node',1),('integrada',41,'node',2.2),('integrada',208,'node',37),('interna',30,'node',48),('interna',45,'node',2.2),('interna',77,'node',2.2),('interna',78,'node',11),('isabel',96,'node',26),('isabela',84,'node',26),('isabela',191,'node',26),('isabela',201,'node',26),('isabelafernanda2011',191,'node',1),('isabelaluizapm',201,'node',1),('isabella',190,'node',26),('isabellamelano',190,'node',1),('itamar',86,'node',26),('itamarrigueira',86,'node',1),('izaalexandre00',213,'node',1),('izabelly',213,'node',26),('jacktequila2005',62,'node',1),('jacqueline',62,'node',26),('janaina',151,'node',26),('janainacoelho1',151,'node',1),('january',60,'node',1),('january',81,'node',1),('january',133,'node',1),('january',155,'node',1),('january',175,'node',1),('january',198,'node',1),('jcrosa',62,'node',1),('jennifer',186,'node',26),('jenniferjornal',186,'node',1),('jéssica',181,'node',26),('jessicasalibas',181,'node',1),('jéssika',122,'node',26),('jessikamsv',122,'node',1),('jnetox',144,'node',1),('joão',206,'node',26),('jornalismo',8,'node',106),('jornalismo',124,'node',2.2),('jornalismo',125,'node',2.2),('jornalismo',126,'node',2.2),('jornalismo',127,'node',2.2),('jornalismo',128,'node',2.2),('jornalismo',129,'node',2.2),('jornalismo',130,'node',2.2),('jornalismo',131,'node',2.2),('jornalismo',132,'node',2.2),('jornalismo',133,'node',2.2),('jornalista',151,'node',26),('josé',63,'node',26),('josé',144,'node',26),('josubenvindo',200,'node',1),('josué',200,'node',26),('joyce',217,'node',26),('jp5',206,'node',1),('judson',110,'node',26),('judsonporto',110,'node',1),('juliana',52,'node',26),('juliana',73,'node',26),('juliana',202,'node',26),('julianadiniz',202,'node',1),('julianasbotelho',36,'node',1),('julianasbotelho',52,'node',1),('julidanes',73,'node',1),('july',66,'node',1),('july',69,'node',1),('july',89,'node',1),('july',109,'node',1),('july',125,'node',1),('july',126,'node',1),('july',153,'node',1),('july',166,'node',1),('july',168,'node',1),('july',169,'node',1),('july',205,'node',1),('july',206,'node',1),('june',58,'node',1),('june',76,'node',1),('june',77,'node',1),('june',90,'node',1),('june',120,'node',1),('june',128,'node',1),('june',139,'node',1),('june',154,'node',1),('june',156,'node',1),('june',159,'node',1),('june',164,'node',1),('june',174,'node',1),('june',200,'node',1),('júnior',86,'node',26),('kiko',42,'node',26),('kiko2901',42,'node',1),('kiko2901',209,'node',1),('klimsa',47,'node',26),('lagluana',125,'node',1),('lambertucci',177,'node',26),('lara',150,'node',26),('larissa',132,'node',26),('larissa',214,'node',26),('larissadinizgoes',214,'node',1),('larissafloresleao',132,'node',1),('laudares',215,'node',26),('laudareslivia',215,'node',1),('laura',124,'node',26),('lauramco',124,'node',1),('leandro',175,'node',26),('leandrocezarlourenco',175,'node',1),('leão',141,'node',26),('leão',196,'node',26),('leite',119,'node',26),('leite',157,'node',26),('lemos',44,'node',26),('lemostorres',44,'node',1),('leonardo',72,'node',26),('leonardo',183,'node',26),('leonardo',194,'node',26),('leonardochalub',194,'node',1),('leoruas',72,'node',1),('leovieiraribeiro',183,'node',1),('ler',19,'node',26),('letícia',127,'node',26),('leticiafontes',127,'node',1),('lígia',182,'node',26),('liigiasouza',182,'node',1),('lima',76,'node',26),('lisboa',50,'node',26),('lista',78,'node',1),('lívia',215,'node',26),('lizardo',158,'node',26),('lobo',157,'node',26),('localizar',78,'node',1),('lolisgloria',113,'node',1),('lopes',212,'node',26),('lourenço',175,'node',26),('lovisi',147,'node',26),('luana',88,'node',26),('luana',91,'node',26),('luana',125,'node',26),('luana',185,'node',26),('luanaarcuri',185,'node',1),('luanaedwiges',91,'node',1),('lucas',95,'node',26),('lucas',123,'node',26),('lucas',216,'node',26),('lucasbraga',95,'node',1),('lucaspavanelli',123,'node',1),('lucastaidson',216,'node',1),('luciano',71,'node',26),('luciano',131,'node',26),('lucianobaeta',71,'node',1),('lucianolcv',131,'node',1),('ludmila',66,'node',26),('luisa',77,'node',26),('luiz',118,'node',26),('luiz',133,'node',26),('luiz',162,'node',26),('luiz',178,'node',26),('luiza',100,'node',26),('luiza',113,'node',26),('luiza',140,'node',26),('luiza',145,'node',26),('luizancarvalho',100,'node',1),('luizfelipenunespacheco',133,'node',1),('luizhenriquedj',162,'node',1),('luizmotaimagens',178,'node',1),('lustosa',53,'node',26),('luz',168,'node',26),('macedo',77,'node',26),('macedo',212,'node',26),('machado',154,'node',26),('macieira',88,'node',26),('macieiraluana',88,'node',1),('magella',68,'node',26),('magro',168,'node',26),('maia',82,'node',26),('maiaeduardo84',82,'node',1),('mailcom',136,'node',1),('maiolini',198,'node',26),('maíra',138,'node',26),('mairasouto',138,'node',1),('maitê',148,'node',26),('maitegugel',148,'node',1),('malheiro',174,'node',26),('malugoncalvesm',140,'node',1),('mantini',121,'node',26),('maquiador',152,'node',26),('marcelo',53,'node',26),('marcelocedecom',53,'node',1),('march',53,'node',1),('march',112,'node',1),('march',122,'node',1),('march',123,'node',1),('march',149,'node',1),('march',180,'node',1),('march',204,'node',1),('márcia',169,'node',26),('marciamilagre',169,'node',1),('márcio',152,'node',26),('marciomekup',152,'node',1),('marcos',98,'node',26),('maria',43,'node',26),('maria',64,'node',26),('maria',140,'node',26),('mariana',83,'node',26),('mariana',205,'node',26),('marias',64,'node',1),('mário',168,'node',26),('marioliveiralm',83,'node',1),('marketing',29,'node',1),('marketing',54,'node',1),('marketing',55,'node',1),('marques',124,'node',26),('martins',87,'node',26),('matheus',67,'node',26),('matheus',89,'node',26),('matheus',173,'node',26),('matheusarvelos',173,'node',1),('matheusespindola',89,'node',1),('mattos',139,'node',26),('matufmgbr',195,'node',1),('may',62,'node',1),('may',65,'node',1),('may',68,'node',1),('may',72,'node',1),('may',86,'node',1),('may',92,'node',1),('may',95,'node',1),('may',97,'node',1),('may',101,'node',1),('may',102,'node',1),('may',113,'node',1),('may',116,'node',1),('may',127,'node',1),('may',130,'node',1),('may',143,'node',1),('may',151,'node',1),('may',160,'node',1),('may',165,'node',1),('may',181,'node',1),('may',193,'node',1),('may',194,'node',1),('may',211,'node',1),('meio',78,'node',1),('meireles',64,'node',26),('meireles',201,'node',26),('melano',190,'node',26),('melissa',55,'node',26),('melissa',184,'node',26),('melissagomes40',184,'node',1),('melo',98,'node',26),('melomarcosc',98,'node',1),('meynard',207,'node',26),('michel',157,'node',26),('mídias',6,'node',59),('mídias',96,'node',2.2),('mídias',97,'node',2.2),('mídias',98,'node',2.2),('miguel',134,'node',26),('milagre',169,'node',26),('miranda',58,'node',26),('miranda',128,'node',26),('monday',57,'node',1),('monday',63,'node',1),('monday',90,'node',1),('monday',95,'node',1),('monday',101,'node',1),('monday',140,'node',1),('monday',152,'node',1),('monday',155,'node',1),('monday',156,'node',1),('monday',161,'node',1),('monday',164,'node',1),('monday',198,'node',1),('monday',199,'node',1),('monday',204,'node',1),('monday',215,'node',1),('moraes',153,'node',26),('morais',70,'node',26),('mota',178,'node',26),('moura',188,'node',26),('mquinaud',168,'node',1),('muchon',205,'node',26),('muchonmari',205,'node',1),('multimídia',42,'node',2.2),('multimídia',209,'node',37),('musical',10,'node',37),('musical',141,'node',2.2),('não',78,'node',2),('nathália',100,'node',26),('ncacedecom',37,'node',1),('ndc',38,'node',1),('neiva',193,'node',26),('ngpena',142,'node',1),('nina',142,'node',26),('nogueira',69,'node',26),('nogueira',99,'node',26),('nogueirocombr',99,'node',1),('nos',25,'node',26),('notícias',32,'node',107),('notícias',49,'node',2.2),('notícias',50,'node',2.2),('notícias',85,'node',2.2),('notícias',86,'node',2.2),('notícias',87,'node',2.2),('notícias',88,'node',2.2),('notícias',89,'node',2.2),('notícias',90,'node',2.2),('notícias',91,'node',2.2),('notícias',92,'node',2.2),('notícias',93,'node',2.2),('november',64,'node',1),('november',93,'node',1),('november',98,'node',1),('november',107,'node',1),('november',114,'node',1),('november',115,'node',1),('november',131,'node',1),('núcleo',37,'node',89),('núcleo',38,'node',93),('núcleo',44,'node',2.2),('núcleo',47,'node',2.2),('núcleo',101,'node',2.2),('núcleo',102,'node',2.2),('núcleo',103,'node',2.2),('núcleo',104,'node',2.2),('núcleo',192,'node',2.2),('núcleo',193,'node',2.2),('núcleo',194,'node',2.2),('núcleo',195,'node',2.2),('núcleo',196,'node',2.2),('núcleo',197,'node',2.2),('núcleo',198,'node',2.2),('núcleo',199,'node',2.2),('núcleo',200,'node',2.2),('núcleo',201,'node',2.2),('núcleo',202,'node',2.2),('núcleo',203,'node',2.2),('núcleo',204,'node',2.2),('núcleo',205,'node',2.2),('núcleo',206,'node',2.2),('núcleo',207,'node',2.2),('núcleo',210,'node',2.2),('núcleo',211,'node',2.2),('núcleo',212,'node',2.2),('núcleo',213,'node',2.2),('núcleo',214,'node',2.2),('núcleo',215,'node',2.2),('núcleo',216,'node',2.2),('núcleo',217,'node',2.2),('nunes',133,'node',26),('observatório',7,'node',37),('observatório',99,'node',2.2),('october',88,'node',1),('october',94,'node',1),('october',105,'node',1),('october',111,'node',1),('october',135,'node',1),('october',173,'node',1),('october',199,'node',1),('october',215,'node',1),('olho',25,'node',26),('oliveira',83,'node',26),('oliveira',96,'node',26),('oliveira',124,'node',26),('oliveira',182,'node',26),('oliveira',203,'node',26),('olívia',149,'node',26),('onda',204,'node',26),('orientador',196,'node',26),('ortiz',180,'node',26),('osger',154,'node',27),('otte',60,'node',26),('outlookcom',163,'node',1),('ouvir',19,'node',26),('pacífico',106,'node',27),('palhares',80,'node',26),('pampulha',79,'node',1),('panabram',172,'node',1),('pansardi',90,'node',26),('para',19,'node',26),('para',78,'node',1),('passos',213,'node',26),('patrícia',56,'node',26),('patrícia',57,'node',26),('patriciadutra',56,'node',1),('paula',45,'node',26),('paula',112,'node',26),('paula',139,'node',26),('paulaalk',112,'node',1),('paulo',92,'node',26),('paulo',111,'node',26),('pavanelli',123,'node',26),('pcribas',111,'node',1),('pedro',99,'node',27),('pedro',103,'node',26),('pedro',206,'node',26),('peixoto',214,'node',26),('pereira',63,'node',26),('perigolo',144,'node',26),('perpétuo',68,'node',26),('perphetuo',68,'node',1),('peter',172,'node',26),('phsantos23',92,'node',1),('pílulas',18,'node',70),('pílulas',204,'node',2.2),('pílulas',205,'node',2.2),('pílulas',206,'node',2.2),('pílulas',207,'node',2.2),('pio',160,'node',26),('planejamento',29,'node',59),('planejamento',55,'node',2.2),('planejamento',75,'node',2.2),('planejamento',76,'node',2.2),('pode',78,'node',1),('ponto',23,'node',26),('portaria',79,'node',4),('porto',110,'node',26),('pricila',81,'node',26),('procópio',199,'node',26),('produção',9,'node',103),('produção',134,'node',2.2),('produção',135,'node',2.2),('produção',136,'node',2.2),('produção',137,'node',2.2),('produção',138,'node',2.2),('produção',139,'node',2.2),('produção',140,'node',2.2),('produção',153,'node',26),('produtor',194,'node',26),('produtora',192,'node',26),('professor',196,'node',26),('profª',204,'node',26),('programa',20,'node',26),('programa',22,'node',26),('programa',24,'node',26),('programação',10,'node',37),('programação',141,'node',2.2),('programas',25,'node',26),('projeto',15,'node',37),('projeto',16,'node',83),('projeto',17,'node',48),('projeto',18,'node',70),('projeto',19,'node',26),('projeto',21,'node',26),('projeto',23,'node',26),('projeto',26,'node',26),('projeto',100,'node',2.2),('projeto',195,'node',2.2),('projeto',196,'node',2.2),('projeto',197,'node',2.2),('projeto',198,'node',2.2),('projeto',199,'node',2.2),('projeto',200,'node',2.2),('projeto',201,'node',2.2),('projeto',202,'node',2.2),('projeto',203,'node',2.2),('projeto',204,'node',2.2),('projeto',205,'node',2.2),('projeto',206,'node',2.2),('projeto',207,'node',2.2),('propaganda',11,'node',37),('propaganda',142,'node',2.2),('publicidade',11,'node',37),('publicidade',142,'node',2.2),('pzampier',103,'node',1),('quinaud',168,'node',26),('rádio',22,'node',26),('rádio',24,'node',26),('rádio',34,'node',117),('rádio',48,'node',2.2),('rádio',105,'node',2.2),('rádio',106,'node',2.2),('rádio',107,'node',2.2),('rádio',108,'node',2.2),('rádio',109,'node',2.2),('rádio',110,'node',2.2),('rádio',111,'node',2.2),('rádio',112,'node',2.2),('rádio',113,'node',2.2),('rádio',114,'node',2.2),('rádio',115,'node',2.2),('rádio',116,'node',2.2),('rádio',117,'node',2.2),('rádio',118,'node',2.2),('rádio',119,'node',2.2),('rádio',120,'node',2.2),('rádio',121,'node',2.2),('rádio',122,'node',2.2),('rádio',123,'node',2.2),('rádio',124,'node',2.2),('rádio',125,'node',2.2),('rádio',126,'node',2.2),('rádio',127,'node',2.2),('rádio',128,'node',2.2),('rádio',129,'node',2.2),('rádio',130,'node',2.2),('rádio',131,'node',2.2),('rádio',132,'node',2.2),('rádio',133,'node',2.2),('rádio',134,'node',2.2),('rádio',135,'node',2.2),('rádio',136,'node',2.2),('rádio',137,'node',2.2),('rádio',138,'node',2.2),('rádio',139,'node',2.2),('rádio',140,'node',2.2),('rádio',141,'node',2.2),('rádio',142,'node',2.2),('rádio',143,'node',2.2),('rádio',144,'node',2.2),('rafael',134,'node',26),('rafael',137,'node',26),('rafaelmigguel',134,'node',1),('raimundo',39,'node',26),('ramos',67,'node',26),('raquel',128,'node',26),('raquelmirandadocarmo',128,'node',1),('ravik',170,'node',26),('ravikgomes',170,'node',1),('redessociaisufmg',43,'node',1),('renata',155,'node',26),('renatavalentim82',155,'node',1),('repositório',17,'node',48),('repositório',202,'node',2.2),('repositório',203,'node',2.2),('república',24,'node',26),('resende',149,'node',26),('responsável',154,'node',26),('ribas',111,'node',26),('ribeiro',87,'node',26),('rigueira',86,'node',26),('rita',85,'node',26),('ritmos',20,'node',26),('rmorais',70,'node',1),('rodrigo',121,'node',26),('rodrigomantini',121,'node',1),('romero',70,'node',26),('romeromorais',70,'node',1),('rosa',62,'node',26),('rosa',115,'node',26),('rosaly',114,'node',26),('rsenra',114,'node',1),('ruas',72,'node',26),('rugel',148,'node',26),('ruleandson',156,'node',27),('sadm',28,'node',1),('saliba',181,'node',26),('samuel',115,'node',26),('samuel',171,'node',26),('samvale',171,'node',1),('sanches',81,'node',26),('sandra',57,'node',26),('sandra',141,'node',26),('sandrapat',57,'node',1),('sandrinhaauharek',141,'node',1),('santana',143,'node',26),('santos',48,'node',26),('santos',91,'node',26),('santos',92,'node',26),('santos',94,'node',26),('sara',207,'node',26),('sarah',93,'node',26),('sarahdutracs',93,'node',1),('sarameynard',207,'node',1),('sartoreto',109,'node',27),('saturday',53,'node',1),('saturday',58,'node',1),('saturday',60,'node',1),('saturday',66,'node',1),('saturday',75,'node',1),('saturday',80,'node',1),('saturday',81,'node',1),('saturday',89,'node',1),('saturday',91,'node',1),('saturday',100,'node',1),('saturday',110,'node',1),('saturday',115,'node',1),('saturday',118,'node',1),('saturday',120,'node',1),('saturday',144,'node',1),('saturday',166,'node',1),('saturday',169,'node',1),('saturday',170,'node',1),('saturday',192,'node',1),('saturday',194,'node',1),('saulo',129,'node',26),('saulogargiulo',129,'node',1),('secretaria',28,'node',136),('secretaria',57,'node',2.2),('secretaria',58,'node',2.2),('secretaria',60,'node',2.2),('secretaria',61,'node',2.2),('secretaria',62,'node',2.2),('secretaria',63,'node',2.2),('secretaria',64,'node',2.2),('secretaria',65,'node',2.2),('secretaria',66,'node',2.2),('secretaria',67,'node',2.2),('seja',78,'node',1),('senra',114,'node',26),('september',57,'node',1),('september',91,'node',1),('september',103,'node',1),('september',124,'node',1),('september',137,'node',1),('september',140,'node',1),('september',152,'node',1),('september',176,'node',1),('september',179,'node',1),('september',192,'node',1),('september',216,'node',1),('serra',66,'node',26),('serraludmila',66,'node',1),('severino',216,'node',26),('silva',85,'node',26),('silva',97,'node',26),('silva',134,'node',26),('silva',211,'node',26),('soares',55,'node',26),('soares',165,'node',26),('sociais',6,'node',59),('sociais',96,'node',2.2),('sociais',97,'node',2.2),('sociais',98,'node',2.2),('sônia',195,'node',27),('soraya',116,'node',26),('sorayarfideles',116,'node',1),('sousa',210,'node',26),('souto',138,'node',26),('souza',69,'node',26),('souza',80,'node',26),('souza',189,'node',26),('spcruz',57,'node',1),('srtou',115,'node',2),('starling',46,'node',26),('stephanie',217,'node',26),('stephaniej2c',217,'node',1),('suely',64,'node',26),('sumpcao',107,'node',1),('sunday',68,'node',1),('sunday',70,'node',1),('sunday',92,'node',1),('sunday',93,'node',1),('sunday',96,'node',1),('sunday',103,'node',1),('sunday',104,'node',1),('sunday',124,'node',1),('sunday',154,'node',1),('sunday',159,'node',1),('sunday',173,'node',1),('sunday',182,'node',1),('sunday',193,'node',1),('sunday',202,'node',1),('sunday',205,'node',1),('tacyana',41,'node',26),('tacyarce',41,'node',1),('tadeu',159,'node',26),('taidson',216,'node',26),('tatiana',80,'node',26),('tatianapalharesbh',80,'node',1),('tatiane',167,'node',26),('técnico',154,'node',26),('terenzi',126,'node',26),('terenzicom',126,'node',1),('teresa',81,'node',26),('teresapricila',81,'node',1),('terracom',115,'node',1),('terracombr',42,'node',1),('terracombr',209,'node',1),('texto',155,'node',26),('thaiane',130,'node',26),('thekkos',117,'node',1),('thiago',104,'node',26),('thiago',203,'node',26),('thiagozacheu2013',104,'node',1),('thursday',72,'node',1),('thursday',76,'node',1),('thursday',86,'node',1),('thursday',99,'node',1),('thursday',102,'node',1),('thursday',105,'node',1),('thursday',106,'node',1),('thursday',116,'node',1),('thursday',122,'node',1),('thursday',123,'node',1),('thursday',126,'node',1),('thursday',130,'node',1),('thursday',131,'node',1),('thursday',133,'node',1),('thursday',134,'node',1),('thursday',138,'node',1),('thursday',139,'node',1),('thursday',149,'node',1),('thursday',153,'node',1),('thursday',176,'node',1),('thursday',178,'node',1),('thursday',180,'node',1),('thursday',211,'node',1),('tiago',117,'node',26),('tosouza',203,'node',1),('tou',115,'node',26),('trainee',4,'node',48),('trainee',75,'node',2.2),('trainee',76,'node',2.2),('transmídia',15,'node',37),('transmídia',100,'node',2.2),('tuesday',62,'node',1),('tuesday',65,'node',1),('tuesday',109,'node',1),('tuesday',111,'node',1),('tuesday',112,'node',1),('tuesday',114,'node',1),('tuesday',125,'node',1),('tuesday',127,'node',1),('tuesday',128,'node',1),('tuesday',142,'node',1),('tuesday',145,'node',1),('tuesday',151,'node',1),('tuesday',168,'node',1),('tuesday',171,'node',1),('tuesday',177,'node',1),('tuesday',200,'node',1),('tuesday',212,'node',1),('tvufmg',35,'node',1),('ufmg',34,'node',117),('ufmg',35,'node',214),('ufmg',46,'node',2.2),('ufmg',48,'node',2.2),('ufmg',105,'node',2.2),('ufmg',106,'node',2.2),('ufmg',107,'node',2.2),('ufmg',108,'node',2.2),('ufmg',109,'node',2.2),('ufmg',110,'node',2.2),('ufmg',111,'node',2.2),('ufmg',112,'node',2.2),('ufmg',113,'node',2.2),('ufmg',114,'node',2.2),('ufmg',115,'node',2.2),('ufmg',116,'node',2.2),('ufmg',117,'node',2.2),('ufmg',118,'node',2.2),('ufmg',119,'node',2.2),('ufmg',120,'node',2.2),('ufmg',121,'node',2.2),('ufmg',122,'node',2.2),('ufmg',123,'node',2.2),('ufmg',124,'node',2.2),('ufmg',125,'node',2.2),('ufmg',126,'node',2.2),('ufmg',127,'node',2.2),('ufmg',128,'node',2.2),('ufmg',129,'node',2.2),('ufmg',130,'node',2.2),('ufmg',131,'node',2.2),('ufmg',132,'node',2.2),('ufmg',133,'node',2.2),('ufmg',134,'node',2.2),('ufmg',135,'node',2.2),('ufmg',136,'node',2.2),('ufmg',137,'node',2.2),('ufmg',138,'node',2.2),('ufmg',139,'node',2.2),('ufmg',140,'node',2.2),('ufmg',141,'node',2.2),('ufmg',142,'node',2.2),('ufmg',143,'node',2.2),('ufmg',144,'node',2.2),('ufmg',145,'node',2.2),('ufmg',146,'node',2.2),('ufmg',147,'node',2.2),('ufmg',148,'node',2.2),('ufmg',149,'node',2.2),('ufmg',150,'node',2.2),('ufmg',151,'node',2.2),('ufmg',152,'node',2.2),('ufmg',153,'node',2.2),('ufmg',154,'node',2.2),('ufmg',155,'node',2.2),('ufmg',156,'node',2.2),('ufmg',157,'node',2.2),('ufmg',158,'node',2.2),('ufmg',159,'node',2.2),('ufmg',160,'node',2.2),('ufmg',161,'node',2.2),('ufmg',162,'node',2.2),('ufmg',163,'node',2.2),('ufmg',164,'node',2.2),('ufmg',165,'node',2.2),('ufmg',166,'node',2.2),('ufmg',167,'node',2.2),('ufmg',168,'node',2.2),('ufmg',169,'node',2.2),('ufmg',170,'node',2.2),('ufmg',171,'node',2.2),('ufmg',172,'node',2.2),('ufmg',173,'node',2.2),('ufmg',174,'node',2.2),('ufmg',175,'node',2.2),('ufmg',176,'node',2.2),('ufmg',177,'node',2.2),('ufmg',178,'node',2.2),('ufmg',179,'node',2.2),('ufmg',180,'node',2.2),('ufmg',181,'node',2.2),('ufmg',182,'node',2.2),('ufmg',183,'node',2.2),('ufmg',184,'node',2.2),('ufmg',185,'node',2.2),('ufmg',186,'node',2.2),('ufmg',187,'node',2.2),('ufmg',188,'node',2.2),('ufmg',189,'node',2.2),('ufmg',190,'node',2.2),('ufmg',191,'node',2.2),('ufmgbr',31,'node',1),('ufmgbr',34,'node',1),('ufmgbr',35,'node',1),('ufmgbr',36,'node',1),('ufmgbr',45,'node',1),('ufmgbr',50,'node',1),('ufmgbr',52,'node',1),('ufmgbr',56,'node',1),('ufmgbr',57,'node',1),('ufmgbr',60,'node',1),('ufmgbr',61,'node',1),('ufmgbr',62,'node',1),('ufmgbr',64,'node',1),('ufmgbr',69,'node',1),('ufmgbr',70,'node',1),('ufmgbr',85,'node',1),('ufmgbr',94,'node',1),('ufmgbr',96,'node',1),('ufmgbr',106,'node',1),('ufmgbr',114,'node',1),('ufmgbr',115,'node',1),('ufmgbr',154,'node',1),('ufmgbr',168,'node',1),('ufmgbr',196,'node',1),('ufmgbr',202,'node',1),('ufmgbr',204,'node',1),('ufmgbr',208,'node',1),('ufmgeducativa',34,'node',1),('universidade',26,'node',26),('utilizar',78,'node',1),('vale',171,'node',26),('valentim',155,'node',26),('valéria',39,'node',26),('vanessa',120,'node',26),('vanessabugre',120,'node',1),('vasconcellos',197,'node',26),('victor',177,'node',26),('victória',75,'node',26),('victoriacheberle',75,'node',1),('vida',204,'node',26),('vieira',43,'node',26),('vieira',45,'node',26),('vieira',131,'node',26),('vieira',162,'node',26),('vieira',183,'node',26),('vilas',204,'node',26),('vinicius',118,'node',26),('viniscopio',118,'node',1),('virtuais',15,'node',37),('virtuais',100,'node',2.2),('viveiros',122,'node',26),('vlambertuccijornalismo',177,'node',1),('você',78,'node',1),('vraymundo',39,'node',1),('wagner',163,'node',26),('wagnerprodmidia',163,'node',1),('web',7,'node',37),('web',33,'node',103),('web',43,'node',2.2),('web',94,'node',2.2),('web',95,'node',2.2),('web',96,'node',2.2),('web',97,'node',2.2),('web',98,'node',2.2),('web',99,'node',4.4),('wednesday',55,'node',1),('wednesday',69,'node',1),('wednesday',77,'node',1),('wednesday',88,'node',1),('wednesday',97,'node',1),('wednesday',98,'node',1),('wednesday',113,'node',1),('wednesday',132,'node',1),('wednesday',141,'node',1),('wednesday',146,'node',1),('wednesday',147,'node',1),('wednesday',174,'node',1),('yahoocombr',62,'node',1),('yahoocombr',68,'node',1),('yahoocombr',69,'node',1),('yahoocombr',70,'node',1),('yahoocombr',81,'node',1),('yahoocombr',89,'node',1),('yahoocombr',116,'node',1),('yahoocombr',120,'node',1),('yahoocombr',128,'node',1),('yahoocombr',131,'node',1),('yahoocombr',146,'node',1),('yahoocombr',152,'node',1),('yahoocombr',158,'node',1),('yahoocombr',160,'node',1),('yahoocombr',172,'node',1),('yahoocombr',182,'node',1),('yahoocombr',186,'node',1),('yolanda',135,'node',26),('yolandaassuncao',135,'node',1),('zacheu',104,'node',26),('zampier',103,'node',26),('zazá',105,'node',26);

--
